{"id":92878,"date":"2017-07-02T03:02:11","date_gmt":"2017-07-02T03:02:11","guid":{"rendered":"http:\/\/www.ceramictiles.com\/srbija\/product\/podne-porcelanske-plocice-pavigres-shamrock-preto\/"},"modified":"2026-01-03T00:00:35","modified_gmt":"2026-01-03T00:00:35","slug":"podne-porcelanske-plocice-pavigres-shamrock-preto","status":"publish","type":"product","link":"https:\/\/www.keramika.com\/srbija\/podne-porcelanske-plocice-pavigres-shamrock-preto\/","title":{"rendered":"Podne porcelanske plo\u010dice Pavigres Shamrock Preto"},"content":{"rendered":"<p>Plo\u010dica je debela 9 mm, \u0161to je ubraja u tvrde plo\u010dice. Pavigres Shamrock Preto je proizvod iz Portugala te je izuzetno kvalitetna. U maloprodaji bi morali za tu plo\u010dicu platiti 3225,75 RSD, online cena je samo 2580,6 RSD. Ove crne kerami\u010dke plo\u010dice, obogatit \u0107e svaki prostor. Veli\u010dina plo\u010dice je 30&#215;60 cm i odli\u010dna je za razli\u010dite povr\u0161ine.<\/p>\n<p>Kliknite na ime serije za sve plo\u010dice u toj seriji: <a class=\"pdfcatal\" href=\"\/\/www.ceramictiles.com\/pdf\/pavigres\/catalogue_pavigres_shamrock.pdf\" onclick=\"recordOutboundLink(this, 'E-mail', 'Description PDF');return false;\">Pavigres Shamrock<\/a><\/p>\n<p>Da bi naru\u010dili model iz PDF kataloga ove serije, molimo vas, da nas kontaktirate na: <a href=\"mailto:zo_mi@ceramictiles.com\" onclick=\"recordOutboundLink(this, 'E-mail', 'Description mail');return false;\">zo_mi@ceramictiles.com<\/a> ili nas pozovite na: For exact offer, PLS send us quantity and product you need with delivery address..<\/p>\n<p>Technical description: <br \/>Shamrock Bege Dr7900 1A Cortado &#8211; Un &#8211; 30x60x9.2 mm ; Shamrock Bege Ext. Dr7910 1A Cort. C\/ Corindon &#8211; Un &#8211; 30x60x9.2 mm ; Shamrock Bege Ext. Gr7210 1A C\/ Corindon &#8211; 30x60x9.2 mm ; Shamrock Bege Ext. P30310 1A &#8211; C\/ Corindon (Past. 2.3x30x9.2 mm) ; Shamrock Bege Fgl5900 1A &#8211; 29.7&#215;48.2&#215;9.2 mm ; Shamrock Bege Gr16700 1A &#8211; 60x60x10.5 mm ; Shamrock Bege Gr7200 1A &#8211; 30x60x9.2 mm ; Shamrock Bege Grl16700 1A &#8211; 60x60x10.5 mm ; Shamrock Bege Grl7200 1A &#8211; 30x60x9.2 mm ; Shamrock Bege P50300 (3D) 1A (Pastilha 5&#215;5)x9.2 mm ; Shamrock Castanho Dr7902 1A Cortado &#8211; Un &#8211; 30x60x9.2 mm ; Shamrock Castanho Ext. Dr7912 1A C\/ Corindon &#8211; Un &#8211; 30x60x9.2 mm ; Shamrock Castanho Ext. Gr7212 1A C\/ Corindon &#8211; 30x60x9.2 mm ; Shamrock Castanho Ext. P30312 1A &#8211; C\/ Corindon (Past. 2.3x30x9.2 mm) ; Shamrock Castanho Gr16702 1A &#8211; 60x60x10.5 mm ; Shamrock Castanho Gr7202 1A &#8211; 30x60x9.2 mm ; Shamrock Castanho Grl16702 1A &#8211; 60x60x10.5 mm ; Shamrock Castanho Grl7202 1A &#8211; 30x60x9.2 mm ; Shamrock Castanho P50302 (3D) 1A (Pastilha 5&#215;5)x9.2 mm ; Shamrock Cinza Dr7901 1A Cortado &#8211; Un &#8211; 30x60x9.2 mm ; Shamrock Cinza Ext. Dr7911 1A Cort. C\/ Corindon &#8211; Un &#8211; 30x60x9.2 mm ; Shamrock Cinza Ext. Gr7211 1A C\/ Corindon &#8211; 30x60x9.2 mm ; Shamrock Cinza Ext. P30311 1A &#8211; C\/ Corindon (Past. 2.3x30x9.2 mm) ; Shamrock Cinza Fgl5901 1A &#8211; 29.7&#215;48.2&#215;9.2 mm ; Shamrock Cinza Gr16701 1A &#8211; 60x60x10.5 mm ; Shamrock Cinza Gr7201 1A &#8211; 30x60x9.2 mm ; Shamrock Cinza Grl16701 1A &#8211; 60x60x10.5 mm ; Shamrock Cinza Grl7201 1A &#8211; 30x60x9.2 mm ; Shamrock Cinza P50301 (3D) 1A (Pastilha 5&#215;5)x9.2 mm ; Shamrock Preto Dr7903 1A Cortado &#8211; Un &#8211; 30x60x9.2 mm ; Shamrock Preto Ext. Dr7913 1A Cort. C\/ Corindon &#8211; Un &#8211; 30x60x9.2 mm ; Shamrock Preto Ext. Gr7213 1A C\/ Corindon &#8211; 30x60x9.2 mm ; Shamrock Preto Ext. P30313 1A &#8211; C\/ Corindon (Past. 2.3x30x9.2 mm) ; Shamrock Preto Fgl5903 1A &#8211; 29.7&#215;48.2&#215;9.2 mm ; Shamrock Preto Gr16703 1A &#8211; 60x60x10.5 mm ; Shamrock Preto Gr7203 1A &#8211; 30x60x9.2 mm ; Shamrock Preto Grl16703 1A &#8211; 60x60x10.5 mm ; Shamrock Preto Grl7203 1A &#8211; 30x60x9.2 mm ; Shamrock Preto P50303 (3D) 1A (Pastilha 5&#215;5)x9.2 mm ; Shamrock Set0001 &#8211; Conjunto 4 Pe\u00e7as &#8211; 57.2x58x9.2 mm ; Shamrock Set0002 &#8211; Conjunto 4 Pe\u00e7as &#8211; 57.2x58x9.2 mm ; Shamrock Set0003 &#8211; Conjunto 4 Pe\u00e7as &#8211; 57.2x58x9.2 mm ;<\/p>\n","protected":false},"excerpt":{"rendered":"<p>Plo\u010dica je debela 9 mm, \u0161to je ubraja u tvrde plo\u010dice. Pavigres Shamrock Preto je proizvod iz Portugala te je izuzetno kvalitetna. U maloprodaji bi morali za tu plo\u010dicu platiti 3225,75 RSD, online cena je samo 2580,6 RSD. Ove crne kerami\u010dke plo\u010dice, obogatit \u0107e svaki prostor. Veli\u010dina plo\u010dice je 30&#215;60 cm i odli\u010dna je za [&hellip;]<\/p>\n","protected":false},"featured_media":92879,"template":"","meta":[],"product_cat":[200,9991483,240,260,999,270],"product_tag":[99950088],"_links":{"self":[{"href":"https:\/\/www.keramika.com\/srbija\/wp-json\/wp\/v2\/product\/92878"}],"collection":[{"href":"https:\/\/www.keramika.com\/srbija\/wp-json\/wp\/v2\/product"}],"about":[{"href":"https:\/\/www.keramika.com\/srbija\/wp-json\/wp\/v2\/types\/product"}],"wp:featuredmedia":[{"embeddable":true,"href":"https:\/\/www.keramika.com\/srbija\/wp-json\/wp\/v2\/media\/92879"}],"wp:attachment":[{"href":"https:\/\/www.keramika.com\/srbija\/wp-json\/wp\/v2\/media?parent=92878"}],"wp:term":[{"taxonomy":"product_cat","embeddable":true,"href":"https:\/\/www.keramika.com\/srbija\/wp-json\/wp\/v2\/product_cat?post=92878"},{"taxonomy":"product_tag","embeddable":true,"href":"https:\/\/www.keramika.com\/srbija\/wp-json\/wp\/v2\/product_tag?post=92878"}],"curies":[{"name":"wp","href":"https:\/\/api.w.org\/{rel}","templated":true}]}}