{"id":92866,"date":"2017-07-02T03:00:18","date_gmt":"2017-07-02T03:00:18","guid":{"rendered":"http:\/\/www.ceramictiles.com\/srbija\/product\/plocice-pavigres-20x25-erica-azul\/"},"modified":"2026-01-03T00:00:33","modified_gmt":"2026-01-03T00:00:33","slug":"plocice-pavigres-20x25-erica-azul","status":"publish","type":"product","link":"https:\/\/www.keramika.com\/srbija\/plocice-pavigres-20x25-erica-azul\/","title":{"rendered":"Plo\u010dice Pavigres 20&#215;25 Erica Azul"},"content":{"rendered":"<p>Ove plave kerami\u010dke plo\u010dice, obogatit \u0107e svaki prostor. Veli\u010dina ove plo\u010dice je 20&#215;25 cm. Debljina plo\u010dice, je vrlo va\u017ena 7 mm i ubraja tu plo\u010dicu me\u0111u najkvalitetnije. plo\u010dica proizvo\u0111a\u010da Pavigres iz Portugala. Pavigres 20&#215;25 Erica Azul je dostupna po vrlo povoljnim cenama 1427,15 RSD.<\/p>\n<p>Kliknite na ime serije za sve plo\u010dice u toj seriji: <a class=\"pdfcatal\" href=\"\/\/www.ceramictiles.com\/pdf\/pavigres\/catalogue_pavigres_erica.pdf\" onclick=\"recordOutboundLink(this, 'E-mail', 'Description PDF');return false;\">Pavigres Erica<\/a><\/p>\n<p>Da bi naru\u010dili model iz PDF kataloga ove serije, molimo vas, da nas kontaktirate na: <a href=\"mailto:zo_mi@ceramictiles.com\" onclick=\"recordOutboundLink(this, 'E-mail', 'Description mail');return false;\">zo_mi@ceramictiles.com<\/a> ili nas pozovite na: For exact offer, PLS send us quantity and product you need with delivery address..<\/p>\n<p>Technical description: <br \/>Erica Amarelo 2453 1A &#8211; 31.7&#215;31.7&#215;7.2 mm ; Erica Amarelo 25\/366 1A &#8211; 20x25x7.3 mm ; Erica Amarelo Cl. 25\/366 1A &#8211; 20x25x7.3 mm ; Erica Azul 2450 1A &#8211; 31.7&#215;31.7&#215;7.2 mm ; Erica Azul 25\/366 1A &#8211; 20x25x7.3 mm ; Erica Azul Cl. 25\/366 1A &#8211; 20x25x7.3 mm ; Erica Bege 2451 1A &#8211; 31.7&#215;31.7&#215;7.2 mm ; Erica Bege 25\/366 1A &#8211; 20x25x7.3 mm ; Erica Bege Cl. 25\/366 1A &#8211; 20x25x7.3 mm ; Erica Cinza 2454 1A &#8211; 31.7&#215;31.7&#215;7.2 mm ; Erica Cinza 25\/366 1A &#8211; 20x25x7.3 mm ; Erica Cinza Cl. 25\/366 1A &#8211; 20x25x7.3 mm ; Erica Verde 2452 1A &#8211; 31.7&#215;31.7&#215;7.2 mm ; Erica Verde 25\/366 1A &#8211; 20x25x7.3 mm ; Erica Verde Cl. 25\/366 1A &#8211; 20x25x7.3 mm ; Faixa Inox S605 4.7&#215;29.5&#215;9 mm ;<\/p>\n","protected":false},"excerpt":{"rendered":"<p>Ove plave kerami\u010dke plo\u010dice, obogatit \u0107e svaki prostor. Veli\u010dina ove plo\u010dice je 20&#215;25 cm. Debljina plo\u010dice, je vrlo va\u017ena 7 mm i ubraja tu plo\u010dicu me\u0111u najkvalitetnije. plo\u010dica proizvo\u0111a\u010da Pavigres iz Portugala. Pavigres 20&#215;25 Erica Azul je dostupna po vrlo povoljnim cenama 1427,15 RSD. Kliknite na ime serije za sve plo\u010dice u toj seriji: Pavigres [&hellip;]<\/p>\n","protected":false},"featured_media":92867,"template":"","meta":[],"product_cat":[200,220,9991483,999,250],"product_tag":[],"_links":{"self":[{"href":"https:\/\/www.keramika.com\/srbija\/wp-json\/wp\/v2\/product\/92866"}],"collection":[{"href":"https:\/\/www.keramika.com\/srbija\/wp-json\/wp\/v2\/product"}],"about":[{"href":"https:\/\/www.keramika.com\/srbija\/wp-json\/wp\/v2\/types\/product"}],"wp:featuredmedia":[{"embeddable":true,"href":"https:\/\/www.keramika.com\/srbija\/wp-json\/wp\/v2\/media\/92867"}],"wp:attachment":[{"href":"https:\/\/www.keramika.com\/srbija\/wp-json\/wp\/v2\/media?parent=92866"}],"wp:term":[{"taxonomy":"product_cat","embeddable":true,"href":"https:\/\/www.keramika.com\/srbija\/wp-json\/wp\/v2\/product_cat?post=92866"},{"taxonomy":"product_tag","embeddable":true,"href":"https:\/\/www.keramika.com\/srbija\/wp-json\/wp\/v2\/product_tag?post=92866"}],"curies":[{"name":"wp","href":"https:\/\/api.w.org\/{rel}","templated":true}]}}