{"id":92864,"date":"2017-07-02T02:59:55","date_gmt":"2017-07-02T02:59:55","guid":{"rendered":"http:\/\/www.ceramictiles.com\/srbija\/product\/plocice-za-kupatilo-pavigres-hicsos-laranja\/"},"modified":"2026-01-03T00:00:33","modified_gmt":"2026-01-03T00:00:33","slug":"plocice-za-kupatilo-pavigres-hicsos-laranja","status":"publish","type":"product","link":"https:\/\/www.keramika.com\/srbija\/plocice-za-kupatilo-pavigres-hicsos-laranja\/","title":{"rendered":"Plo\u010dice za kupatilo Pavigres Hicsos Laranja"},"content":{"rendered":"<p>Ova plo\u010dica je debela 9 mm i zato je izuzetno izdr\u017eljiva. Plo\u010dica 25&#215;43 cm je dobra za ve\u0107 razli\u010ditih namena. Proizvodnja Portugala ,koja je poznata u svetu, kao jedana od najboljih proizvo\u0111a\u010da kerami\u010dkih plo\u010dica. Redovna cena, ovih plo\u010dica u maloprodaji je 2922,15 RSD. U na\u0161oj online trgovini, je mo\u017eete kupiti za 2337,95 RSD. U izboru plo\u010dica narand\u017easte boje, ne mo\u017eete pogre\u0161iti.<\/p>\n<p>Kliknite na ime serije za sve plo\u010dice u toj seriji: <a class=\"pdfcatal\" href=\"\/\/www.ceramictiles.com\/pdf\/pavigres\/catalogue_pavigres_hicsos.pdf\" onclick=\"recordOutboundLink(this, 'E-mail', 'Description PDF');return false;\">Pavigres Hicsos<\/a><\/p>\n<p>Da bi naru\u010dili model iz PDF kataloga ove serije, molimo vas, da nas kontaktirate na: <a href=\"mailto:zo_mi@ceramictiles.com\" onclick=\"recordOutboundLink(this, 'E-mail', 'Description mail');return false;\">zo_mi@ceramictiles.com<\/a> ili nas pozovite na: For exact offer, PLS send us quantity and product you need with delivery address..<\/p>\n<p>Technical description: <br \/>Hicsos Azul 1326 1A &#8211; 25x25x7.2 mm ; Hicsos Azul 43\/432 1A &#8211; 25x43x8.9 mm ; Hicsos Bege 1321 1A &#8211; 25x25x7.2 mm ; Hicsos Bege 43\/432 1A &#8211; 25x43x8.9 mm ; Hicsos Branco 1328 1A &#8211; 25x25x7.2 mm ; Hicsos Branco 43\/432 1A &#8211; 25x43x8.9 mm ; Hicsos Cinza 1325 1A &#8211; 25x25x7.2 mm ; Hicsos Cinza 43\/432 1A &#8211; 25x43x8.9 mm ; Hicsos Laranja 1324 1A &#8211; 25x25x7.2 mm ; Hicsos Laranja 43\/432 1A &#8211; 25x43x8.9 mm ; Hicsos Preto 1342 1A &#8211; 25x25x7.2 mm ; Hicsos Preto 43\/432 1A &#8211; 25x43x8.9 mm ; Hicsos S\u00e9pia 1323 1A &#8211; 25x25x7.2 mm ; Hicsos S\u00e9pia 43\/432 1A &#8211; 25x43x8.9 mm ; Hicsos Verde 1327 1A &#8211; 25x25x7.2 mm ; Hicsos Verde 43\/432 1A &#8211; 25x43x8.9 mm ;<\/p>\n","protected":false},"excerpt":{"rendered":"<p>Ova plo\u010dica je debela 9 mm i zato je izuzetno izdr\u017eljiva. Plo\u010dica 25&#215;43 cm je dobra za ve\u0107 razli\u010ditih namena. Proizvodnja Portugala ,koja je poznata u svetu, kao jedana od najboljih proizvo\u0111a\u010da kerami\u010dkih plo\u010dica. Redovna cena, ovih plo\u010dica u maloprodaji je 2922,15 RSD. U na\u0161oj online trgovini, je mo\u017eete kupiti za 2337,95 RSD. U izboru [&hellip;]<\/p>\n","protected":false},"featured_media":92865,"template":"","meta":[],"product_cat":[200,220,9991483,999,250],"product_tag":[],"_links":{"self":[{"href":"https:\/\/www.keramika.com\/srbija\/wp-json\/wp\/v2\/product\/92864"}],"collection":[{"href":"https:\/\/www.keramika.com\/srbija\/wp-json\/wp\/v2\/product"}],"about":[{"href":"https:\/\/www.keramika.com\/srbija\/wp-json\/wp\/v2\/types\/product"}],"wp:featuredmedia":[{"embeddable":true,"href":"https:\/\/www.keramika.com\/srbija\/wp-json\/wp\/v2\/media\/92865"}],"wp:attachment":[{"href":"https:\/\/www.keramika.com\/srbija\/wp-json\/wp\/v2\/media?parent=92864"}],"wp:term":[{"taxonomy":"product_cat","embeddable":true,"href":"https:\/\/www.keramika.com\/srbija\/wp-json\/wp\/v2\/product_cat?post=92864"},{"taxonomy":"product_tag","embeddable":true,"href":"https:\/\/www.keramika.com\/srbija\/wp-json\/wp\/v2\/product_tag?post=92864"}],"curies":[{"name":"wp","href":"https:\/\/api.w.org\/{rel}","templated":true}]}}