{"id":92862,"date":"2017-07-02T02:59:37","date_gmt":"2017-07-02T02:59:37","guid":{"rendered":"http:\/\/www.ceramictiles.com\/srbija\/product\/plocice-za-kupatilo-pavigres-cipreste-preto\/"},"modified":"2026-01-03T00:00:33","modified_gmt":"2026-01-03T00:00:33","slug":"plocice-za-kupatilo-pavigres-cipreste-preto","status":"publish","type":"product","link":"https:\/\/www.keramika.com\/srbija\/plocice-za-kupatilo-pavigres-cipreste-preto\/","title":{"rendered":"Plo\u010dice za kupatilo Pavigres Cipreste Preto"},"content":{"rendered":"<p>Pavigres Cipreste Preto je dostupna po vrlo povoljnim cenama 3187,8 RSD. Plo\u010dica je debela 9 mm, \u0161to je ubraja u tvrde plo\u010dice. Pavigres Cipreste Preto je proizvod iz Portugala te je izuzetno kvalitetna. Veli\u010dina ove plo\u010dice je 25&#215;43 cm. Ove crne kerami\u010dke plo\u010dice, obogatit \u0107e svaki prostor.<\/p>\n<p>Kliknite na ime serije za sve plo\u010dice u toj seriji: <a class=\"pdfcatal\" href=\"\/\/www.ceramictiles.com\/pdf\/pavigres\/catalogue_pavigres_cipreste.pdf\" onclick=\"recordOutboundLink(this, 'E-mail', 'Description PDF');return false;\">Pavigres Cipreste<\/a><\/p>\n<p>Da bi naru\u010dili model iz PDF kataloga ove serije, molimo vas, da nas kontaktirate na: <a href=\"mailto:zo_mi@ceramictiles.com\" onclick=\"recordOutboundLink(this, 'E-mail', 'Description mail');return false;\">zo_mi@ceramictiles.com<\/a> ili nas pozovite na: For exact offer, PLS send us quantity and product you need with delivery address..<\/p>\n<p>Technical description: <br \/>Cipreste B.Opaco 43\/600 1A &#8211; 25x43x8.9 mm ; Cipreste Baviera Opaco 39\/614 1A &#8211; 19.7&#215;39.7&#215;8.9 mm ; Cipreste Br. Mate 39\/601 1A &#8211; 19.7&#215;39.7&#215;8.9 mm ; Cipreste Br. Opaco 39\/600 1A &#8211; 19.7&#215;39.7&#215;8.9 mm ; Cipreste Br.Mate 43\/601 1A &#8211; 25x43x8.9 mm ; Cipreste Br.Mate 57\/601 1A &#8211; 19.7&#215;59.7&#215;11.6 mm ; Cipreste Br.Mate 58\/601 1A &#8211; 28.7&#215;58.7&#215;11.9 mm ; Cipreste Br.Mate 59\/601 1A &#8211; 29.7&#215;59.7&#215;11.9 mm ; Cipreste Br.Opaco 57\/600 1A &#8211; 19.7&#215;59.7&#215;11.6 mm ; Cipreste Br.Opaco 58\/600 1A &#8211; 28.7&#215;58.7&#215;11.9 mm ; Cipreste Br.Opaco 59\/600 1A &#8211; 29.7&#215;59.7&#215;11.9 mm ; Cipreste Marfim Opaco 39\/616 1A &#8211; 19.7&#215;39.7&#215;8.9 mm ; Cipreste Preto Mate 43\/606 1A &#8211; 25x43x8.9 mm ; Cipreste Preto Mate 58\/606 1A &#8211; 28.7&#215;58.7&#215;11.9 mm ; Cipreste Preto Mate 59\/606 1A &#8211; 29.7&#215;59.7&#215;11.9 mm ; Cipreste Preto Opaco 43\/605 1A &#8211; 25x43x8.9 mm ; Cipreste Preto Opaco 58\/605 1A &#8211; 28.7&#215;58.7&#215;11.9 mm ; Cipreste Preto Opaco 59\/605 1A &#8211; 29.7&#215;59.7&#215;11.9 mm ; Cipreste Turquesa 57\/611 1A &#8211; 19.7&#215;59.7&#215;11.6 mm ; Cipreste Zinco Opaco 39\/615 1A &#8211; 19.7&#215;39.7&#215;8.9 mm ;<\/p>\n","protected":false},"excerpt":{"rendered":"<p>Pavigres Cipreste Preto je dostupna po vrlo povoljnim cenama 3187,8 RSD. Plo\u010dica je debela 9 mm, \u0161to je ubraja u tvrde plo\u010dice. Pavigres Cipreste Preto je proizvod iz Portugala te je izuzetno kvalitetna. Veli\u010dina ove plo\u010dice je 25&#215;43 cm. Ove crne kerami\u010dke plo\u010dice, obogatit \u0107e svaki prostor. Kliknite na ime serije za sve plo\u010dice u [&hellip;]<\/p>\n","protected":false},"featured_media":92863,"template":"","meta":[],"product_cat":[200,220,9991483,999,250],"product_tag":[],"_links":{"self":[{"href":"https:\/\/www.keramika.com\/srbija\/wp-json\/wp\/v2\/product\/92862"}],"collection":[{"href":"https:\/\/www.keramika.com\/srbija\/wp-json\/wp\/v2\/product"}],"about":[{"href":"https:\/\/www.keramika.com\/srbija\/wp-json\/wp\/v2\/types\/product"}],"wp:featuredmedia":[{"embeddable":true,"href":"https:\/\/www.keramika.com\/srbija\/wp-json\/wp\/v2\/media\/92863"}],"wp:attachment":[{"href":"https:\/\/www.keramika.com\/srbija\/wp-json\/wp\/v2\/media?parent=92862"}],"wp:term":[{"taxonomy":"product_cat","embeddable":true,"href":"https:\/\/www.keramika.com\/srbija\/wp-json\/wp\/v2\/product_cat?post=92862"},{"taxonomy":"product_tag","embeddable":true,"href":"https:\/\/www.keramika.com\/srbija\/wp-json\/wp\/v2\/product_tag?post=92862"}],"curies":[{"name":"wp","href":"https:\/\/api.w.org\/{rel}","templated":true}]}}