{"id":92848,"date":"2017-07-02T02:57:26","date_gmt":"2017-07-02T02:57:26","guid":{"rendered":"http:\/\/www.ceramictiles.com\/srbija\/product\/projekt-plocice-pavigres-uni-lima\/"},"modified":"2026-01-03T00:00:31","modified_gmt":"2026-01-03T00:00:31","slug":"projekt-plocice-pavigres-uni-lima","status":"publish","type":"product","link":"https:\/\/www.keramika.com\/srbija\/projekt-plocice-pavigres-uni-lima\/","title":{"rendered":"Projekt plo\u010dice Pavigres Uni Lima"},"content":{"rendered":"<p>Plo\u010dice bele boje osvje\u017eit \u0107e svaki prostor. Zbog ni\u017eih tro\u0161kova, online prodaje, Vi \u0107e te na na\u0161oj strani ove plo\u010de platiti samo 3946,8 RSD. Debljina 12 mm \u010dini plo\u010dicu vrlo izdr\u017eljivom i prijatnom na dodir. \u0160irina i du\u017eina plo\u010dice su 19,7&#215;59,7 cm. Plo\u010dice dolaze iz Portugala, koja je poznata po kvalitetnoj keramiki.<\/p>\n<p>Kliknite na ime serije za sve plo\u010dice u toj seriji: <a class=\"pdfcatal\" href=\"\/\/www.ceramictiles.com\/pdf\/pavigres\/catalogue_pavigres_uni.pdf\" onclick=\"recordOutboundLink(this, 'E-mail', 'Description PDF');return false;\">Pavigres Uni<\/a><\/p>\n<p>Da bi naru\u010dili model iz PDF kataloga ove serije, molimo vas, da nas kontaktirate na: <a href=\"mailto:zo_mi@ceramictiles.com\" onclick=\"recordOutboundLink(this, 'E-mail', 'Description mail');return false;\">zo_mi@ceramictiles.com<\/a> ili nas pozovite na: For exact offer, PLS send us quantity and product you need with delivery address..<\/p>\n<p>Technical description: <br \/>19.7&#215;59.7 cm 11.6  mm-29.7&#215;29.7 cm 7.2  mm-29.7&#215;59.7 cm 11.9  mm <br \/>Uni Cristal ; Uni Gelo ; Uni Carv\u00e3o ; Uni Metal ; Uni Alfazema ; Uni Cristal ; Uni Gelo ; Uni Carv\u00e3o ; Uni An\u00e9mona ; Uni Lima ; Uni Chocolate ; Uni Papaia ; Uni Pergamon ;<\/p>\n","protected":false},"excerpt":{"rendered":"<p>Plo\u010dice bele boje osvje\u017eit \u0107e svaki prostor. Zbog ni\u017eih tro\u0161kova, online prodaje, Vi \u0107e te na na\u0161oj strani ove plo\u010de platiti samo 3946,8 RSD. Debljina 12 mm \u010dini plo\u010dicu vrlo izdr\u017eljivom i prijatnom na dodir. \u0160irina i du\u017eina plo\u010dice su 19,7&#215;59,7 cm. Plo\u010dice dolaze iz Portugala, koja je poznata po kvalitetnoj keramiki. Kliknite na ime [&hellip;]<\/p>\n","protected":false},"featured_media":92849,"template":"","meta":[],"product_cat":[200,9991483,240,260,999,270],"product_tag":[],"_links":{"self":[{"href":"https:\/\/www.keramika.com\/srbija\/wp-json\/wp\/v2\/product\/92848"}],"collection":[{"href":"https:\/\/www.keramika.com\/srbija\/wp-json\/wp\/v2\/product"}],"about":[{"href":"https:\/\/www.keramika.com\/srbija\/wp-json\/wp\/v2\/types\/product"}],"wp:featuredmedia":[{"embeddable":true,"href":"https:\/\/www.keramika.com\/srbija\/wp-json\/wp\/v2\/media\/92849"}],"wp:attachment":[{"href":"https:\/\/www.keramika.com\/srbija\/wp-json\/wp\/v2\/media?parent=92848"}],"wp:term":[{"taxonomy":"product_cat","embeddable":true,"href":"https:\/\/www.keramika.com\/srbija\/wp-json\/wp\/v2\/product_cat?post=92848"},{"taxonomy":"product_tag","embeddable":true,"href":"https:\/\/www.keramika.com\/srbija\/wp-json\/wp\/v2\/product_tag?post=92848"}],"curies":[{"name":"wp","href":"https:\/\/api.w.org\/{rel}","templated":true}]}}