{"id":92780,"date":"2017-07-03T02:46:44","date_gmt":"2017-07-03T02:46:44","guid":{"rendered":"http:\/\/www.ceramictiles.com\/srbija\/product\/klinker-plocice-24x24-crvene\/"},"modified":"2026-01-03T00:00:23","modified_gmt":"2026-01-03T00:00:23","slug":"klinker-plocice-24x24-crvene","status":"publish","type":"product","link":"https:\/\/www.keramika.com\/srbija\/klinker-plocice-24x24-crvene\/","title":{"rendered":"Klinker plo\u010dice 24&#215;24 crvene"},"content":{"rendered":"<p>Veli\u010dina plo\u010dice je 24&#215;24 cm i odli\u010dna je za razli\u010dite povr\u0161ine. plo\u010dica proizvo\u0111a\u010da Grestejo iz Portugala. Debljina plo\u010dice, je vrlo va\u017ena 15 mm i ubraja tu plo\u010dicu me\u0111u najkvalitetnije. Zbog ni\u017eih tro\u0161kova, online prodaje, Vi \u0107e te na na\u0161oj strani ove plo\u010de platiti samo 1946,95 RSD. Plo\u010dice crvene boje osvje\u017eit \u0107e svaki prostor.<\/p>\n<p>REF: 10601 Red Floor Tile 30&#215;30 <br \/>REF: 10406 Red Floor Tile 24&#215;24 <br \/>REF: 10306 Red Floor Tile 15&#215;30 <br \/>REF: 12706 Red Floor Tile 15&#215;24 <br \/>REF: 11206 Red Floor Tile 15&#215;15<\/p>\n<p><a class=\"pdfcatal\" href=\"\/\/www.ceramictiles.com\/pdf\/e-ceramica\/clinker_catalogue.pdf\"> Klinker katalog  <\/a\n\n\n10601 Crvene podne plo\u010dice 30&#215;30\n10406 Crvene podne plo\u010dice 24&#215;24\n12706 Crvene podne plo\u010dice 15&#215;24\n10306 Crvene podne plo\u010dice 15&#215;30\n11206 Crvene podne plo\u010dice 15&#215;15\n10806 Crvene stepenice 30\n11106 Crvene stepenice 24\n14006 Crvene stepenice ugao\n10606L Crvena cokla 8&#215;30\n11006L Crvena cokla 8&#215;24\n12606D Crveni desni ugao Bullnose\n12606E Crveni levi ugao Bullnose\n10706 Crvena cokla 15&#215;30\n13906E Crvena ugaoni deo &#8211; Spoljni\n13906I Crvena ugaoni deo &#8211; Unutra\u0161nji\n12306 Crvene okapnice za prozor 30\n12406 Crvene okapnice za prozor 24\n13406 Crveni umivaonik za ruke\n10906 Crvene deo za \u0107o\u0161kove bazena \n11606 Unutra\u0161nji deo za \u0107o\u0161kove bazena\n<\/p>\n","protected":false},"excerpt":{"rendered":"<p>Veli\u010dina plo\u010dice je 24&#215;24 cm i odli\u010dna je za razli\u010dite povr\u0161ine. plo\u010dica proizvo\u0111a\u010da Grestejo iz Portugala. Debljina plo\u010dice, je vrlo va\u017ena 15 mm i ubraja tu plo\u010dicu me\u0111u najkvalitetnije. Zbog ni\u017eih tro\u0161kova, online prodaje, Vi \u0107e te na na\u0161oj strani ove plo\u010de platiti samo 1946,95 RSD. Plo\u010dice crvene boje osvje\u017eit \u0107e svaki prostor. REF: 10601 [&hellip;]<\/p>\n","protected":false},"featured_media":92781,"template":"","meta":[],"product_cat":[99921411,150,100,999,110,120],"product_tag":[],"_links":{"self":[{"href":"https:\/\/www.keramika.com\/srbija\/wp-json\/wp\/v2\/product\/92780"}],"collection":[{"href":"https:\/\/www.keramika.com\/srbija\/wp-json\/wp\/v2\/product"}],"about":[{"href":"https:\/\/www.keramika.com\/srbija\/wp-json\/wp\/v2\/types\/product"}],"wp:featuredmedia":[{"embeddable":true,"href":"https:\/\/www.keramika.com\/srbija\/wp-json\/wp\/v2\/media\/92781"}],"wp:attachment":[{"href":"https:\/\/www.keramika.com\/srbija\/wp-json\/wp\/v2\/media?parent=92780"}],"wp:term":[{"taxonomy":"product_cat","embeddable":true,"href":"https:\/\/www.keramika.com\/srbija\/wp-json\/wp\/v2\/product_cat?post=92780"},{"taxonomy":"product_tag","embeddable":true,"href":"https:\/\/www.keramika.com\/srbija\/wp-json\/wp\/v2\/product_tag?post=92780"}],"curies":[{"name":"wp","href":"https:\/\/api.w.org\/{rel}","templated":true}]}}