{"id":92778,"date":"2017-07-02T02:46:25","date_gmt":"2017-07-02T02:46:25","guid":{"rendered":"http:\/\/www.ceramictiles.com\/srbija\/product\/klinker-plocice-za-bazene\/"},"modified":"2026-01-03T00:00:23","modified_gmt":"2026-01-03T00:00:23","slug":"klinker-plocice-za-bazene","status":"publish","type":"product","link":"https:\/\/www.keramika.com\/srbija\/klinker-plocice-za-bazene\/","title":{"rendered":"Klinker plo\u010dice za bazene"},"content":{"rendered":"<p>U izboru plo\u010dica be\u017e boje, ne mo\u017eete pogre\u0161iti. \u0160irina i du\u017eina plo\u010dice su 24&#215;24 cm. Proizvodnja Portugala ,koja je poznata u svetu, kao jedana od najboljih proizvo\u0111a\u010da kerami\u010dkih plo\u010dica. 15 mm debljina \u0107e zadovoljiti i najzahtevnije kupce. Online cena je samo 1340,9 RSD, dok redovna, maloprodajna cena 1676,7 RSD.<\/p>\n<p>Rubi -REF: 10902<br \/>Vermelho &#8211; REF: 10906<br \/>Cinzento &#8211; REF: 10908<\/p>\n<p><a class=\"pdfcatal\" href=\"\/\/www.ceramictiles.com\/pdf\/e-ceramica\/clinker_catalogue.pdf\"> Klinker katalog  <\/a\n\n\n<\/p>\n","protected":false},"excerpt":{"rendered":"<p>U izboru plo\u010dica be\u017e boje, ne mo\u017eete pogre\u0161iti. \u0160irina i du\u017eina plo\u010dice su 24&#215;24 cm. Proizvodnja Portugala ,koja je poznata u svetu, kao jedana od najboljih proizvo\u0111a\u010da kerami\u010dkih plo\u010dica. 15 mm debljina \u0107e zadovoljiti i najzahtevnije kupce. Online cena je samo 1340,9 RSD, dok redovna, maloprodajna cena 1676,7 RSD. Rubi -REF: 10902Vermelho &#8211; REF: 10906Cinzento [&hellip;]<\/p>\n","protected":false},"featured_media":92779,"template":"","meta":[],"product_cat":[99921411,100,130,999,120],"product_tag":[],"_links":{"self":[{"href":"https:\/\/www.keramika.com\/srbija\/wp-json\/wp\/v2\/product\/92778"}],"collection":[{"href":"https:\/\/www.keramika.com\/srbija\/wp-json\/wp\/v2\/product"}],"about":[{"href":"https:\/\/www.keramika.com\/srbija\/wp-json\/wp\/v2\/types\/product"}],"wp:featuredmedia":[{"embeddable":true,"href":"https:\/\/www.keramika.com\/srbija\/wp-json\/wp\/v2\/media\/92779"}],"wp:attachment":[{"href":"https:\/\/www.keramika.com\/srbija\/wp-json\/wp\/v2\/media?parent=92778"}],"wp:term":[{"taxonomy":"product_cat","embeddable":true,"href":"https:\/\/www.keramika.com\/srbija\/wp-json\/wp\/v2\/product_cat?post=92778"},{"taxonomy":"product_tag","embeddable":true,"href":"https:\/\/www.keramika.com\/srbija\/wp-json\/wp\/v2\/product_tag?post=92778"}],"curies":[{"name":"wp","href":"https:\/\/api.w.org\/{rel}","templated":true}]}}