{"id":92768,"date":"2017-07-02T02:44:55","date_gmt":"2017-07-02T02:44:55","guid":{"rendered":"http:\/\/www.ceramictiles.com\/srbija\/product\/klinker-plocice-24x24-smede\/"},"modified":"2026-01-03T00:00:22","modified_gmt":"2026-01-03T00:00:22","slug":"klinker-plocice-24x24-smede","status":"publish","type":"product","link":"https:\/\/www.keramika.com\/srbija\/klinker-plocice-24x24-smede\/","title":{"rendered":"Klinker plo\u010dice 24&#215;24 sme\u0111e"},"content":{"rendered":"<p>Klinker tiles 24&#215;24 brown je proizvod iz Portugala te je izuzetno kvalitetna. U maloprodaji bi morali za tu plo\u010dicu platiti 2696,75 RSD, online cena je samo 2157,4 RSD. Ova plo\u010dica je debela 15 mm i zato je izuzetno izdr\u017eljiva. Dimenzije ovih plo\u010dica su 24&#215;24 cm. Plo\u010dice braon boje, su letos izuzetno tre\u017eene.<\/p>\n<p>30&#215;30 &#8211; REF: 10109<br \/>24&#215;24 &#8211; REF: 10409<br \/>15&#215;30 &#8211; REF: 10309<br \/>15&#215;15 &#8211; REF: 11207<\/p>\n<p><a class=\"pdfcatal\" href=\"\/\/www.ceramictiles.com\/pdf\/e-ceramica\/clinker_catalogue.pdf\"> Klinker katalog  <\/a\n\n\n<\/p>\n","protected":false},"excerpt":{"rendered":"<p>Klinker tiles 24&#215;24 brown je proizvod iz Portugala te je izuzetno kvalitetna. U maloprodaji bi morali za tu plo\u010dicu platiti 2696,75 RSD, online cena je samo 2157,4 RSD. Ova plo\u010dica je debela 15 mm i zato je izuzetno izdr\u017eljiva. Dimenzije ovih plo\u010dica su 24&#215;24 cm. Plo\u010dice braon boje, su letos izuzetno tre\u017eene. 30&#215;30 &#8211; REF: [&hellip;]<\/p>\n","protected":false},"featured_media":92769,"template":"","meta":[],"product_cat":[99921411,150,100,999,110,120],"product_tag":[],"_links":{"self":[{"href":"https:\/\/www.keramika.com\/srbija\/wp-json\/wp\/v2\/product\/92768"}],"collection":[{"href":"https:\/\/www.keramika.com\/srbija\/wp-json\/wp\/v2\/product"}],"about":[{"href":"https:\/\/www.keramika.com\/srbija\/wp-json\/wp\/v2\/types\/product"}],"wp:featuredmedia":[{"embeddable":true,"href":"https:\/\/www.keramika.com\/srbija\/wp-json\/wp\/v2\/media\/92769"}],"wp:attachment":[{"href":"https:\/\/www.keramika.com\/srbija\/wp-json\/wp\/v2\/media?parent=92768"}],"wp:term":[{"taxonomy":"product_cat","embeddable":true,"href":"https:\/\/www.keramika.com\/srbija\/wp-json\/wp\/v2\/product_cat?post=92768"},{"taxonomy":"product_tag","embeddable":true,"href":"https:\/\/www.keramika.com\/srbija\/wp-json\/wp\/v2\/product_tag?post=92768"}],"curies":[{"name":"wp","href":"https:\/\/api.w.org\/{rel}","templated":true}]}}