{"id":92766,"date":"2017-07-02T02:44:39","date_gmt":"2017-07-02T02:44:39","guid":{"rendered":"http:\/\/www.ceramictiles.com\/srbija\/product\/klinker-ugaoni-delovi\/"},"modified":"2026-01-03T00:00:22","modified_gmt":"2026-01-03T00:00:22","slug":"klinker-ugaoni-delovi","status":"publish","type":"product","link":"https:\/\/www.keramika.com\/srbija\/klinker-ugaoni-delovi\/","title":{"rendered":"Klinker ugaoni delovi"},"content":{"rendered":"<p>Ova plo\u010dica je debela 15 mm i zato je izuzetno izdr\u017eljiva. Plo\u010dice be\u017e boje, su letos izuzetno tre\u017eene. Proizvodnja Portugala ,koja je poznata u svetu, kao jedana od najboljih proizvo\u0111a\u010da kerami\u010dkih plo\u010dica. U maloprodaji bi morali za tu plo\u010dicu platiti 319,7 RSD, online cena je samo 255,3 RSD. Veli\u010dina plo\u010dice je 15&#215;30 cm i odli\u010dna je za razli\u010dite povr\u0161ine.<\/p>\n<p><a class=\"pdfcatal\" href=\"\/\/www.ceramictiles.com\/pdf\/e-ceramica\/clinker_catalogue.pdf\"> Klinker katalog  <\/a\n\n\n<\/p>\n","protected":false},"excerpt":{"rendered":"<p>Ova plo\u010dica je debela 15 mm i zato je izuzetno izdr\u017eljiva. Plo\u010dice be\u017e boje, su letos izuzetno tre\u017eene. Proizvodnja Portugala ,koja je poznata u svetu, kao jedana od najboljih proizvo\u0111a\u010da kerami\u010dkih plo\u010dica. U maloprodaji bi morali za tu plo\u010dicu platiti 319,7 RSD, online cena je samo 255,3 RSD. Veli\u010dina plo\u010dice je 15&#215;30 cm i odli\u010dna [&hellip;]<\/p>\n","protected":false},"featured_media":92767,"template":"","meta":[],"product_cat":[99921411,150,100,999,110,120],"product_tag":[],"_links":{"self":[{"href":"https:\/\/www.keramika.com\/srbija\/wp-json\/wp\/v2\/product\/92766"}],"collection":[{"href":"https:\/\/www.keramika.com\/srbija\/wp-json\/wp\/v2\/product"}],"about":[{"href":"https:\/\/www.keramika.com\/srbija\/wp-json\/wp\/v2\/types\/product"}],"wp:featuredmedia":[{"embeddable":true,"href":"https:\/\/www.keramika.com\/srbija\/wp-json\/wp\/v2\/media\/92767"}],"wp:attachment":[{"href":"https:\/\/www.keramika.com\/srbija\/wp-json\/wp\/v2\/media?parent=92766"}],"wp:term":[{"taxonomy":"product_cat","embeddable":true,"href":"https:\/\/www.keramika.com\/srbija\/wp-json\/wp\/v2\/product_cat?post=92766"},{"taxonomy":"product_tag","embeddable":true,"href":"https:\/\/www.keramika.com\/srbija\/wp-json\/wp\/v2\/product_tag?post=92766"}],"curies":[{"name":"wp","href":"https:\/\/api.w.org\/{rel}","templated":true}]}}