{"id":92626,"date":"2017-07-02T02:23:43","date_gmt":"2017-07-02T02:23:43","guid":{"rendered":"http:\/\/www.ceramictiles.com\/srbija\/product\/undefasa-joya-azul\/"},"modified":"2026-01-03T00:00:07","modified_gmt":"2026-01-03T00:00:07","slug":"undefasa-joya-azul","status":"publish","type":"product","link":"https:\/\/www.keramika.com\/srbija\/undefasa-joya-azul\/","title":{"rendered":"Undefasa joya azul"},"content":{"rendered":"<p>Veli\u010dina plo\u010dice je 20&#215;25 cm i odli\u010dna je za razli\u010dite povr\u0161ine. Undefasa joya azul je proizvod iz \u0160panije te je izuzetno kvalitetna. Keramika je prekrasne plave boje. U koliko \u017eelite neku drugu boju, pozovite nas i mi \u0107emo proveriti kod proizvo\u0111a\u010da. Undefasa joya azul je dostupna po vrlo povoljnim cenama 1482,35 RSD. Debljina 8 mm \u010dini plo\u010dicu vrlo izdr\u017eljivom i prijatnom na dodir.<\/p>\n<p>Kliknite na ime serije za sve plo\u010dice u toj seriji: <a class=\"pdfcatal\" href=\"\/\/www.ceramictiles.com\/pdf\/undefasa\/catalogue_undefasa_joya.pdf\" onclick=\"recordOutboundLink(this, 'E-mail', 'Description PDF');return false;\">Undefasa Ceramica Joya<\/a><\/p>\n<p>Da bi naru\u010dili model iz PDF kataloga ove serije, molimo vas, da nas kontaktirate na: <a href=\"mailto:zo_mi@ceramictiles.com\" onclick=\"recordOutboundLink(this, 'E-mail', 'Description mail');return false;\">zo_mi@ceramictiles.com<\/a> ili nas pozovite na: For exact offer, PLS send us quantity and product you need with delivery address..<\/p>\n","protected":false},"excerpt":{"rendered":"<p>Veli\u010dina plo\u010dice je 20&#215;25 cm i odli\u010dna je za razli\u010dite povr\u0161ine. Undefasa joya azul je proizvod iz \u0160panije te je izuzetno kvalitetna. Keramika je prekrasne plave boje. U koliko \u017eelite neku drugu boju, pozovite nas i mi \u0107emo proveriti kod proizvo\u0111a\u010da. Undefasa joya azul je dostupna po vrlo povoljnim cenama 1482,35 RSD. Debljina 8 mm [&hellip;]<\/p>\n","protected":false},"featured_media":92627,"template":"","meta":[],"product_cat":[200,220,999,9991688,250],"product_tag":[],"_links":{"self":[{"href":"https:\/\/www.keramika.com\/srbija\/wp-json\/wp\/v2\/product\/92626"}],"collection":[{"href":"https:\/\/www.keramika.com\/srbija\/wp-json\/wp\/v2\/product"}],"about":[{"href":"https:\/\/www.keramika.com\/srbija\/wp-json\/wp\/v2\/types\/product"}],"wp:featuredmedia":[{"embeddable":true,"href":"https:\/\/www.keramika.com\/srbija\/wp-json\/wp\/v2\/media\/92627"}],"wp:attachment":[{"href":"https:\/\/www.keramika.com\/srbija\/wp-json\/wp\/v2\/media?parent=92626"}],"wp:term":[{"taxonomy":"product_cat","embeddable":true,"href":"https:\/\/www.keramika.com\/srbija\/wp-json\/wp\/v2\/product_cat?post=92626"},{"taxonomy":"product_tag","embeddable":true,"href":"https:\/\/www.keramika.com\/srbija\/wp-json\/wp\/v2\/product_tag?post=92626"}],"curies":[{"name":"wp","href":"https:\/\/api.w.org\/{rel}","templated":true}]}}