{"id":92606,"date":"2017-07-02T02:20:37","date_gmt":"2017-07-02T02:20:37","guid":{"rendered":"http:\/\/www.ceramictiles.com\/srbija\/product\/undefasa-keramika-danubio-vison\/"},"modified":"2026-01-03T00:00:05","modified_gmt":"2026-01-03T00:00:05","slug":"undefasa-keramika-danubio-vison","status":"publish","type":"product","link":"https:\/\/www.keramika.com\/srbija\/undefasa-keramika-danubio-vison\/","title":{"rendered":"Undefasa keramika danubio vison"},"content":{"rendered":"<p>Veli\u010dina plo\u010dice je 41&#215;41 cm i odli\u010dna je za razli\u010dite povr\u0161ine. Plo\u010dica je debela 9 mm, \u0161to je ubraja u tvrde plo\u010dice. Ta kolekcija, model plo\u010dice, se prodaje najvi\u0161e braon boje. plo\u010dica proizvo\u0111a\u010da Undefasa Ceramica iz \u0160panije. Redovna cena, ovih plo\u010dica u maloprodaji je 2028,6 RSD. U na\u0161oj online trgovini, je mo\u017eete kupiti za 1622,65 RSD.<\/p>\n<p>Kliknite na ime serije za sve plo\u010dice u toj seriji: <a class=\"pdfcatal\" href=\"\/\/www.ceramictiles.com\/pdf\/undefasa\/catalogue_undefasa_danubio.pdf\" onclick=\"recordOutboundLink(this, 'E-mail', 'Description PDF');return false;\">Undefasa Ceramica Danubio<\/a><\/p>\n<p>Da bi naru\u010dili model iz PDF kataloga ove serije, molimo vas, da nas kontaktirate na: <a href=\"mailto:zo_mi@ceramictiles.com\" onclick=\"recordOutboundLink(this, 'E-mail', 'Description mail');return false;\">zo_mi@ceramictiles.com<\/a> ili nas pozovite na: For exact offer, PLS send us quantity and product you need with delivery address..<\/p>\n","protected":false},"excerpt":{"rendered":"<p>Veli\u010dina plo\u010dice je 41&#215;41 cm i odli\u010dna je za razli\u010dite povr\u0161ine. Plo\u010dica je debela 9 mm, \u0161to je ubraja u tvrde plo\u010dice. Ta kolekcija, model plo\u010dice, se prodaje najvi\u0161e braon boje. plo\u010dica proizvo\u0111a\u010da Undefasa Ceramica iz \u0160panije. Redovna cena, ovih plo\u010dica u maloprodaji je 2028,6 RSD. U na\u0161oj online trgovini, je mo\u017eete kupiti za 1622,65 [&hellip;]<\/p>\n","protected":false},"featured_media":92607,"template":"","meta":[],"product_cat":[200,220,240,999,9991688],"product_tag":[],"_links":{"self":[{"href":"https:\/\/www.keramika.com\/srbija\/wp-json\/wp\/v2\/product\/92606"}],"collection":[{"href":"https:\/\/www.keramika.com\/srbija\/wp-json\/wp\/v2\/product"}],"about":[{"href":"https:\/\/www.keramika.com\/srbija\/wp-json\/wp\/v2\/types\/product"}],"wp:featuredmedia":[{"embeddable":true,"href":"https:\/\/www.keramika.com\/srbija\/wp-json\/wp\/v2\/media\/92607"}],"wp:attachment":[{"href":"https:\/\/www.keramika.com\/srbija\/wp-json\/wp\/v2\/media?parent=92606"}],"wp:term":[{"taxonomy":"product_cat","embeddable":true,"href":"https:\/\/www.keramika.com\/srbija\/wp-json\/wp\/v2\/product_cat?post=92606"},{"taxonomy":"product_tag","embeddable":true,"href":"https:\/\/www.keramika.com\/srbija\/wp-json\/wp\/v2\/product_tag?post=92606"}],"curies":[{"name":"wp","href":"https:\/\/api.w.org\/{rel}","templated":true}]}}