{"id":92560,"date":"2017-07-02T02:13:39","date_gmt":"2017-07-02T02:13:39","guid":{"rendered":"http:\/\/www.ceramictiles.com\/srbija\/product\/undefasa-kupatilske-plocice-ljubicaste\/"},"modified":"2026-01-02T00:03:56","modified_gmt":"2026-01-02T00:03:56","slug":"undefasa-kupatilske-plocice-ljubicaste","status":"publish","type":"product","link":"https:\/\/www.keramika.com\/srbija\/undefasa-kupatilske-plocice-ljubicaste\/","title":{"rendered":"Undefasa kupatilske plo\u010dice ljubi\u010daste"},"content":{"rendered":"<p>9 mm debljine je dovoljno za zahtevnije kupce. Plo\u010dice ljubi\u010daste boje osvje\u017eit \u0107e svaki prostor. 2473,65 RSD je redovna prodajna cena keramike, tu pa samo 1979,15 RSD. Plo\u010dica na sliki je 20&#215;50 cm. Proizvodnja \u0160panije ,koja je poznata u svetu, kao jedana od najboljih proizvo\u0111a\u010da kerami\u010dkih plo\u010dica.<\/p>\n<p>Kliknite na ime serije za sve plo\u010dice u toj seriji: <a class=\"pdfcatal\" href=\"\/\/www.ceramictiles.com\/pdf\/undefasa\/catalogue_undefasa_adaggio.pdf\" onclick=\"recordOutboundLink(this, 'E-mail', 'Description PDF');return false;\">Undefasa Ceramica Adaggio\u00a0<\/a><\/p>\n<p>Da bi naru\u010dili model iz PDF kataloga ove serije, molimo vas, da nas kontaktirate na: <a href=\"mailto:zo_mi@ceramictiles.com\" onclick=\"recordOutboundLink(this, 'E-mail', 'Description mail');return false;\">zo_mi@ceramictiles.com<\/a> ili nas pozovite na: For exact offer, PLS send us quantity and product you need with delivery address..<\/p>\n","protected":false},"excerpt":{"rendered":"<p>9 mm debljine je dovoljno za zahtevnije kupce. Plo\u010dice ljubi\u010daste boje osvje\u017eit \u0107e svaki prostor. 2473,65 RSD je redovna prodajna cena keramike, tu pa samo 1979,15 RSD. Plo\u010dica na sliki je 20&#215;50 cm. Proizvodnja \u0160panije ,koja je poznata u svetu, kao jedana od najboljih proizvo\u0111a\u010da kerami\u010dkih plo\u010dica. Kliknite na ime serije za sve plo\u010dice u [&hellip;]<\/p>\n","protected":false},"featured_media":92561,"template":"","meta":[],"product_cat":[200,220,999,9991688,250],"product_tag":[99950090],"_links":{"self":[{"href":"https:\/\/www.keramika.com\/srbija\/wp-json\/wp\/v2\/product\/92560"}],"collection":[{"href":"https:\/\/www.keramika.com\/srbija\/wp-json\/wp\/v2\/product"}],"about":[{"href":"https:\/\/www.keramika.com\/srbija\/wp-json\/wp\/v2\/types\/product"}],"wp:featuredmedia":[{"embeddable":true,"href":"https:\/\/www.keramika.com\/srbija\/wp-json\/wp\/v2\/media\/92561"}],"wp:attachment":[{"href":"https:\/\/www.keramika.com\/srbija\/wp-json\/wp\/v2\/media?parent=92560"}],"wp:term":[{"taxonomy":"product_cat","embeddable":true,"href":"https:\/\/www.keramika.com\/srbija\/wp-json\/wp\/v2\/product_cat?post=92560"},{"taxonomy":"product_tag","embeddable":true,"href":"https:\/\/www.keramika.com\/srbija\/wp-json\/wp\/v2\/product_tag?post=92560"}],"curies":[{"name":"wp","href":"https:\/\/api.w.org\/{rel}","templated":true}]}}