{"id":92558,"date":"2017-07-02T02:13:19","date_gmt":"2017-07-02T02:13:19","guid":{"rendered":"http:\/\/www.ceramictiles.com\/srbija\/product\/undefasa-podne-plocice-cotto\/"},"modified":"2026-01-02T00:03:56","modified_gmt":"2026-01-02T00:03:56","slug":"undefasa-podne-plocice-cotto","status":"publish","type":"product","link":"https:\/\/www.keramika.com\/srbija\/undefasa-podne-plocice-cotto\/","title":{"rendered":"Undefasa podne plo\u010dice cotto"},"content":{"rendered":"<p>9 mm debljine je dovoljno za zahtevnije kupce. U maloprodaji bi morali za tu plo\u010dicu platiti 2988,85 RSD, online cena je samo 2390,85 RSD. Izuzetno moderne plo\u010dice braon boje, osve\u017eit \u0107e svaki prostor. Undefasa abadia P cotto dolazi iz \u0160panije, koja je poznata po vrlo visokoj kvaliteta keramike u svetu. Dimenzije ovih plo\u010dica su 33&#215;33 cm.<\/p>\n<p>Kliknite na ime serije za sve plo\u010dice u toj seriji: <a class=\"pdfcatal\" href=\"\/\/www.ceramictiles.com\/pdf\/undefasa\/catalogue_undefasa_abadia.pdf\" onclick=\"recordOutboundLink(this, 'E-mail', 'Description PDF');return false;\">Undefasa Ceramica Abadia<\/a><\/p>\n<p>Da bi naru\u010dili model iz PDF kataloga ove serije, molimo vas, da nas kontaktirate na: <a href=\"mailto:zo_mi@ceramictiles.com\" onclick=\"recordOutboundLink(this, 'E-mail', 'Description mail');return false;\">zo_mi@ceramictiles.com<\/a> ili nas pozovite na: For exact offer, PLS send us quantity and product you need with delivery address..<\/p>\n","protected":false},"excerpt":{"rendered":"<p>9 mm debljine je dovoljno za zahtevnije kupce. U maloprodaji bi morali za tu plo\u010dicu platiti 2988,85 RSD, online cena je samo 2390,85 RSD. Izuzetno moderne plo\u010dice braon boje, osve\u017eit \u0107e svaki prostor. Undefasa abadia P cotto dolazi iz \u0160panije, koja je poznata po vrlo visokoj kvaliteta keramike u svetu. Dimenzije ovih plo\u010dica su 33&#215;33 [&hellip;]<\/p>\n","protected":false},"featured_media":92559,"template":"","meta":[],"product_cat":[200,230,240,999,9991688],"product_tag":[],"_links":{"self":[{"href":"https:\/\/www.keramika.com\/srbija\/wp-json\/wp\/v2\/product\/92558"}],"collection":[{"href":"https:\/\/www.keramika.com\/srbija\/wp-json\/wp\/v2\/product"}],"about":[{"href":"https:\/\/www.keramika.com\/srbija\/wp-json\/wp\/v2\/types\/product"}],"wp:featuredmedia":[{"embeddable":true,"href":"https:\/\/www.keramika.com\/srbija\/wp-json\/wp\/v2\/media\/92559"}],"wp:attachment":[{"href":"https:\/\/www.keramika.com\/srbija\/wp-json\/wp\/v2\/media?parent=92558"}],"wp:term":[{"taxonomy":"product_cat","embeddable":true,"href":"https:\/\/www.keramika.com\/srbija\/wp-json\/wp\/v2\/product_cat?post=92558"},{"taxonomy":"product_tag","embeddable":true,"href":"https:\/\/www.keramika.com\/srbija\/wp-json\/wp\/v2\/product_tag?post=92558"}],"curies":[{"name":"wp","href":"https:\/\/api.w.org\/{rel}","templated":true}]}}