{"id":92466,"date":"2017-07-02T02:00:16","date_gmt":"2017-07-02T02:00:16","guid":{"rendered":"http:\/\/www.ceramictiles.com\/srbija\/product\/vives-vizcaya-1\/"},"modified":"2026-01-02T00:03:47","modified_gmt":"2026-01-02T00:03:47","slug":"vives-vizcaya-1","status":"publish","type":"product","link":"https:\/\/www.keramika.com\/srbija\/vives-vizcaya-1\/","title":{"rendered":"Vives Vizcaya-1"},"content":{"rendered":"<p>Plo\u010dice plave boje, su letos izuzetno tre\u017eene. 1366,2 RSD je redovna prodajna cena keramike, tu pa samo 1092,5 RSD. Veli\u010dina ove plo\u010dice je 25&#215;25 cm. Ova plo\u010dica je debela 13 mm i zato je izuzetno izdr\u017eljiva. Vives Vizcaya-1 dolazi iz \u0160panije, koja je poznata po vrlo visokoj kvaliteta keramike u svetu.<\/p>\n<p>Kliknite na ime serije za sve plo\u010dice u toj seriji: <a class=\"pdfcatal\" href=\"\/\/www.ceramictiles.com\/pdf\/vives\/catalogue_vives_vizcaya.pdf\" onclick=\"recordOutboundLink(this, 'E-mail', 'Description PDF');return false;\">Ceramica Vives Vizcaya<\/a><\/p>\n<p>Da bi naru\u010dili model iz PDF kataloga ove serije, molimo vas, da nas kontaktirate na: <a href=\"mailto:zo_mi@ceramictiles.com\" onclick=\"recordOutboundLink(this, 'E-mail', 'Description mail');return false;\">zo_mi@ceramictiles.com<\/a> ili nas pozovite na: For exact offer, PLS send us quantity and product you need with delivery address..<\/p>\n","protected":false},"excerpt":{"rendered":"<p>Plo\u010dice plave boje, su letos izuzetno tre\u017eene. 1366,2 RSD je redovna prodajna cena keramike, tu pa samo 1092,5 RSD. Veli\u010dina ove plo\u010dice je 25&#215;25 cm. Ova plo\u010dica je debela 13 mm i zato je izuzetno izdr\u017eljiva. Vives Vizcaya-1 dolazi iz \u0160panije, koja je poznata po vrlo visokoj kvaliteta keramike u svetu. Kliknite na ime serije [&hellip;]<\/p>\n","protected":false},"featured_media":92467,"template":"","meta":[],"product_cat":[200,230,240,999,999136],"product_tag":[],"_links":{"self":[{"href":"https:\/\/www.keramika.com\/srbija\/wp-json\/wp\/v2\/product\/92466"}],"collection":[{"href":"https:\/\/www.keramika.com\/srbija\/wp-json\/wp\/v2\/product"}],"about":[{"href":"https:\/\/www.keramika.com\/srbija\/wp-json\/wp\/v2\/types\/product"}],"wp:featuredmedia":[{"embeddable":true,"href":"https:\/\/www.keramika.com\/srbija\/wp-json\/wp\/v2\/media\/92467"}],"wp:attachment":[{"href":"https:\/\/www.keramika.com\/srbija\/wp-json\/wp\/v2\/media?parent=92466"}],"wp:term":[{"taxonomy":"product_cat","embeddable":true,"href":"https:\/\/www.keramika.com\/srbija\/wp-json\/wp\/v2\/product_cat?post=92466"},{"taxonomy":"product_tag","embeddable":true,"href":"https:\/\/www.keramika.com\/srbija\/wp-json\/wp\/v2\/product_tag?post=92466"}],"curies":[{"name":"wp","href":"https:\/\/api.w.org\/{rel}","templated":true}]}}