{"id":92452,"date":"2017-07-02T01:58:01","date_gmt":"2017-07-02T01:58:01","guid":{"rendered":"http:\/\/www.ceramictiles.com\/srbija\/product\/vives-vendome-crema\/"},"modified":"2026-01-02T00:03:46","modified_gmt":"2026-01-02T00:03:46","slug":"vives-vendome-crema","status":"publish","type":"product","link":"https:\/\/www.keramika.com\/srbija\/vives-vendome-crema\/","title":{"rendered":"Vives Vendome Crema"},"content":{"rendered":"<p>10 mm debljine je dovoljno za zahtevnije kupce. Plo\u010dice be\u017e boje osvje\u017eit \u0107e svaki prostor. Vives Vendome Crema dolazi iz \u0160panije, koja je poznata po vrlo visokoj kvaliteta keramike u svetu. Plo\u010dica na sliki je 30&#215;60 cm. Redovna cena, ovih plo\u010dica u maloprodaji je 8193,75 RSD. U na\u0161oj online trgovini, je mo\u017eete kupiti za 6555 RSD.<\/p>\n<p>Kliknite na ime serije za sve plo\u010dice u toj seriji: <a class=\"pdfcatal\" href=\"\/\/www.ceramictiles.com\/pdf\/vives\/catalogue_vives_vendome.pdf\" onclick=\"recordOutboundLink(this, 'E-mail', 'Description PDF');return false;\">Ceramica Vives Vendome<\/a><\/p>\n<p>Da bi naru\u010dili model iz PDF kataloga ove serije, molimo vas, da nas kontaktirate na: <a href=\"mailto:zo_mi@ceramictiles.com\" onclick=\"recordOutboundLink(this, 'E-mail', 'Description mail');return false;\">zo_mi@ceramictiles.com<\/a> ili nas pozovite na: For exact offer, PLS send us quantity and product you need with delivery address..<\/p>\n","protected":false},"excerpt":{"rendered":"<p>10 mm debljine je dovoljno za zahtevnije kupce. Plo\u010dice be\u017e boje osvje\u017eit \u0107e svaki prostor. Vives Vendome Crema dolazi iz \u0160panije, koja je poznata po vrlo visokoj kvaliteta keramike u svetu. Plo\u010dica na sliki je 30&#215;60 cm. Redovna cena, ovih plo\u010dica u maloprodaji je 8193,75 RSD. U na\u0161oj online trgovini, je mo\u017eete kupiti za 6555 [&hellip;]<\/p>\n","protected":false},"featured_media":92453,"template":"","meta":[],"product_cat":[200,240,260,999,999136],"product_tag":[],"_links":{"self":[{"href":"https:\/\/www.keramika.com\/srbija\/wp-json\/wp\/v2\/product\/92452"}],"collection":[{"href":"https:\/\/www.keramika.com\/srbija\/wp-json\/wp\/v2\/product"}],"about":[{"href":"https:\/\/www.keramika.com\/srbija\/wp-json\/wp\/v2\/types\/product"}],"wp:featuredmedia":[{"embeddable":true,"href":"https:\/\/www.keramika.com\/srbija\/wp-json\/wp\/v2\/media\/92453"}],"wp:attachment":[{"href":"https:\/\/www.keramika.com\/srbija\/wp-json\/wp\/v2\/media?parent=92452"}],"wp:term":[{"taxonomy":"product_cat","embeddable":true,"href":"https:\/\/www.keramika.com\/srbija\/wp-json\/wp\/v2\/product_cat?post=92452"},{"taxonomy":"product_tag","embeddable":true,"href":"https:\/\/www.keramika.com\/srbija\/wp-json\/wp\/v2\/product_tag?post=92452"}],"curies":[{"name":"wp","href":"https:\/\/api.w.org\/{rel}","templated":true}]}}