{"id":92434,"date":"2017-07-02T01:55:01","date_gmt":"2017-07-02T01:55:01","guid":{"rendered":"http:\/\/www.ceramictiles.com\/srbija\/product\/vives-suiseki-grafito\/"},"modified":"2026-01-02T00:03:44","modified_gmt":"2026-01-02T00:03:44","slug":"vives-suiseki-grafito","status":"publish","type":"product","link":"https:\/\/www.keramika.com\/srbija\/vives-suiseki-grafito\/","title":{"rendered":"Vives Suiseki Grafito"},"content":{"rendered":"<p>Ova plo\u010dica je debela 12 mm i zato je izuzetno izdr\u017eljiva. Online cena je samo 8006,3 RSD, dok redovna, maloprodajna cena 10008,45 RSD. Veli\u010dina ove plo\u010dice je 45&#215;90 cm. Proizvodnja \u0160panije ,koja je poznata u svetu, kao jedana od najboljih proizvo\u0111a\u010da kerami\u010dkih plo\u010dica. Keramika je prekrasne sive boje. U koliko \u017eelite neku drugu boju, pozovite nas i mi \u0107emo proveriti kod proizvo\u0111a\u010da.<\/p>\n<p>Kliknite na ime serije za sve plo\u010dice u toj seriji: <a class=\"pdfcatal\" href=\"\/\/www.ceramictiles.com\/pdf\/vives\/catalogue_vives_suiseki.pdf\" onclick=\"recordOutboundLink(this, 'E-mail', 'Description PDF');return false;\">Ceramica Vives Suiseki<\/a><\/p>\n<p>Da bi naru\u010dili model iz PDF kataloga ove serije, molimo vas, da nas kontaktirate na: <a href=\"mailto:zo_mi@ceramictiles.com\" onclick=\"recordOutboundLink(this, 'E-mail', 'Description mail');return false;\">zo_mi@ceramictiles.com<\/a> ili nas pozovite na: For exact offer, PLS send us quantity and product you need with delivery address..<\/p>\n","protected":false},"excerpt":{"rendered":"<p>Ova plo\u010dica je debela 12 mm i zato je izuzetno izdr\u017eljiva. Online cena je samo 8006,3 RSD, dok redovna, maloprodajna cena 10008,45 RSD. Veli\u010dina ove plo\u010dice je 45&#215;90 cm. Proizvodnja \u0160panije ,koja je poznata u svetu, kao jedana od najboljih proizvo\u0111a\u010da kerami\u010dkih plo\u010dica. Keramika je prekrasne sive boje. U koliko \u017eelite neku drugu boju, pozovite [&hellip;]<\/p>\n","protected":false},"featured_media":92435,"template":"","meta":[],"product_cat":[200,999,290,270,999136],"product_tag":[],"_links":{"self":[{"href":"https:\/\/www.keramika.com\/srbija\/wp-json\/wp\/v2\/product\/92434"}],"collection":[{"href":"https:\/\/www.keramika.com\/srbija\/wp-json\/wp\/v2\/product"}],"about":[{"href":"https:\/\/www.keramika.com\/srbija\/wp-json\/wp\/v2\/types\/product"}],"wp:featuredmedia":[{"embeddable":true,"href":"https:\/\/www.keramika.com\/srbija\/wp-json\/wp\/v2\/media\/92435"}],"wp:attachment":[{"href":"https:\/\/www.keramika.com\/srbija\/wp-json\/wp\/v2\/media?parent=92434"}],"wp:term":[{"taxonomy":"product_cat","embeddable":true,"href":"https:\/\/www.keramika.com\/srbija\/wp-json\/wp\/v2\/product_cat?post=92434"},{"taxonomy":"product_tag","embeddable":true,"href":"https:\/\/www.keramika.com\/srbija\/wp-json\/wp\/v2\/product_tag?post=92434"}],"curies":[{"name":"wp","href":"https:\/\/api.w.org\/{rel}","templated":true}]}}