{"id":92370,"date":"2017-07-02T01:44:17","date_gmt":"2017-07-02T01:44:17","guid":{"rendered":"http:\/\/www.ceramictiles.com\/srbija\/product\/vives-montesa-vison\/"},"modified":"2026-01-02T00:03:37","modified_gmt":"2026-01-02T00:03:37","slug":"vives-montesa-vison","status":"publish","type":"product","link":"https:\/\/www.keramika.com\/srbija\/vives-montesa-vison\/","title":{"rendered":"Vives Montesa Vison"},"content":{"rendered":"<p>Redovna cena, ovih plo\u010dica u maloprodaji je 5300,35 RSD. U na\u0161oj online trgovini, je mo\u017eete kupiti za 4241,2 RSD. Ove braon kerami\u010dke plo\u010dice, obogatit \u0107e svaki prostor. 10 mm debljina \u0107e zadovoljiti i najzahtevnije kupce. Dimenzije ovih plo\u010dica su 30&#215;60 cm. Vives Montesa Vison je proizvod iz \u0160panije te je izuzetno kvalitetna.<\/p>\n<p>Kliknite na ime serije za sve plo\u010dice u toj seriji: <a class=\"pdfcatal\" href=\"\/\/www.ceramictiles.com\/pdf\/vives\/catalogue_vives_montesa.pdf\" onclick=\"recordOutboundLink(this, 'E-mail', 'Description PDF');return false;\">Ceramica Vives Montesa<\/a><\/p>\n<p>Da bi naru\u010dili model iz PDF kataloga ove serije, molimo vas, da nas kontaktirate na: <a href=\"mailto:zo_mi@ceramictiles.com\" onclick=\"recordOutboundLink(this, 'E-mail', 'Description mail');return false;\">zo_mi@ceramictiles.com<\/a> ili nas pozovite na: For exact offer, PLS send us quantity and product you need with delivery address..<\/p>\n","protected":false},"excerpt":{"rendered":"<p>Redovna cena, ovih plo\u010dica u maloprodaji je 5300,35 RSD. U na\u0161oj online trgovini, je mo\u017eete kupiti za 4241,2 RSD. Ove braon kerami\u010dke plo\u010dice, obogatit \u0107e svaki prostor. 10 mm debljina \u0107e zadovoljiti i najzahtevnije kupce. Dimenzije ovih plo\u010dica su 30&#215;60 cm. Vives Montesa Vison je proizvod iz \u0160panije te je izuzetno kvalitetna. Kliknite na ime [&hellip;]<\/p>\n","protected":false},"featured_media":92371,"template":"","meta":[],"product_cat":[200,220,240,999,999136],"product_tag":[],"_links":{"self":[{"href":"https:\/\/www.keramika.com\/srbija\/wp-json\/wp\/v2\/product\/92370"}],"collection":[{"href":"https:\/\/www.keramika.com\/srbija\/wp-json\/wp\/v2\/product"}],"about":[{"href":"https:\/\/www.keramika.com\/srbija\/wp-json\/wp\/v2\/types\/product"}],"wp:featuredmedia":[{"embeddable":true,"href":"https:\/\/www.keramika.com\/srbija\/wp-json\/wp\/v2\/media\/92371"}],"wp:attachment":[{"href":"https:\/\/www.keramika.com\/srbija\/wp-json\/wp\/v2\/media?parent=92370"}],"wp:term":[{"taxonomy":"product_cat","embeddable":true,"href":"https:\/\/www.keramika.com\/srbija\/wp-json\/wp\/v2\/product_cat?post=92370"},{"taxonomy":"product_tag","embeddable":true,"href":"https:\/\/www.keramika.com\/srbija\/wp-json\/wp\/v2\/product_tag?post=92370"}],"curies":[{"name":"wp","href":"https:\/\/api.w.org\/{rel}","templated":true}]}}