{"id":92306,"date":"2017-07-02T01:34:21","date_gmt":"2017-07-02T01:34:21","guid":{"rendered":"http:\/\/www.ceramictiles.com\/srbija\/product\/vives-entretela-cloque-fucsia\/"},"modified":"2026-01-02T00:03:28","modified_gmt":"2026-01-02T00:03:28","slug":"vives-entretela-cloque-fucsia","status":"publish","type":"product","link":"https:\/\/www.keramika.com\/srbija\/vives-entretela-cloque-fucsia\/","title":{"rendered":"Vives Entretela Cloque Fucsia"},"content":{"rendered":"<p>6162,85 RSD je redovna prodajna cena keramike, tu pa samo 4931,2 RSD. \u0160irina i du\u017eina plo\u010dice su 20&#215;50 cm. Plo\u010dice crvene boje, su letos izuzetno tre\u017eene. Debljina 11 mm \u010dini plo\u010dicu vrlo izdr\u017eljivom i prijatnom na dodir. plo\u010dica proizvo\u0111a\u010da Ceramica Vives iz \u0160panije.<\/p>\n<p>Kliknite na ime serije za sve plo\u010dice u toj seriji: <a class=\"pdfcatal\" href=\"\/\/www.ceramictiles.com\/pdf\/vives\/catalogue_vives_entretela.pdf\" onclick=\"recordOutboundLink(this, 'E-mail', 'Description PDF');return false;\">Ceramica Vives Entretela<\/a><\/p>\n<p>Da bi naru\u010dili model iz PDF kataloga ove serije, molimo vas, da nas kontaktirate na: <a href=\"mailto:zo_mi@ceramictiles.com\" onclick=\"recordOutboundLink(this, 'E-mail', 'Description mail');return false;\">zo_mi@ceramictiles.com<\/a> ili nas pozovite na: For exact offer, PLS send us quantity and product you need with delivery address..<\/p>\n","protected":false},"excerpt":{"rendered":"<p>6162,85 RSD je redovna prodajna cena keramike, tu pa samo 4931,2 RSD. \u0160irina i du\u017eina plo\u010dice su 20&#215;50 cm. Plo\u010dice crvene boje, su letos izuzetno tre\u017eene. Debljina 11 mm \u010dini plo\u010dicu vrlo izdr\u017eljivom i prijatnom na dodir. plo\u010dica proizvo\u0111a\u010da Ceramica Vives iz \u0160panije. Kliknite na ime serije za sve plo\u010dice u toj seriji: Ceramica Vives [&hellip;]<\/p>\n","protected":false},"featured_media":92307,"template":"","meta":[],"product_cat":[200,220,999,999136,250],"product_tag":[],"_links":{"self":[{"href":"https:\/\/www.keramika.com\/srbija\/wp-json\/wp\/v2\/product\/92306"}],"collection":[{"href":"https:\/\/www.keramika.com\/srbija\/wp-json\/wp\/v2\/product"}],"about":[{"href":"https:\/\/www.keramika.com\/srbija\/wp-json\/wp\/v2\/types\/product"}],"wp:featuredmedia":[{"embeddable":true,"href":"https:\/\/www.keramika.com\/srbija\/wp-json\/wp\/v2\/media\/92307"}],"wp:attachment":[{"href":"https:\/\/www.keramika.com\/srbija\/wp-json\/wp\/v2\/media?parent=92306"}],"wp:term":[{"taxonomy":"product_cat","embeddable":true,"href":"https:\/\/www.keramika.com\/srbija\/wp-json\/wp\/v2\/product_cat?post=92306"},{"taxonomy":"product_tag","embeddable":true,"href":"https:\/\/www.keramika.com\/srbija\/wp-json\/wp\/v2\/product_tag?post=92306"}],"curies":[{"name":"wp","href":"https:\/\/api.w.org\/{rel}","templated":true}]}}