{"id":92172,"date":"2017-07-02T01:13:29","date_gmt":"2017-07-02T01:13:29","guid":{"rendered":"http:\/\/www.ceramictiles.com\/srbija\/product\/projekt-plocice-cinca-nova-arquitectura-tangerine\/"},"modified":"2026-01-02T00:03:10","modified_gmt":"2026-01-02T00:03:10","slug":"projekt-plocice-cinca-nova-arquitectura-tangerine","status":"publish","type":"product","link":"https:\/\/www.keramika.com\/srbija\/projekt-plocice-cinca-nova-arquitectura-tangerine\/","title":{"rendered":"Projekt plo\u010dice Cinca Nova Arquitectura Tangerine"},"content":{"rendered":"<p>Plo\u010dica na sliki je 20&#215;20 cm. Cinca Nova Arquitectura Tangerine je proizvod iz Portugala te je izuzetno kvalitetna. Ova plo\u010dica je debela 6 mm i zato je izuzetno izdr\u017eljiva. Plo\u010dice narand\u017easte boje, su letos izuzetno tre\u017eene. Umesto 6101,9 RSD \u0161to je redovna maloprodajna cena keramike, u na\u0161oj online prodavnici, je mo\u017eete dobiti za samo 4881,75 RSD.<\/p>\n<p>Kliknite na ime serije za sve plo\u010dice u toj seriji: <a class=\"pdfcatal\" href=\"\/\/www.ceramictiles.com\/pdf\/cinca\/catalogue_cinca_nova arquitectura.pdf\" onclick=\"recordOutboundLink(this, 'E-mail', 'Description PDF');return false;\">Cinca Nova Arquitectura<\/a><\/p>\n<p>Da bi naru\u010dili model iz PDF kataloga ove serije, molimo vas, da nas kontaktirate na: <a href=\"mailto:zo_mi@ceramictiles.com\" onclick=\"recordOutboundLink(this, 'E-mail', 'Description mail');return false;\">zo_mi@ceramictiles.com<\/a> ili nas pozovite na: For exact offer, PLS send us quantity and product you need with delivery address..<\/p>\n<p>Technical description: <br \/> W &#038; F 30&#215;30 ; 20&#215;20 ; 10&#215;20 ; 15&#215;15 ; 10&#215;10 <br \/>Nova Arquitectura Cinza Prata ; Nova Arquitectura Jasmim ; Nova Arquitectura Cinza Chumbo ; Nova Arquitectura Bege Bahamas ; Nova Arquitectura \u00c2mbar ; Nova Arquitectura Bege Calahari ; Nova Arquitectura Azul Gelo ; Nova Arquitectura Branco ; Nova Arquitectura Verde Aqua ; Nova Arquitectura Cobalto ; Nova Arquitectura Preto ; Nova Arquitectura Burgundy ; Nova Arquitectura Tangerina ; Nova Arquitectura Mostarda ; Nova Arquitectura Rosa Champagne ; Nova Arquitectura Orqu\u00eddea ; Nova Arquitectura Salm\u00e3o ; Nova Arquitectura Conhaque ; Nova Arquitectura Azul Petr\u00f3leo ; Nova Arquitectura Verde Vitoriano ; Nova Arquitectura Carmim ; Nova Arquitectura Azul Caribe ; Nova Arquitectura Verde Menta ; Nova Arquitectura Azul Laguna ;<\/p>\n","protected":false},"excerpt":{"rendered":"<p>Plo\u010dica na sliki je 20&#215;20 cm. Cinca Nova Arquitectura Tangerine je proizvod iz Portugala te je izuzetno kvalitetna. Ova plo\u010dica je debela 6 mm i zato je izuzetno izdr\u017eljiva. Plo\u010dice narand\u017easte boje, su letos izuzetno tre\u017eene. Umesto 6101,9 RSD \u0161to je redovna maloprodajna cena keramike, u na\u0161oj online prodavnici, je mo\u017eete dobiti za samo 4881,75 [&hellip;]<\/p>\n","protected":false},"featured_media":92173,"template":"","meta":[],"product_cat":[999968,200,260,999,290,250],"product_tag":[],"_links":{"self":[{"href":"https:\/\/www.keramika.com\/srbija\/wp-json\/wp\/v2\/product\/92172"}],"collection":[{"href":"https:\/\/www.keramika.com\/srbija\/wp-json\/wp\/v2\/product"}],"about":[{"href":"https:\/\/www.keramika.com\/srbija\/wp-json\/wp\/v2\/types\/product"}],"wp:featuredmedia":[{"embeddable":true,"href":"https:\/\/www.keramika.com\/srbija\/wp-json\/wp\/v2\/media\/92173"}],"wp:attachment":[{"href":"https:\/\/www.keramika.com\/srbija\/wp-json\/wp\/v2\/media?parent=92172"}],"wp:term":[{"taxonomy":"product_cat","embeddable":true,"href":"https:\/\/www.keramika.com\/srbija\/wp-json\/wp\/v2\/product_cat?post=92172"},{"taxonomy":"product_tag","embeddable":true,"href":"https:\/\/www.keramika.com\/srbija\/wp-json\/wp\/v2\/product_tag?post=92172"}],"curies":[{"name":"wp","href":"https:\/\/api.w.org\/{rel}","templated":true}]}}