{"id":92154,"date":"2017-07-02T01:10:51","date_gmt":"2017-07-02T01:10:51","guid":{"rendered":"http:\/\/www.ceramictiles.com\/srbija\/product\/plocice-za-kupatilo-cinca-marmores-rupas-red\/"},"modified":"2026-01-02T00:03:08","modified_gmt":"2026-01-02T00:03:08","slug":"plocice-za-kupatilo-cinca-marmores-rupas-red","status":"publish","type":"product","link":"https:\/\/www.keramika.com\/srbija\/plocice-za-kupatilo-cinca-marmores-rupas-red\/","title":{"rendered":"Plo\u010dice za kupatilo Cinca Marmores Rupas Red"},"content":{"rendered":"<p>8 mm debljine je dovoljno za zahtevnije kupce. 6526,25 RSD je redovna prodajna cena keramike, tu pa samo 5221 RSD. Plo\u010dice dolaze iz Portugala, koja je poznata po kvalitetnoj keramiki. Keramika je prekrasne crvene boje. U koliko \u017eelite neku drugu boju, pozovite nas i mi \u0107emo proveriti kod proizvo\u0111a\u010da. Veli\u010dina plo\u010dice je 32&#215;32 cm i odli\u010dna je za razli\u010dite povr\u0161ine.<\/p>\n<p>Kliknite na ime serije za sve plo\u010dice u toj seriji: <a class=\"pdfcatal\" href=\"\/\/www.ceramictiles.com\/pdf\/cinca\/catalogue_cinca_marmores.pdf\" onclick=\"recordOutboundLink(this, 'E-mail', 'Description PDF');return false;\">Cinca Marmores<\/a><\/p>\n<p>Da bi naru\u010dili model iz PDF kataloga ove serije, molimo vas, da nas kontaktirate na: <a href=\"mailto:zo_mi@ceramictiles.com\" onclick=\"recordOutboundLink(this, 'E-mail', 'Description mail');return false;\">zo_mi@ceramictiles.com<\/a> ili nas pozovite na: For exact offer, PLS send us quantity and product you need with delivery address..<\/p>\n<p>Technical description: <br \/> W &#038; F 32&#215;55 ; 32&#215;32 <br \/>M\u00e1rmores Vermelho Rupas ; M\u00e1rmores Vermelho Alicante ; M\u00e1rmores Rosa ; M\u00e1rmores Rosa Portugal ; M\u00e1rmores Branco Carrara ; M\u00e1rmores Preto Marquinha ; M\u00e1rmores Travertino Bege ; M\u00e1rmores Travertino Noz ; M\u00e1rmores Creme Marfim ;<\/p>\n","protected":false},"excerpt":{"rendered":"<p>8 mm debljine je dovoljno za zahtevnije kupce. 6526,25 RSD je redovna prodajna cena keramike, tu pa samo 5221 RSD. Plo\u010dice dolaze iz Portugala, koja je poznata po kvalitetnoj keramiki. Keramika je prekrasne crvene boje. U koliko \u017eelite neku drugu boju, pozovite nas i mi \u0107emo proveriti kod proizvo\u0111a\u010da. Veli\u010dina plo\u010dice je 32&#215;32 cm i [&hellip;]<\/p>\n","protected":false},"featured_media":92155,"template":"","meta":[],"product_cat":[999968,200,220,240,999],"product_tag":[],"_links":{"self":[{"href":"https:\/\/www.keramika.com\/srbija\/wp-json\/wp\/v2\/product\/92154"}],"collection":[{"href":"https:\/\/www.keramika.com\/srbija\/wp-json\/wp\/v2\/product"}],"about":[{"href":"https:\/\/www.keramika.com\/srbija\/wp-json\/wp\/v2\/types\/product"}],"wp:featuredmedia":[{"embeddable":true,"href":"https:\/\/www.keramika.com\/srbija\/wp-json\/wp\/v2\/media\/92155"}],"wp:attachment":[{"href":"https:\/\/www.keramika.com\/srbija\/wp-json\/wp\/v2\/media?parent=92154"}],"wp:term":[{"taxonomy":"product_cat","embeddable":true,"href":"https:\/\/www.keramika.com\/srbija\/wp-json\/wp\/v2\/product_cat?post=92154"},{"taxonomy":"product_tag","embeddable":true,"href":"https:\/\/www.keramika.com\/srbija\/wp-json\/wp\/v2\/product_tag?post=92154"}],"curies":[{"name":"wp","href":"https:\/\/api.w.org\/{rel}","templated":true}]}}