{"id":92134,"date":"2017-07-02T01:07:47","date_gmt":"2017-07-02T01:07:47","guid":{"rendered":"http:\/\/www.ceramictiles.com\/srbija\/product\/podne-porcelanske-plocice-cinca-homero-leather\/"},"modified":"2026-01-02T00:03:05","modified_gmt":"2026-01-02T00:03:05","slug":"podne-porcelanske-plocice-cinca-homero-leather","status":"publish","type":"product","link":"https:\/\/www.keramika.com\/srbija\/podne-porcelanske-plocice-cinca-homero-leather\/","title":{"rendered":"Podne porcelanske plo\u010dice Cinca Homero Leather"},"content":{"rendered":"<p>Cinca Homero Leather je dostupna po vrlo povoljnim cenama 2461 RSD. Dimenzije ovih plo\u010dica su 33&#215;33 cm. Plo\u010dice dolaze iz Portugala, koja je poznata po kvalitetnoj keramiki. Izuzetno moderne plo\u010dice braon boje, osve\u017eit \u0107e svaki prostor. Ova plo\u010dica je debela 8 mm i zato je izuzetno izdr\u017eljiva.<\/p>\n<p>Kliknite na ime serije za sve plo\u010dice u toj seriji: <a class=\"pdfcatal\" href=\"\/\/www.ceramictiles.com\/pdf\/cinca\/catalogue_cinca_homero.pdf\" onclick=\"recordOutboundLink(this, 'E-mail', 'Description PDF');return false;\">Cinca Homero<\/a><\/p>\n<p>Da bi naru\u010dili model iz PDF kataloga ove serije, molimo vas, da nas kontaktirate na: <a href=\"mailto:zo_mi@ceramictiles.com\" onclick=\"recordOutboundLink(this, 'E-mail', 'Description mail');return false;\">zo_mi@ceramictiles.com<\/a> ili nas pozovite na: For exact offer, PLS send us quantity and product you need with delivery address..<\/p>\n<p>Technical description: <br \/> F 40&#215;40 ; 33&#215;33 <br \/>Homero Marfim ; Homero Cinza ; Homero Bege ; Homero Antracite ; Homero Couro ;<\/p>\n","protected":false},"excerpt":{"rendered":"<p>Cinca Homero Leather je dostupna po vrlo povoljnim cenama 2461 RSD. Dimenzije ovih plo\u010dica su 33&#215;33 cm. Plo\u010dice dolaze iz Portugala, koja je poznata po kvalitetnoj keramiki. Izuzetno moderne plo\u010dice braon boje, osve\u017eit \u0107e svaki prostor. Ova plo\u010dica je debela 8 mm i zato je izuzetno izdr\u017eljiva. Kliknite na ime serije za sve plo\u010dice u [&hellip;]<\/p>\n","protected":false},"featured_media":92135,"template":"","meta":[],"product_cat":[999968,200,230,240,999],"product_tag":[],"_links":{"self":[{"href":"https:\/\/www.keramika.com\/srbija\/wp-json\/wp\/v2\/product\/92134"}],"collection":[{"href":"https:\/\/www.keramika.com\/srbija\/wp-json\/wp\/v2\/product"}],"about":[{"href":"https:\/\/www.keramika.com\/srbija\/wp-json\/wp\/v2\/types\/product"}],"wp:featuredmedia":[{"embeddable":true,"href":"https:\/\/www.keramika.com\/srbija\/wp-json\/wp\/v2\/media\/92135"}],"wp:attachment":[{"href":"https:\/\/www.keramika.com\/srbija\/wp-json\/wp\/v2\/media?parent=92134"}],"wp:term":[{"taxonomy":"product_cat","embeddable":true,"href":"https:\/\/www.keramika.com\/srbija\/wp-json\/wp\/v2\/product_cat?post=92134"},{"taxonomy":"product_tag","embeddable":true,"href":"https:\/\/www.keramika.com\/srbija\/wp-json\/wp\/v2\/product_tag?post=92134"}],"curies":[{"name":"wp","href":"https:\/\/api.w.org\/{rel}","templated":true}]}}