{"id":92116,"date":"2017-07-02T01:05:12","date_gmt":"2017-07-02T01:05:12","guid":{"rendered":"http:\/\/www.ceramictiles.com\/srbija\/product\/podne-porcelanske-plocice-cinca-forum-gold\/"},"modified":"2026-01-02T00:03:02","modified_gmt":"2026-01-02T00:03:02","slug":"podne-porcelanske-plocice-cinca-forum-gold","status":"publish","type":"product","link":"https:\/\/www.keramika.com\/srbija\/podne-porcelanske-plocice-cinca-forum-gold\/","title":{"rendered":"Podne porcelanske plo\u010dice Cinca Forum Gold"},"content":{"rendered":"<p>Plo\u010dice zlate boje osvje\u017eit \u0107e svaki prostor. Online cena je samo 2995,75 RSD, dok redovna, maloprodajna cena 3744,4 RSD. 10 mm debljina \u0107e zadovoljiti i najzahtevnije kupce. Veli\u010dina 50&#215;50 cm je odli\u010dna za sve podloge. Cinca Forum Gold je proizvod iz Portugala te je izuzetno kvalitetna.<\/p>\n<p>Kliknite na ime serije za sve plo\u010dice u toj seriji: <a class=\"pdfcatal\" href=\"\/\/www.ceramictiles.com\/pdf\/cinca\/catalogue_cinca_forum.pdf\" onclick=\"recordOutboundLink(this, 'E-mail', 'Description PDF');return false;\">Cinca Forum<\/a><\/p>\n<p>Da bi naru\u010dili model iz PDF kataloga ove serije, molimo vas, da nas kontaktirate na: <a href=\"mailto:zo_mi@ceramictiles.com\" onclick=\"recordOutboundLink(this, 'E-mail', 'Description mail');return false;\">zo_mi@ceramictiles.com<\/a> ili nas pozovite na: For exact offer, PLS send us quantity and product you need with delivery address..<\/p>\n<p>Technical description: <br \/> F 50&#215;50 ; 33&#215;33 ; 16&#215;16 <br \/>Forum Branco ; Forum Ouro ; Forum Areia ; Forum Noz ;<\/p>\n","protected":false},"excerpt":{"rendered":"<p>Plo\u010dice zlate boje osvje\u017eit \u0107e svaki prostor. Online cena je samo 2995,75 RSD, dok redovna, maloprodajna cena 3744,4 RSD. 10 mm debljina \u0107e zadovoljiti i najzahtevnije kupce. Veli\u010dina 50&#215;50 cm je odli\u010dna za sve podloge. Cinca Forum Gold je proizvod iz Portugala te je izuzetno kvalitetna. Kliknite na ime serije za sve plo\u010dice u toj [&hellip;]<\/p>\n","protected":false},"featured_media":92117,"template":"","meta":[],"product_cat":[999968,200,240,260,999,290],"product_tag":[],"_links":{"self":[{"href":"https:\/\/www.keramika.com\/srbija\/wp-json\/wp\/v2\/product\/92116"}],"collection":[{"href":"https:\/\/www.keramika.com\/srbija\/wp-json\/wp\/v2\/product"}],"about":[{"href":"https:\/\/www.keramika.com\/srbija\/wp-json\/wp\/v2\/types\/product"}],"wp:featuredmedia":[{"embeddable":true,"href":"https:\/\/www.keramika.com\/srbija\/wp-json\/wp\/v2\/media\/92117"}],"wp:attachment":[{"href":"https:\/\/www.keramika.com\/srbija\/wp-json\/wp\/v2\/media?parent=92116"}],"wp:term":[{"taxonomy":"product_cat","embeddable":true,"href":"https:\/\/www.keramika.com\/srbija\/wp-json\/wp\/v2\/product_cat?post=92116"},{"taxonomy":"product_tag","embeddable":true,"href":"https:\/\/www.keramika.com\/srbija\/wp-json\/wp\/v2\/product_tag?post=92116"}],"curies":[{"name":"wp","href":"https:\/\/api.w.org\/{rel}","templated":true}]}}