{"id":92100,"date":"2017-07-02T01:02:42","date_gmt":"2017-07-02T01:02:42","guid":{"rendered":"http:\/\/www.ceramictiles.com\/srbija\/product\/podne-i-zidne-plocice-cinca-dunas-black\/"},"modified":"2026-01-02T00:03:00","modified_gmt":"2026-01-02T00:03:00","slug":"podne-i-zidne-plocice-cinca-dunas-black","status":"publish","type":"product","link":"https:\/\/www.keramika.com\/srbija\/podne-i-zidne-plocice-cinca-dunas-black\/","title":{"rendered":"Podne i zidne plo\u010dice Cinca Dunas Black"},"content":{"rendered":"<p>Online cena je samo 2737 RSD, dok redovna, maloprodajna cena 3421,25 RSD. Plo\u010dice crne boje, su letos izuzetno tre\u017eene. Cinca Dunas Black je proizvod iz Portugala te je izuzetno kvalitetna. Veli\u010dina ove plo\u010dice je 33&#215;45 cm. Debljina 9 mm \u010dini plo\u010dicu vrlo izdr\u017eljivom i prijatnom na dodir.<\/p>\n<p>Kliknite na ime serije za sve plo\u010dice u toj seriji: <a class=\"pdfcatal\" href=\"\/\/www.ceramictiles.com\/pdf\/cinca\/catalogue_cinca_dunas.pdf\" onclick=\"recordOutboundLink(this, 'E-mail', 'Description PDF');return false;\">Cinca Dunas<\/a><\/p>\n<p>Da bi naru\u010dili model iz PDF kataloga ove serije, molimo vas, da nas kontaktirate na: <a href=\"mailto:zo_mi@ceramictiles.com\" onclick=\"recordOutboundLink(this, 'E-mail', 'Description mail');return false;\">zo_mi@ceramictiles.com<\/a> ili nas pozovite na: For exact offer, PLS send us quantity and product you need with delivery address..<\/p>\n<p>Technical description: <br \/> W &#038; F 33&#215;45 ; 33&#215;33 <br \/>Dunas Branco ; Dunas P\u00e9rola ; Dunas Verde ; Dunas Verde \u00c1gua ; Dunas Amarelo ; Dunas Vermelho ; Dunas Preto ;<\/p>\n","protected":false},"excerpt":{"rendered":"<p>Online cena je samo 2737 RSD, dok redovna, maloprodajna cena 3421,25 RSD. Plo\u010dice crne boje, su letos izuzetno tre\u017eene. Cinca Dunas Black je proizvod iz Portugala te je izuzetno kvalitetna. Veli\u010dina ove plo\u010dice je 33&#215;45 cm. Debljina 9 mm \u010dini plo\u010dicu vrlo izdr\u017eljivom i prijatnom na dodir. Kliknite na ime serije za sve plo\u010dice u [&hellip;]<\/p>\n","protected":false},"featured_media":92101,"template":"","meta":[],"product_cat":[999968,200,220,999,250],"product_tag":[],"_links":{"self":[{"href":"https:\/\/www.keramika.com\/srbija\/wp-json\/wp\/v2\/product\/92100"}],"collection":[{"href":"https:\/\/www.keramika.com\/srbija\/wp-json\/wp\/v2\/product"}],"about":[{"href":"https:\/\/www.keramika.com\/srbija\/wp-json\/wp\/v2\/types\/product"}],"wp:featuredmedia":[{"embeddable":true,"href":"https:\/\/www.keramika.com\/srbija\/wp-json\/wp\/v2\/media\/92101"}],"wp:attachment":[{"href":"https:\/\/www.keramika.com\/srbija\/wp-json\/wp\/v2\/media?parent=92100"}],"wp:term":[{"taxonomy":"product_cat","embeddable":true,"href":"https:\/\/www.keramika.com\/srbija\/wp-json\/wp\/v2\/product_cat?post=92100"},{"taxonomy":"product_tag","embeddable":true,"href":"https:\/\/www.keramika.com\/srbija\/wp-json\/wp\/v2\/product_tag?post=92100"}],"curies":[{"name":"wp","href":"https:\/\/api.w.org\/{rel}","templated":true}]}}