{"id":92086,"date":"2017-07-02T01:00:30","date_gmt":"2017-07-02T01:00:30","guid":{"rendered":"http:\/\/www.ceramictiles.com\/srbija\/product\/porcelanske-plocice-cinca-celtic-itanium\/"},"modified":"2026-01-02T00:02:58","modified_gmt":"2026-01-02T00:02:58","slug":"porcelanske-plocice-cinca-celtic-itanium","status":"publish","type":"product","link":"https:\/\/www.keramika.com\/srbija\/porcelanske-plocice-cinca-celtic-itanium\/","title":{"rendered":"Porcelanske plo\u010dice Cinca Celtic itanium"},"content":{"rendered":"<p>Redovna cena, ovih plo\u010dica u maloprodaji je 4593,1 RSD. U na\u0161oj online trgovini, je mo\u017eete kupiti za 3674,25 RSD. Keramika je prekrasne sive boje. U koliko \u017eelite neku drugu boju, pozovite nas i mi \u0107emo proveriti kod proizvo\u0111a\u010da. Plo\u010dica na sliki je 50&#215;50 cm. plo\u010dica proizvo\u0111a\u010da Cinca iz Portugala. 10 mm debljine je dovoljno za zahtevnije kupce.<\/p>\n<p>Kliknite na ime serije za sve plo\u010dice u toj seriji: <a class=\"pdfcatal\" href=\"\/\/www.ceramictiles.com\/pdf\/cinca\/catalogue_cinca_celtic.pdf\" onclick=\"recordOutboundLink(this, 'E-mail', 'Description PDF');return false;\">Cinca Celtic<\/a><\/p>\n<p>Da bi naru\u010dili model iz PDF kataloga ove serije, molimo vas, da nas kontaktirate na: <a href=\"mailto:zo_mi@ceramictiles.com\" onclick=\"recordOutboundLink(this, 'E-mail', 'Description mail');return false;\">zo_mi@ceramictiles.com<\/a> ili nas pozovite na: For exact offer, PLS send us quantity and product you need with delivery address..<\/p>\n<p>Technical description: <br \/>  F 49&#215;49 ; 50&#215;50 <br \/>Celtic Marfim ; Celtic Tit\u00e2nio ; Celtic Cinza ; Celtic Antracite ;<\/p>\n","protected":false},"excerpt":{"rendered":"<p>Redovna cena, ovih plo\u010dica u maloprodaji je 4593,1 RSD. U na\u0161oj online trgovini, je mo\u017eete kupiti za 3674,25 RSD. Keramika je prekrasne sive boje. U koliko \u017eelite neku drugu boju, pozovite nas i mi \u0107emo proveriti kod proizvo\u0111a\u010da. Plo\u010dica na sliki je 50&#215;50 cm. plo\u010dica proizvo\u0111a\u010da Cinca iz Portugala. 10 mm debljine je dovoljno za [&hellip;]<\/p>\n","protected":false},"featured_media":92087,"template":"","meta":[],"product_cat":[999968,200,240,999,290],"product_tag":[],"_links":{"self":[{"href":"https:\/\/www.keramika.com\/srbija\/wp-json\/wp\/v2\/product\/92086"}],"collection":[{"href":"https:\/\/www.keramika.com\/srbija\/wp-json\/wp\/v2\/product"}],"about":[{"href":"https:\/\/www.keramika.com\/srbija\/wp-json\/wp\/v2\/types\/product"}],"wp:featuredmedia":[{"embeddable":true,"href":"https:\/\/www.keramika.com\/srbija\/wp-json\/wp\/v2\/media\/92087"}],"wp:attachment":[{"href":"https:\/\/www.keramika.com\/srbija\/wp-json\/wp\/v2\/media?parent=92086"}],"wp:term":[{"taxonomy":"product_cat","embeddable":true,"href":"https:\/\/www.keramika.com\/srbija\/wp-json\/wp\/v2\/product_cat?post=92086"},{"taxonomy":"product_tag","embeddable":true,"href":"https:\/\/www.keramika.com\/srbija\/wp-json\/wp\/v2\/product_tag?post=92086"}],"curies":[{"name":"wp","href":"https:\/\/api.w.org\/{rel}","templated":true}]}}