{"id":92070,"date":"2017-07-02T00:58:02","date_gmt":"2017-07-02T00:58:02","guid":{"rendered":"http:\/\/www.ceramictiles.com\/srbija\/product\/podne-i-zidne-plocice-cinca-berlin-matt-beige\/"},"modified":"2026-01-02T00:02:55","modified_gmt":"2026-01-02T00:02:55","slug":"podne-i-zidne-plocice-cinca-berlin-matt-beige","status":"publish","type":"product","link":"https:\/\/www.keramika.com\/srbija\/podne-i-zidne-plocice-cinca-berlin-matt-beige\/","title":{"rendered":"Podne i zidne plo\u010dice Cinca Berlin Matt Beige"},"content":{"rendered":"<p>plo\u010dica proizvo\u0111a\u010da Cinca iz Portugala. Cinca Berlin Matt Beige je dostupna po vrlo povoljnim cenama 2081,5 RSD. U izboru plo\u010dica be\u017e boje, ne mo\u017eete pogre\u0161iti. 8 mm debljine je dovoljno za zahtevnije kupce. \u0160irina i du\u017eina plo\u010dice su 25&#215;45 cm.<\/p>\n<p>Kliknite na ime serije za sve plo\u010dice u toj seriji: <a class=\"pdfcatal\" href=\"\/\/www.ceramictiles.com\/pdf\/cinca\/catalogue_cinca_berlin.pdf\" onclick=\"recordOutboundLink(this, 'E-mail', 'Description PDF');return false;\">Cinca Berlin<\/a><\/p>\n<p>Da bi naru\u010dili model iz PDF kataloga ove serije, molimo vas, da nas kontaktirate na: <a href=\"mailto:zo_mi@ceramictiles.com\" onclick=\"recordOutboundLink(this, 'E-mail', 'Description mail');return false;\">zo_mi@ceramictiles.com<\/a> ili nas pozovite na: For exact offer, PLS send us quantity and product you need with delivery address..<\/p>\n<p>Technical description: <br \/> W &#038; F 25&#215;45 ; 25&#215;33 ; 33&#215;33 <br \/>Berlin Bege  ; Berlin Cinza  ;<\/p>\n","protected":false},"excerpt":{"rendered":"<p>plo\u010dica proizvo\u0111a\u010da Cinca iz Portugala. Cinca Berlin Matt Beige je dostupna po vrlo povoljnim cenama 2081,5 RSD. U izboru plo\u010dica be\u017e boje, ne mo\u017eete pogre\u0161iti. 8 mm debljine je dovoljno za zahtevnije kupce. \u0160irina i du\u017eina plo\u010dice su 25&#215;45 cm. Kliknite na ime serije za sve plo\u010dice u toj seriji: Cinca Berlin Da bi naru\u010dili [&hellip;]<\/p>\n","protected":false},"featured_media":92071,"template":"","meta":[],"product_cat":[999968,200,220,999,250],"product_tag":[],"_links":{"self":[{"href":"https:\/\/www.keramika.com\/srbija\/wp-json\/wp\/v2\/product\/92070"}],"collection":[{"href":"https:\/\/www.keramika.com\/srbija\/wp-json\/wp\/v2\/product"}],"about":[{"href":"https:\/\/www.keramika.com\/srbija\/wp-json\/wp\/v2\/types\/product"}],"wp:featuredmedia":[{"embeddable":true,"href":"https:\/\/www.keramika.com\/srbija\/wp-json\/wp\/v2\/media\/92071"}],"wp:attachment":[{"href":"https:\/\/www.keramika.com\/srbija\/wp-json\/wp\/v2\/media?parent=92070"}],"wp:term":[{"taxonomy":"product_cat","embeddable":true,"href":"https:\/\/www.keramika.com\/srbija\/wp-json\/wp\/v2\/product_cat?post=92070"},{"taxonomy":"product_tag","embeddable":true,"href":"https:\/\/www.keramika.com\/srbija\/wp-json\/wp\/v2\/product_tag?post=92070"}],"curies":[{"name":"wp","href":"https:\/\/api.w.org\/{rel}","templated":true}]}}