{"id":90956,"date":"2017-07-01T22:40:49","date_gmt":"2017-07-01T22:40:49","guid":{"rendered":"http:\/\/www.ceramictiles.com\/srbija\/product\/myr-travertino-cobre\/"},"modified":"2026-01-01T00:03:11","modified_gmt":"2026-01-01T00:03:11","slug":"myr-travertino-cobre","status":"publish","type":"product","link":"https:\/\/www.keramika.com\/srbija\/myr-travertino-cobre\/","title":{"rendered":"Myr Travertino Cobre"},"content":{"rendered":"<p>9 mm debljine je dovoljno za zahtevnije kupce. Veli\u010dina ove plo\u010dice je 25&#215;40 cm. Zbog ni\u017eih tro\u0161kova, online prodaje, Vi \u0107e te na na\u0161oj strani ove plo\u010de platiti samo 1857.25 RSD. Izuzetno moderne plo\u010dice braon boje, osve\u017eit \u0107e svaki prostor. Myr Travertino Cobre je proizvod iz \u0160panije te je izuzetno kvalitetna.<\/p>\n<p>Kliknite na ime serije za sve plo\u010dice u toj seriji: <a class=\"pdfcatal\" href=\"\/\/www.ceramictiles.com\/pdf\/myr\/catalogue_ceramicasmyr_travertino.pdf\" onclick=\"recordOutboundLink(this, 'E-mail', 'Description PDF');return false;\">Ceramicas MYR Travertino<\/a><\/p>\n<p>Da bi naru\u010dili model iz PDF kataloga ove serije, molimo vas, da nas kontaktirate na: <a href=\"mailto:zo_mi@ceramictiles.com\" onclick=\"recordOutboundLink(this, 'E-mail', 'Description mail');return false;\">zo_mi@ceramictiles.com<\/a> ili nas pozovite na: For exact offer, PLS send us quantity and product you need with delivery address..<\/p>\n","protected":false},"excerpt":{"rendered":"<p>9 mm debljine je dovoljno za zahtevnije kupce. Veli\u010dina ove plo\u010dice je 25&#215;40 cm. Zbog ni\u017eih tro\u0161kova, online prodaje, Vi \u0107e te na na\u0161oj strani ove plo\u010de platiti samo 1857.25 RSD. Izuzetno moderne plo\u010dice braon boje, osve\u017eit \u0107e svaki prostor. Myr Travertino Cobre je proizvod iz \u0160panije te je izuzetno kvalitetna. Kliknite na ime serije [&hellip;]<\/p>\n","protected":false},"featured_media":90957,"template":"","meta":[],"product_cat":[99910,200,220,999,250],"product_tag":[],"_links":{"self":[{"href":"https:\/\/www.keramika.com\/srbija\/wp-json\/wp\/v2\/product\/90956"}],"collection":[{"href":"https:\/\/www.keramika.com\/srbija\/wp-json\/wp\/v2\/product"}],"about":[{"href":"https:\/\/www.keramika.com\/srbija\/wp-json\/wp\/v2\/types\/product"}],"wp:featuredmedia":[{"embeddable":true,"href":"https:\/\/www.keramika.com\/srbija\/wp-json\/wp\/v2\/media\/90957"}],"wp:attachment":[{"href":"https:\/\/www.keramika.com\/srbija\/wp-json\/wp\/v2\/media?parent=90956"}],"wp:term":[{"taxonomy":"product_cat","embeddable":true,"href":"https:\/\/www.keramika.com\/srbija\/wp-json\/wp\/v2\/product_cat?post=90956"},{"taxonomy":"product_tag","embeddable":true,"href":"https:\/\/www.keramika.com\/srbija\/wp-json\/wp\/v2\/product_tag?post=90956"}],"curies":[{"name":"wp","href":"https:\/\/api.w.org\/{rel}","templated":true}]}}