{"id":90924,"date":"2017-07-01T22:35:43","date_gmt":"2017-07-01T22:35:43","guid":{"rendered":"http:\/\/www.ceramictiles.com\/srbija\/product\/myr-gala-negro\/"},"modified":"2026-01-01T00:03:06","modified_gmt":"2026-01-01T00:03:06","slug":"myr-gala-negro","status":"publish","type":"product","link":"https:\/\/www.keramika.com\/srbija\/myr-gala-negro\/","title":{"rendered":"Myr Gala Negro"},"content":{"rendered":"<p>Myr Gala Negro dolazi iz \u0160panije, koja je poznata po vrlo visokoj kvaliteta keramike u svetu. Online cena je samo 1857.25 RSD, dok redovna, maloprodajna cena 2320.7 RSD. Veli\u010dina ove plo\u010dice je 20&#215;60 cm. Ove crne kerami\u010dke plo\u010dice, obogatit \u0107e svaki prostor. Debljina plo\u010dice, je vrlo va\u017ena 9 mm i ubraja tu plo\u010dicu me\u0111u najkvalitetnije.<\/p>\n<p>Kliknite na ime serije za sve plo\u010dice u toj seriji: <a class=\"pdfcatal\" href=\"\/\/www.ceramictiles.com\/pdf\/myr\/catalogue_ceramicasmyr_gala.pdf\" onclick=\"recordOutboundLink(this, 'E-mail', 'Description PDF');return false;\">Ceramicas MYR Gala<\/a><\/p>\n<p>Da bi naru\u010dili model iz PDF kataloga ove serije, molimo vas, da nas kontaktirate na: <a href=\"mailto:zo_mi@ceramictiles.com\" onclick=\"recordOutboundLink(this, 'E-mail', 'Description mail');return false;\">zo_mi@ceramictiles.com<\/a> ili nas pozovite na: For exact offer, PLS send us quantity and product you need with delivery address..<\/p>\n","protected":false},"excerpt":{"rendered":"<p>Myr Gala Negro dolazi iz \u0160panije, koja je poznata po vrlo visokoj kvaliteta keramike u svetu. Online cena je samo 1857.25 RSD, dok redovna, maloprodajna cena 2320.7 RSD. Veli\u010dina ove plo\u010dice je 20&#215;60 cm. Ove crne kerami\u010dke plo\u010dice, obogatit \u0107e svaki prostor. Debljina plo\u010dice, je vrlo va\u017ena 9 mm i ubraja tu plo\u010dicu me\u0111u najkvalitetnije. [&hellip;]<\/p>\n","protected":false},"featured_media":90925,"template":"","meta":[],"product_cat":[99910,200,220,999,250],"product_tag":[],"_links":{"self":[{"href":"https:\/\/www.keramika.com\/srbija\/wp-json\/wp\/v2\/product\/90924"}],"collection":[{"href":"https:\/\/www.keramika.com\/srbija\/wp-json\/wp\/v2\/product"}],"about":[{"href":"https:\/\/www.keramika.com\/srbija\/wp-json\/wp\/v2\/types\/product"}],"wp:featuredmedia":[{"embeddable":true,"href":"https:\/\/www.keramika.com\/srbija\/wp-json\/wp\/v2\/media\/90925"}],"wp:attachment":[{"href":"https:\/\/www.keramika.com\/srbija\/wp-json\/wp\/v2\/media?parent=90924"}],"wp:term":[{"taxonomy":"product_cat","embeddable":true,"href":"https:\/\/www.keramika.com\/srbija\/wp-json\/wp\/v2\/product_cat?post=90924"},{"taxonomy":"product_tag","embeddable":true,"href":"https:\/\/www.keramika.com\/srbija\/wp-json\/wp\/v2\/product_tag?post=90924"}],"curies":[{"name":"wp","href":"https:\/\/api.w.org\/{rel}","templated":true}]}}