{"id":90394,"date":"2017-07-01T21:17:54","date_gmt":"2017-07-01T21:17:54","guid":{"rendered":"http:\/\/www.ceramictiles.com\/srbija\/product\/rocersa-pixel-tes-azul\/"},"modified":"2026-01-01T00:02:01","modified_gmt":"2026-01-01T00:02:01","slug":"rocersa-pixel-tes-azul","status":"publish","type":"product","link":"https:\/\/www.keramika.com\/srbija\/rocersa-pixel-tes-azul\/","title":{"rendered":"Rocersa Pixel-Tes Azul"},"content":{"rendered":"<p>Keramika je prekrasne plave boje. U koliko \u017eelite neku drugu boju, pozovite nas i mi \u0107emo proveriti kod proizvo\u0111a\u010da. Veli\u010dina 31.6&#215;31.6 cm je odli\u010dna za sve podloge. plo\u010dica proizvo\u0111a\u010da Rocersa Ceramica iz \u0160panije. Online cena je samo 2065.4 RSD, dok redovna, maloprodajna cena 2580.6 RSD. 9 mm debljina \u0107e zadovoljiti i najzahtevnije kupce.<\/p>\n<p>Kliknite na ime serije za sve plo\u010dice u toj seriji: <a class=\"pdfcatal\" href=\"\/\/www.ceramictiles.com\/pdf\/rocersa\/catalogue_rocersa_pixel.pdf\" onclick=\"recordOutboundLink(this, 'E-mail', 'Description PDF');return false;\">Rocersa Ceramica Pixel<\/a><\/p>\n<p>Da bi naru\u010dili model iz PDF kataloga ove serije, molimo vas, da nas kontaktirate na: <a href=\"mailto:zo_mi@ceramictiles.com\" onclick=\"recordOutboundLink(this, 'E-mail', 'Description mail');return false;\">zo_mi@ceramictiles.com<\/a> ili nas pozovite na: For exact offer, PLS send us quantity and product you need with delivery address..<\/p>\n","protected":false},"excerpt":{"rendered":"<p>Keramika je prekrasne plave boje. U koliko \u017eelite neku drugu boju, pozovite nas i mi \u0107emo proveriti kod proizvo\u0111a\u010da. Veli\u010dina 31.6&#215;31.6 cm je odli\u010dna za sve podloge. plo\u010dica proizvo\u0111a\u010da Rocersa Ceramica iz \u0160panije. Online cena je samo 2065.4 RSD, dok redovna, maloprodajna cena 2580.6 RSD. 9 mm debljina \u0107e zadovoljiti i najzahtevnije kupce. Kliknite na [&hellip;]<\/p>\n","protected":false},"featured_media":90395,"template":"","meta":[],"product_cat":[200,999,99921437,250],"product_tag":[],"_links":{"self":[{"href":"https:\/\/www.keramika.com\/srbija\/wp-json\/wp\/v2\/product\/90394"}],"collection":[{"href":"https:\/\/www.keramika.com\/srbija\/wp-json\/wp\/v2\/product"}],"about":[{"href":"https:\/\/www.keramika.com\/srbija\/wp-json\/wp\/v2\/types\/product"}],"wp:featuredmedia":[{"embeddable":true,"href":"https:\/\/www.keramika.com\/srbija\/wp-json\/wp\/v2\/media\/90395"}],"wp:attachment":[{"href":"https:\/\/www.keramika.com\/srbija\/wp-json\/wp\/v2\/media?parent=90394"}],"wp:term":[{"taxonomy":"product_cat","embeddable":true,"href":"https:\/\/www.keramika.com\/srbija\/wp-json\/wp\/v2\/product_cat?post=90394"},{"taxonomy":"product_tag","embeddable":true,"href":"https:\/\/www.keramika.com\/srbija\/wp-json\/wp\/v2\/product_tag?post=90394"}],"curies":[{"name":"wp","href":"https:\/\/api.w.org\/{rel}","templated":true}]}}