{"id":90390,"date":"2017-07-01T21:17:15","date_gmt":"2017-07-01T21:17:15","guid":{"rendered":"http:\/\/www.ceramictiles.com\/srbija\/product\/rocersa-palace-arena\/"},"modified":"2026-01-01T00:02:00","modified_gmt":"2026-01-01T00:02:00","slug":"rocersa-palace-arena","status":"publish","type":"product","link":"https:\/\/www.keramika.com\/srbija\/rocersa-palace-arena\/","title":{"rendered":"Rocersa Palace Arena"},"content":{"rendered":"<p>10 mm debljina \u0107e zadovoljiti i najzahtevnije kupce. Rocersa Palace Arena je proizvod iz \u0160panije te je izuzetno kvalitetna. Veli\u010dina 60&#215;60 cm je odli\u010dna za sve podloge. Plo\u010dice be\u017e boje osvje\u017eit \u0107e svaki prostor. U maloprodaji bi morali za tu plo\u010dicu platiti 3225.75 RSD, online cena je samo 2580.6 RSD.<\/p>\n<p>Kliknite na ime serije za sve plo\u010dice u toj seriji: <a class=\"pdfcatal\" href=\"\/\/www.ceramictiles.com\/pdf\/rocersa\/catalogue_rocersa_palace.pdf\" onclick=\"recordOutboundLink(this, 'E-mail', 'Description PDF');return false;\">Rocersa Ceramica Palace<\/a><\/p>\n<p>Da bi naru\u010dili model iz PDF kataloga ove serije, molimo vas, da nas kontaktirate na: <a href=\"mailto:zo_mi@ceramictiles.com\" onclick=\"recordOutboundLink(this, 'E-mail', 'Description mail');return false;\">zo_mi@ceramictiles.com<\/a> ili nas pozovite na: For exact offer, PLS send us quantity and product you need with delivery address..<\/p>\n","protected":false},"excerpt":{"rendered":"<p>10 mm debljina \u0107e zadovoljiti i najzahtevnije kupce. Rocersa Palace Arena je proizvod iz \u0160panije te je izuzetno kvalitetna. Veli\u010dina 60&#215;60 cm je odli\u010dna za sve podloge. Plo\u010dice be\u017e boje osvje\u017eit \u0107e svaki prostor. U maloprodaji bi morali za tu plo\u010dicu platiti 3225.75 RSD, online cena je samo 2580.6 RSD. Kliknite na ime serije za [&hellip;]<\/p>\n","protected":false},"featured_media":90391,"template":"","meta":[],"product_cat":[200,240,999,99921437],"product_tag":[],"_links":{"self":[{"href":"https:\/\/www.keramika.com\/srbija\/wp-json\/wp\/v2\/product\/90390"}],"collection":[{"href":"https:\/\/www.keramika.com\/srbija\/wp-json\/wp\/v2\/product"}],"about":[{"href":"https:\/\/www.keramika.com\/srbija\/wp-json\/wp\/v2\/types\/product"}],"wp:featuredmedia":[{"embeddable":true,"href":"https:\/\/www.keramika.com\/srbija\/wp-json\/wp\/v2\/media\/90391"}],"wp:attachment":[{"href":"https:\/\/www.keramika.com\/srbija\/wp-json\/wp\/v2\/media?parent=90390"}],"wp:term":[{"taxonomy":"product_cat","embeddable":true,"href":"https:\/\/www.keramika.com\/srbija\/wp-json\/wp\/v2\/product_cat?post=90390"},{"taxonomy":"product_tag","embeddable":true,"href":"https:\/\/www.keramika.com\/srbija\/wp-json\/wp\/v2\/product_tag?post=90390"}],"curies":[{"name":"wp","href":"https:\/\/api.w.org\/{rel}","templated":true}]}}