{"id":90348,"date":"2017-07-01T21:10:13","date_gmt":"2017-07-01T21:10:13","guid":{"rendered":"http:\/\/www.ceramictiles.com\/srbija\/product\/rocersa-fit-0-beige\/"},"modified":"2026-01-01T00:01:55","modified_gmt":"2026-01-01T00:01:55","slug":"rocersa-fit-0-beige","status":"publish","type":"product","link":"https:\/\/www.keramika.com\/srbija\/rocersa-fit-0-beige\/","title":{"rendered":"Rocersa Fit-0 Beige"},"content":{"rendered":"<p>9 mm debljine je dovoljno za zahtevnije kupce. Rocersa Fit-0 Beige je dostupna po vrlo povoljnim cenama 2040.1 RSD. Plo\u010dice be\u017e boje, su letos izuzetno tre\u017eene. Ove plo\u010dice dolaze od proizvo\u0111a\u010da Rocersa Ceramica, iz \u0160panije. Dimenzije ovih plo\u010dica su 31.6&#215;59.34 cm.<\/p>\n<p>Kliknite na ime serije za sve plo\u010dice u toj seriji: <a class=\"pdfcatal\" href=\"\/\/www.ceramictiles.com\/pdf\/rocersa\/catalogue_rocersa_fit.pdf\" onclick=\"recordOutboundLink(this, 'E-mail', 'Description PDF');return false;\">Rocersa Ceramica Fit<\/a><\/p>\n<p>Da bi naru\u010dili model iz PDF kataloga ove serije, molimo vas, da nas kontaktirate na: <a href=\"mailto:zo_mi@ceramictiles.com\" onclick=\"recordOutboundLink(this, 'E-mail', 'Description mail');return false;\">zo_mi@ceramictiles.com<\/a> ili nas pozovite na: For exact offer, PLS send us quantity and product you need with delivery address..<\/p>\n","protected":false},"excerpt":{"rendered":"<p>9 mm debljine je dovoljno za zahtevnije kupce. Rocersa Fit-0 Beige je dostupna po vrlo povoljnim cenama 2040.1 RSD. Plo\u010dice be\u017e boje, su letos izuzetno tre\u017eene. Ove plo\u010dice dolaze od proizvo\u0111a\u010da Rocersa Ceramica, iz \u0160panije. Dimenzije ovih plo\u010dica su 31.6&#215;59.34 cm. Kliknite na ime serije za sve plo\u010dice u toj seriji: Rocersa Ceramica Fit Da [&hellip;]<\/p>\n","protected":false},"featured_media":90349,"template":"","meta":[],"product_cat":[200,999,99921437,250],"product_tag":[],"_links":{"self":[{"href":"https:\/\/www.keramika.com\/srbija\/wp-json\/wp\/v2\/product\/90348"}],"collection":[{"href":"https:\/\/www.keramika.com\/srbija\/wp-json\/wp\/v2\/product"}],"about":[{"href":"https:\/\/www.keramika.com\/srbija\/wp-json\/wp\/v2\/types\/product"}],"wp:featuredmedia":[{"embeddable":true,"href":"https:\/\/www.keramika.com\/srbija\/wp-json\/wp\/v2\/media\/90349"}],"wp:attachment":[{"href":"https:\/\/www.keramika.com\/srbija\/wp-json\/wp\/v2\/media?parent=90348"}],"wp:term":[{"taxonomy":"product_cat","embeddable":true,"href":"https:\/\/www.keramika.com\/srbija\/wp-json\/wp\/v2\/product_cat?post=90348"},{"taxonomy":"product_tag","embeddable":true,"href":"https:\/\/www.keramika.com\/srbija\/wp-json\/wp\/v2\/product_tag?post=90348"}],"curies":[{"name":"wp","href":"https:\/\/api.w.org\/{rel}","templated":true}]}}