{"id":90310,"date":"2017-07-01T21:03:49","date_gmt":"2017-07-01T21:03:49","guid":{"rendered":"http:\/\/www.ceramictiles.com\/srbija\/product\/rocersa-balance-marfil\/"},"modified":"2026-01-01T00:01:50","modified_gmt":"2026-01-01T00:01:50","slug":"rocersa-balance-marfil","status":"publish","type":"product","link":"https:\/\/www.keramika.com\/srbija\/rocersa-balance-marfil\/","title":{"rendered":"Rocersa Balance Marfil"},"content":{"rendered":"<p>Redovna cena, ovih plo\u010dica u maloprodaji je 2642.7 RSD. U na\u0161oj online trgovini, je mo\u017eete kupiti za 2113.7 RSD. Rocersa Balance Marfil dolazi iz \u0160panije, koja je poznata po vrlo visokoj kvaliteta keramike u svetu. Plo\u010dice be\u017e boje osvje\u017eit \u0107e svaki prostor. Veli\u010dina 31.6&#215;59.34 cm je odli\u010dna za sve podloge. Ova plo\u010dica je debela 9 mm i zato je izuzetno izdr\u017eljiva.<\/p>\n<p>Kliknite na ime serije za sve plo\u010dice u toj seriji: <a class=\"pdfcatal\" href=\"\/\/www.ceramictiles.com\/pdf\/rocersa\/catalogue_rocersa_balance.pdf\" onclick=\"recordOutboundLink(this, 'E-mail', 'Description PDF');return false;\">Rocersa Ceramica Balance<\/a><\/p>\n<p>Da bi naru\u010dili model iz PDF kataloga ove serije, molimo vas, da nas kontaktirate na: <a href=\"mailto:zo_mi@ceramictiles.com\" onclick=\"recordOutboundLink(this, 'E-mail', 'Description mail');return false;\">zo_mi@ceramictiles.com<\/a> ili nas pozovite na: For exact offer, PLS send us quantity and product you need with delivery address..<\/p>\n","protected":false},"excerpt":{"rendered":"<p>Redovna cena, ovih plo\u010dica u maloprodaji je 2642.7 RSD. U na\u0161oj online trgovini, je mo\u017eete kupiti za 2113.7 RSD. Rocersa Balance Marfil dolazi iz \u0160panije, koja je poznata po vrlo visokoj kvaliteta keramike u svetu. Plo\u010dice be\u017e boje osvje\u017eit \u0107e svaki prostor. Veli\u010dina 31.6&#215;59.34 cm je odli\u010dna za sve podloge. Ova plo\u010dica je debela 9 [&hellip;]<\/p>\n","protected":false},"featured_media":90311,"template":"","meta":[],"product_cat":[200,999,99921437,250],"product_tag":[],"_links":{"self":[{"href":"https:\/\/www.keramika.com\/srbija\/wp-json\/wp\/v2\/product\/90310"}],"collection":[{"href":"https:\/\/www.keramika.com\/srbija\/wp-json\/wp\/v2\/product"}],"about":[{"href":"https:\/\/www.keramika.com\/srbija\/wp-json\/wp\/v2\/types\/product"}],"wp:featuredmedia":[{"embeddable":true,"href":"https:\/\/www.keramika.com\/srbija\/wp-json\/wp\/v2\/media\/90311"}],"wp:attachment":[{"href":"https:\/\/www.keramika.com\/srbija\/wp-json\/wp\/v2\/media?parent=90310"}],"wp:term":[{"taxonomy":"product_cat","embeddable":true,"href":"https:\/\/www.keramika.com\/srbija\/wp-json\/wp\/v2\/product_cat?post=90310"},{"taxonomy":"product_tag","embeddable":true,"href":"https:\/\/www.keramika.com\/srbija\/wp-json\/wp\/v2\/product_tag?post=90310"}],"curies":[{"name":"wp","href":"https:\/\/api.w.org\/{rel}","templated":true}]}}