{"id":90152,"date":"2017-07-01T20:37:53","date_gmt":"2017-07-01T20:37:53","guid":{"rendered":"http:\/\/www.ceramictiles.com\/srbija\/product\/podne-i-zidne-plocice-fap-suite\/"},"modified":"2026-01-01T00:01:46","modified_gmt":"2026-01-01T00:01:46","slug":"podne-i-zidne-plocice-fap-suite","status":"publish","type":"product","link":"https:\/\/www.keramika.com\/srbija\/podne-i-zidne-plocice-fap-suite\/","title":{"rendered":"Podne i zidne plo\u010dice Fap Suite"},"content":{"rendered":"<p>Fap ceramiche Suite Classic Cioccolato je proizvod iz Italije te je izuzetno kvalitetna. Online cena je samo 11643,75 RSD, dok redovna, maloprodajna cena 14556,7 RSD. U izboru plo\u010dica ljubi\u010daste boje, ne mo\u017eete pogre\u0161iti. Dimenzije ovih plo\u010dica su 30,5&#215;91,5 cm. Debljina 12 mm \u010dini plo\u010dicu vrlo izdr\u017eljivom i prijatnom na dodir.<\/p>\n<p>Kliknite na ime serije za sve plo\u010dice u toj seriji: <a class=\"pdfcatal\" href=\"\/\/www.ceramictiles.com\/pdf\/fap\/catalogue_fap_suite.pdf\" onclick=\"recordOutboundLink(this, 'E-mail', 'Description PDF');return false;\">Fap Ceramiche &#8211; Gruppo Concorde Suite<\/a><\/p>\n<p>Da bi naru\u010dili model iz PDF kataloga ove serije, molimo vas, da nas kontaktirate na: <a href=\"mailto:zo_mi@ceramictiles.com\" onclick=\"recordOutboundLink(this, 'E-mail', 'Description mail');return false;\">zo_mi@ceramictiles.com<\/a> ili nas pozovite na: For exact offer, PLS send us quantity and product you need with delivery address..<\/p>\n","protected":false},"excerpt":{"rendered":"<p>Fap ceramiche Suite Classic Cioccolato je proizvod iz Italije te je izuzetno kvalitetna. Online cena je samo 11643,75 RSD, dok redovna, maloprodajna cena 14556,7 RSD. U izboru plo\u010dica ljubi\u010daste boje, ne mo\u017eete pogre\u0161iti. Dimenzije ovih plo\u010dica su 30,5&#215;91,5 cm. Debljina 12 mm \u010dini plo\u010dicu vrlo izdr\u017eljivom i prijatnom na dodir. Kliknite na ime serije za [&hellip;]<\/p>\n","protected":false},"featured_media":90153,"template":"","meta":[],"product_cat":[999519,200,999,250],"product_tag":[],"_links":{"self":[{"href":"https:\/\/www.keramika.com\/srbija\/wp-json\/wp\/v2\/product\/90152"}],"collection":[{"href":"https:\/\/www.keramika.com\/srbija\/wp-json\/wp\/v2\/product"}],"about":[{"href":"https:\/\/www.keramika.com\/srbija\/wp-json\/wp\/v2\/types\/product"}],"wp:featuredmedia":[{"embeddable":true,"href":"https:\/\/www.keramika.com\/srbija\/wp-json\/wp\/v2\/media\/90153"}],"wp:attachment":[{"href":"https:\/\/www.keramika.com\/srbija\/wp-json\/wp\/v2\/media?parent=90152"}],"wp:term":[{"taxonomy":"product_cat","embeddable":true,"href":"https:\/\/www.keramika.com\/srbija\/wp-json\/wp\/v2\/product_cat?post=90152"},{"taxonomy":"product_tag","embeddable":true,"href":"https:\/\/www.keramika.com\/srbija\/wp-json\/wp\/v2\/product_tag?post=90152"}],"curies":[{"name":"wp","href":"https:\/\/api.w.org\/{rel}","templated":true}]}}