{"id":90134,"date":"2017-07-01T20:35:07","date_gmt":"2017-07-01T20:35:07","guid":{"rendered":"http:\/\/www.ceramictiles.com\/srbija\/product\/podne-i-zidne-plocice-fap-lumina\/"},"modified":"2026-01-01T00:01:43","modified_gmt":"2026-01-01T00:01:43","slug":"podne-i-zidne-plocice-fap-lumina","status":"publish","type":"product","link":"https:\/\/www.keramika.com\/srbija\/podne-i-zidne-plocice-fap-lumina\/","title":{"rendered":"Podne i zidne plo\u010dice Fap Lumina"},"content":{"rendered":"<p>Fap ceramiche Lumina Bianco je dostupna po vrlo povoljnim cenama 5537,25 RSD. Debljina 10 mm \u010dini plo\u010dicu vrlo izdr\u017eljivom i prijatnom na dodir. Ove plo\u010dice dolaze od proizvo\u0111a\u010da Fap Ceramiche &#8211; Gruppo Concorde, iz Italije. Plo\u010dica na sliki je 30,5&#215;56 cm. Plo\u010dice be\u017e boje, su letos izuzetno tre\u017eene.<\/p>\n","protected":false},"excerpt":{"rendered":"<p>Fap ceramiche Lumina Bianco je dostupna po vrlo povoljnim cenama 5537,25 RSD. Debljina 10 mm \u010dini plo\u010dicu vrlo izdr\u017eljivom i prijatnom na dodir. Ove plo\u010dice dolaze od proizvo\u0111a\u010da Fap Ceramiche &#8211; Gruppo Concorde, iz Italije. Plo\u010dica na sliki je 30,5&#215;56 cm. Plo\u010dice be\u017e boje, su letos izuzetno tre\u017eene.<\/p>\n","protected":false},"featured_media":90135,"template":"","meta":[],"product_cat":[999519,200,240,999],"product_tag":[],"_links":{"self":[{"href":"https:\/\/www.keramika.com\/srbija\/wp-json\/wp\/v2\/product\/90134"}],"collection":[{"href":"https:\/\/www.keramika.com\/srbija\/wp-json\/wp\/v2\/product"}],"about":[{"href":"https:\/\/www.keramika.com\/srbija\/wp-json\/wp\/v2\/types\/product"}],"wp:featuredmedia":[{"embeddable":true,"href":"https:\/\/www.keramika.com\/srbija\/wp-json\/wp\/v2\/media\/90135"}],"wp:attachment":[{"href":"https:\/\/www.keramika.com\/srbija\/wp-json\/wp\/v2\/media?parent=90134"}],"wp:term":[{"taxonomy":"product_cat","embeddable":true,"href":"https:\/\/www.keramika.com\/srbija\/wp-json\/wp\/v2\/product_cat?post=90134"},{"taxonomy":"product_tag","embeddable":true,"href":"https:\/\/www.keramika.com\/srbija\/wp-json\/wp\/v2\/product_tag?post=90134"}],"curies":[{"name":"wp","href":"https:\/\/api.w.org\/{rel}","templated":true}]}}