{"id":90094,"date":"2017-07-01T20:29:05","date_gmt":"2017-07-01T20:29:05","guid":{"rendered":"http:\/\/www.ceramictiles.com\/srbija\/product\/projekt-plocice-casalgrande-padana-titano-champagne\/"},"modified":"2026-01-01T00:01:38","modified_gmt":"2026-01-01T00:01:38","slug":"projekt-plocice-casalgrande-padana-titano-champagne","status":"publish","type":"product","link":"https:\/\/www.keramika.com\/srbija\/projekt-plocice-casalgrande-padana-titano-champagne\/","title":{"rendered":"Projekt plo\u010dice Casalgrande Padana Titano Champagne"},"content":{"rendered":"<p>8 mm debljina \u0107e zadovoljiti i najzahtevnije kupce. U maloprodaji bi morali za tu plo\u010dicu platiti 6258,3 RSD, online cena je samo 5007,1 RSD. plo\u010dica proizvo\u0111a\u010da Casalgrande Padana S.P.A. iz Italije. Veli\u010dina 30&#215;30 cm je odli\u010dna za sve podloge. Keramika je prekrasne bele boje. U koliko \u017eelite neku drugu boju, pozovite nas i mi \u0107emo proveriti kod proizvo\u0111a\u010da.<\/p>\n<p>Kliknite na ime serije za sve plo\u010dice u toj seriji: <a class=\"pdfcatal\" href=\"\/\/www.ceramictiles.com\/pdf\/casalgrandepadana\/catalogue_casalgrande_padana_titano.pdf\" onclick=\"recordOutboundLink(this, 'E-mail', 'Description PDF');return false;\">Casalgrande Padana S.P.A. Titano<\/a><\/p>\n<p>Da bi naru\u010dili model iz PDF kataloga ove serije, molimo vas, da nas kontaktirate na: <a href=\"mailto:zo_mi@ceramictiles.com\" onclick=\"recordOutboundLink(this, 'E-mail', 'Description mail');return false;\">zo_mi@ceramictiles.com<\/a> ili nas pozovite na: For exact offer, PLS send us quantity and product you need with delivery address..<\/p>\n<p>Technical description: <br \/> F 15&#215;45 ; 22,5&#215;45 ; 30&#215;45 ; 30&#215;60 ; 45&#215;45 ; 60&#215;60 <br \/>Chambrod ; Champagne ; Caen ; Cardoso ; Grigio Ash ; Buxy ; Matraia ;<\/p>\n","protected":false},"excerpt":{"rendered":"<p>8 mm debljina \u0107e zadovoljiti i najzahtevnije kupce. U maloprodaji bi morali za tu plo\u010dicu platiti 6258,3 RSD, online cena je samo 5007,1 RSD. plo\u010dica proizvo\u0111a\u010da Casalgrande Padana S.P.A. iz Italije. Veli\u010dina 30&#215;30 cm je odli\u010dna za sve podloge. Keramika je prekrasne bele boje. U koliko \u017eelite neku drugu boju, pozovite nas i mi \u0107emo [&hellip;]<\/p>\n","protected":false},"featured_media":90095,"template":"","meta":[],"product_cat":[999448,200,240,999],"product_tag":[],"_links":{"self":[{"href":"https:\/\/www.keramika.com\/srbija\/wp-json\/wp\/v2\/product\/90094"}],"collection":[{"href":"https:\/\/www.keramika.com\/srbija\/wp-json\/wp\/v2\/product"}],"about":[{"href":"https:\/\/www.keramika.com\/srbija\/wp-json\/wp\/v2\/types\/product"}],"wp:featuredmedia":[{"embeddable":true,"href":"https:\/\/www.keramika.com\/srbija\/wp-json\/wp\/v2\/media\/90095"}],"wp:attachment":[{"href":"https:\/\/www.keramika.com\/srbija\/wp-json\/wp\/v2\/media?parent=90094"}],"wp:term":[{"taxonomy":"product_cat","embeddable":true,"href":"https:\/\/www.keramika.com\/srbija\/wp-json\/wp\/v2\/product_cat?post=90094"},{"taxonomy":"product_tag","embeddable":true,"href":"https:\/\/www.keramika.com\/srbija\/wp-json\/wp\/v2\/product_tag?post=90094"}],"curies":[{"name":"wp","href":"https:\/\/api.w.org\/{rel}","templated":true}]}}