{"id":89976,"date":"2017-07-01T20:12:05","date_gmt":"2017-07-01T20:12:05","guid":{"rendered":"http:\/\/www.ceramictiles.com\/srbija\/product\/projekt-plocice-casalgrande-padana-architecture-light-brown\/"},"modified":"2026-01-01T00:01:22","modified_gmt":"2026-01-01T00:01:22","slug":"projekt-plocice-casalgrande-padana-architecture-light-brown","status":"publish","type":"product","link":"https:\/\/www.keramika.com\/srbija\/projekt-plocice-casalgrande-padana-architecture-light-brown\/","title":{"rendered":"Projekt plo\u010dice Casalgrande Padana Architecture Light Brown"},"content":{"rendered":"<p>plo\u010dica proizvo\u0111a\u010da Casalgrande Padana S.P.A. iz Italije. Online cena je samo 6404,35 RSD, dok redovna, maloprodajna cena 8005,15 RSD. Plo\u010dica 60&#215;60 cm je dobra za ve\u0107 razli\u010ditih namena. Debljina 10 mm \u010dini plo\u010dicu vrlo izdr\u017eljivom i prijatnom na dodir. Plo\u010dice braon boje osvje\u017eit \u0107e svaki prostor.<\/p>\n<p>Kliknite na ime serije za sve plo\u010dice u toj seriji: <a class=\"pdfcatal\" href=\"\/\/www.ceramictiles.com\/pdf\/casalgrandepadana\/catalogue_casalgrande_padana_architecture.pdf\" onclick=\"recordOutboundLink(this, 'E-mail', 'Description PDF');return false;\">Casalgrande Padana S.P.A. Architecture<\/a><\/p>\n<p>Da bi naru\u010dili model iz PDF kataloga ove serije, molimo vas, da nas kontaktirate na: <a href=\"mailto:zo_mi@ceramictiles.com\" onclick=\"recordOutboundLink(this, 'E-mail', 'Description mail');return false;\">zo_mi@ceramictiles.com<\/a> ili nas pozovite na: For exact offer, PLS send us quantity and product you need with delivery address..<\/p>\n<p>Technical description: <br \/> W &#038; F 90&#215;90 ; 30&#215;60 ; 60&#215;60 ; 15&#215;60 <br \/>Black ; Black Gloss ; Dark Grey ; Dark Grey Gloss ; Medium Grey ; Medium Grey Gloss ; Dark Brown ; Dark Brown Gloss ; Light Brown ; Light Brown Gloss ; Beige ; Beige Gloss ; Light Grey ; Light Grey Gloss ; Cool Grey ; Cool Grey Gloss ; Warm Grey ; Warm Grey Gloss ; Dark Ivory ; Dark Ivory Gloss ; Light Ivory ; Light Ivory Gloss ; White ; White Gloss ;<\/p>\n","protected":false},"excerpt":{"rendered":"<p>plo\u010dica proizvo\u0111a\u010da Casalgrande Padana S.P.A. iz Italije. Online cena je samo 6404,35 RSD, dok redovna, maloprodajna cena 8005,15 RSD. Plo\u010dica 60&#215;60 cm je dobra za ve\u0107 razli\u010ditih namena. Debljina 10 mm \u010dini plo\u010dicu vrlo izdr\u017eljivom i prijatnom na dodir. Plo\u010dice braon boje osvje\u017eit \u0107e svaki prostor. Kliknite na ime serije za sve plo\u010dice u toj [&hellip;]<\/p>\n","protected":false},"featured_media":89977,"template":"","meta":[],"product_cat":[999448,200,240,999],"product_tag":[],"_links":{"self":[{"href":"https:\/\/www.keramika.com\/srbija\/wp-json\/wp\/v2\/product\/89976"}],"collection":[{"href":"https:\/\/www.keramika.com\/srbija\/wp-json\/wp\/v2\/product"}],"about":[{"href":"https:\/\/www.keramika.com\/srbija\/wp-json\/wp\/v2\/types\/product"}],"wp:featuredmedia":[{"embeddable":true,"href":"https:\/\/www.keramika.com\/srbija\/wp-json\/wp\/v2\/media\/89977"}],"wp:attachment":[{"href":"https:\/\/www.keramika.com\/srbija\/wp-json\/wp\/v2\/media?parent=89976"}],"wp:term":[{"taxonomy":"product_cat","embeddable":true,"href":"https:\/\/www.keramika.com\/srbija\/wp-json\/wp\/v2\/product_cat?post=89976"},{"taxonomy":"product_tag","embeddable":true,"href":"https:\/\/www.keramika.com\/srbija\/wp-json\/wp\/v2\/product_tag?post=89976"}],"curies":[{"name":"wp","href":"https:\/\/api.w.org\/{rel}","templated":true}]}}