{"id":89740,"date":"2017-07-01T19:35:12","date_gmt":"2017-07-01T19:35:12","guid":{"rendered":"http:\/\/www.ceramictiles.com\/srbija\/product\/podne-porcelanske-plocice-revigres-etna-arg-prata\/"},"modified":"2017-07-01T19:35:12","modified_gmt":"2017-07-01T19:35:12","slug":"podne-porcelanske-plocice-revigres-etna-arg-prata","status":"publish","type":"product","link":"https:\/\/www.keramika.com\/srbija\/podne-porcelanske-plocice-revigres-etna-arg-prata\/","title":{"rendered":"Podne porcelanske plo\u010dice Revigres Etna Arg Prata"},"content":{"rendered":"<p>Plo\u010dica je debela 7 mm, \u0161to je ubraja u tvrde plo\u010dice. Plo\u010dice dolaze iz Portugala, koja je poznata po kvalitetnoj keramiki. Keramika je prekrasne sive boje. U koliko \u017eelite neku drugu boju, pozovite nas i mi \u0107emo proveriti kod proizvo\u0111a\u010da. Plo\u010dica 30&#215;30 cm je dobra za ve\u0107 razli\u010ditih namena.<\/p>\n<p>Kliknite na ime serije za sve plo\u010dice u toj seriji: <a class=\"pdfcatal\" href=\"\/\/www.ceramictiles.com\/pdf\/revigres\/catalogue_revigres_etna.pdf\" onclick=\"recordOutboundLink(this, 'E-mail', 'Description PDF');return false;\">Revigres Etna<\/a><\/p>\n<p>Da bi naru\u010dili model iz PDF kataloga ove serije, molimo vas, da nas kontaktirate na: <a href=\"mailto:zo_mi@ceramictiles.com\" onclick=\"recordOutboundLink(this, 'E-mail', 'Description mail');return false;\">zo_mi@ceramictiles.com<\/a> ili nas pozovite na: For exact offer, PLS send us quantity and product you need with delivery address..<\/p>\n<p>Technical description: <br \/> F 30&#215;30 <br \/>Etna Bege ; Etna Arg Prata ; Etna Grafite ; Etna Preto ;<\/p>\n","protected":false},"excerpt":{"rendered":"<p>Plo\u010dica je debela 7 mm, \u0161to je ubraja u tvrde plo\u010dice. Plo\u010dice dolaze iz Portugala, koja je poznata po kvalitetnoj keramiki. Keramika je prekrasne sive boje. U koliko \u017eelite neku drugu boju, pozovite nas i mi \u0107emo proveriti kod proizvo\u0111a\u010da. Plo\u010dica 30&#215;30 cm je dobra za ve\u0107 razli\u010ditih namena. Kliknite na ime serije za sve [&hellip;]<\/p>\n","protected":false},"featured_media":89741,"template":"","meta":[],"product_cat":[200,260,999,290,9991548],"product_tag":[],"_links":{"self":[{"href":"https:\/\/www.keramika.com\/srbija\/wp-json\/wp\/v2\/product\/89740"}],"collection":[{"href":"https:\/\/www.keramika.com\/srbija\/wp-json\/wp\/v2\/product"}],"about":[{"href":"https:\/\/www.keramika.com\/srbija\/wp-json\/wp\/v2\/types\/product"}],"wp:featuredmedia":[{"embeddable":true,"href":"https:\/\/www.keramika.com\/srbija\/wp-json\/wp\/v2\/media\/89741"}],"wp:attachment":[{"href":"https:\/\/www.keramika.com\/srbija\/wp-json\/wp\/v2\/media?parent=89740"}],"wp:term":[{"taxonomy":"product_cat","embeddable":true,"href":"https:\/\/www.keramika.com\/srbija\/wp-json\/wp\/v2\/product_cat?post=89740"},{"taxonomy":"product_tag","embeddable":true,"href":"https:\/\/www.keramika.com\/srbija\/wp-json\/wp\/v2\/product_tag?post=89740"}],"curies":[{"name":"wp","href":"https:\/\/api.w.org\/{rel}","templated":true}]}}