{"id":89674,"date":"2017-07-01T19:23:55","date_gmt":"2017-07-01T19:23:55","guid":{"rendered":"http:\/\/www.ceramictiles.com\/srbija\/product\/zidne-plocice-pamesa-alaska-blanco\/"},"modified":"2026-01-01T00:00:56","modified_gmt":"2026-01-01T00:00:56","slug":"zidne-plocice-pamesa-alaska-blanco","status":"publish","type":"product","link":"https:\/\/www.keramika.com\/srbija\/zidne-plocice-pamesa-alaska-blanco\/","title":{"rendered":"Zidne plo\u010dice Pamesa Alaska Blanco"},"content":{"rendered":"<p>Ove bele kerami\u010dke plo\u010dice, obogatit \u0107e svaki prostor. 9 mm debljina \u0107e zadovoljiti i najzahtevnije kupce. U maloprodaji bi morali za tu plo\u010dicu platiti 2799,1 RSD, online cena je samo 2239,05 RSD. Pamesa Alaska Blanco je proizvod iz \u0160panije te je izuzetno kvalitetna. Dimenzije ovih plo\u010dica su 20&#215;60 cm.<\/p>\n<p>Kliknite na ime serije za sve plo\u010dice u toj seriji: <a class=\"pdfcatal\" href=\"\/\/www.ceramictiles.com\/pdf\/pamesa\/catalogue_pamesa_wall_tiles.pdf\" onclick=\"recordOutboundLink(this, 'E-mail', 'Description PDF');return false;\">Pamesa Ceramica Alaska<\/a><\/p>\n<p>Da bi naru\u010dili model iz PDF kataloga ove serije, molimo vas, da nas kontaktirate na: <a href=\"mailto:zo_mi@ceramictiles.com\" onclick=\"recordOutboundLink(this, 'E-mail', 'Description mail');return false;\">zo_mi@ceramictiles.com<\/a> ili nas pozovite na: For exact offer, PLS send us quantity and product you need with delivery address..<\/p>\n<p>Technical description: <br \/> W 31,6&#215;60 ; 20&#215;60 ; 20&#215;45,2 <br \/>Alaska Blanco ; Alaska Relieve 2 Blanco ;<\/p>\n","protected":false},"excerpt":{"rendered":"<p>Ove bele kerami\u010dke plo\u010dice, obogatit \u0107e svaki prostor. 9 mm debljina \u0107e zadovoljiti i najzahtevnije kupce. U maloprodaji bi morali za tu plo\u010dicu platiti 2799,1 RSD, online cena je samo 2239,05 RSD. Pamesa Alaska Blanco je proizvod iz \u0160panije te je izuzetno kvalitetna. Dimenzije ovih plo\u010dica su 20&#215;60 cm. Kliknite na ime serije za sve [&hellip;]<\/p>\n","protected":false},"featured_media":89675,"template":"","meta":[],"product_cat":[200,230,999107,999,250],"product_tag":[],"_links":{"self":[{"href":"https:\/\/www.keramika.com\/srbija\/wp-json\/wp\/v2\/product\/89674"}],"collection":[{"href":"https:\/\/www.keramika.com\/srbija\/wp-json\/wp\/v2\/product"}],"about":[{"href":"https:\/\/www.keramika.com\/srbija\/wp-json\/wp\/v2\/types\/product"}],"wp:featuredmedia":[{"embeddable":true,"href":"https:\/\/www.keramika.com\/srbija\/wp-json\/wp\/v2\/media\/89675"}],"wp:attachment":[{"href":"https:\/\/www.keramika.com\/srbija\/wp-json\/wp\/v2\/media?parent=89674"}],"wp:term":[{"taxonomy":"product_cat","embeddable":true,"href":"https:\/\/www.keramika.com\/srbija\/wp-json\/wp\/v2\/product_cat?post=89674"},{"taxonomy":"product_tag","embeddable":true,"href":"https:\/\/www.keramika.com\/srbija\/wp-json\/wp\/v2\/product_tag?post=89674"}],"curies":[{"name":"wp","href":"https:\/\/api.w.org\/{rel}","templated":true}]}}