{"id":89668,"date":"2017-07-01T19:23:05","date_gmt":"2017-07-01T19:23:05","guid":{"rendered":"http:\/\/www.ceramictiles.com\/srbija\/product\/zidne-plocice-pamesa-paris-blanco\/"},"modified":"2026-01-01T00:00:55","modified_gmt":"2026-01-01T00:00:55","slug":"zidne-plocice-pamesa-paris-blanco","status":"publish","type":"product","link":"https:\/\/www.keramika.com\/srbija\/zidne-plocice-pamesa-paris-blanco\/","title":{"rendered":"Zidne plo\u010dice Pamesa Paris Blanco"},"content":{"rendered":"<p>Plo\u010dica je debela 9 mm, \u0161to je ubraja u tvrde plo\u010dice. Pamesa Paris Blanco dolazi iz \u0160panije, koja je poznata po vrlo visokoj kvaliteta keramike u svetu. Ta kolekcija, model plo\u010dice, se prodaje najvi\u0161e bele boje. Veli\u010dina plo\u010dice je 25&#215;50 cm i odli\u010dna je za razli\u010dite povr\u0161ine. Pamesa Paris Blanco je dostupna po vrlo povoljnim cenama 2911,8 RSD.<\/p>\n<p>Kliknite na ime serije za sve plo\u010dice u toj seriji: <a class=\"pdfcatal\" href=\"\/\/www.ceramictiles.com\/pdf\/catalogue_pamesa.pdf\" onclick=\"recordOutboundLink(this, 'E-mail', 'Description PDF');return false;\">Pamesa Ceramica Paris<\/a><\/p>\n<p>Da bi naru\u010dili model iz PDF kataloga ove serije, molimo vas, da nas kontaktirate na: <a href=\"mailto:zo_mi@ceramictiles.com\" onclick=\"recordOutboundLink(this, 'E-mail', 'Description mail');return false;\">zo_mi@ceramictiles.com<\/a> ili nas pozovite na: For exact offer, PLS send us quantity and product you need with delivery address..<\/p>\n<p>Technical description: <br \/> W 25&#215;50 <br \/>Paris Marfil ; Paris Marr\u00f3n ; Paris Blanco ; Paris Negro ;<\/p>\n","protected":false},"excerpt":{"rendered":"<p>Plo\u010dica je debela 9 mm, \u0161to je ubraja u tvrde plo\u010dice. Pamesa Paris Blanco dolazi iz \u0160panije, koja je poznata po vrlo visokoj kvaliteta keramike u svetu. Ta kolekcija, model plo\u010dice, se prodaje najvi\u0161e bele boje. Veli\u010dina plo\u010dice je 25&#215;50 cm i odli\u010dna je za razli\u010dite povr\u0161ine. Pamesa Paris Blanco je dostupna po vrlo povoljnim [&hellip;]<\/p>\n","protected":false},"featured_media":89669,"template":"","meta":[],"product_cat":[200,999107,240,260,999],"product_tag":[99950100],"_links":{"self":[{"href":"https:\/\/www.keramika.com\/srbija\/wp-json\/wp\/v2\/product\/89668"}],"collection":[{"href":"https:\/\/www.keramika.com\/srbija\/wp-json\/wp\/v2\/product"}],"about":[{"href":"https:\/\/www.keramika.com\/srbija\/wp-json\/wp\/v2\/types\/product"}],"wp:featuredmedia":[{"embeddable":true,"href":"https:\/\/www.keramika.com\/srbija\/wp-json\/wp\/v2\/media\/89669"}],"wp:attachment":[{"href":"https:\/\/www.keramika.com\/srbija\/wp-json\/wp\/v2\/media?parent=89668"}],"wp:term":[{"taxonomy":"product_cat","embeddable":true,"href":"https:\/\/www.keramika.com\/srbija\/wp-json\/wp\/v2\/product_cat?post=89668"},{"taxonomy":"product_tag","embeddable":true,"href":"https:\/\/www.keramika.com\/srbija\/wp-json\/wp\/v2\/product_tag?post=89668"}],"curies":[{"name":"wp","href":"https:\/\/api.w.org\/{rel}","templated":true}]}}