{"id":89636,"date":"2017-07-01T19:18:12","date_gmt":"2017-07-01T19:18:12","guid":{"rendered":"http:\/\/www.ceramictiles.com\/srbija\/product\/plocice-pamesa-avila-coto\/"},"modified":"2026-01-01T00:00:51","modified_gmt":"2026-01-01T00:00:51","slug":"plocice-pamesa-avila-coto","status":"publish","type":"product","link":"https:\/\/www.keramika.com\/srbija\/plocice-pamesa-avila-coto\/","title":{"rendered":"Plo\u010dice Pamesa Avila Coto"},"content":{"rendered":"<p>Dimenzije ovih plo\u010dica su 31,6&#215;31,6 cm. plo\u010dica proizvo\u0111a\u010da Pamesa Ceramica iz \u0160panije. U maloprodaji bi morali za tu plo\u010dicu platiti 1910,15 RSD, online cena je samo 1528,35 RSD. Plo\u010dica je debela 9 mm, \u0161to je ubraja u tvrde plo\u010dice. Plo\u010dice braon boje osvje\u017eit \u0107e svaki prostor.<\/p>\n<p>Kliknite na ime serije za sve plo\u010dice u toj seriji: <a class=\"pdfcatal\" href=\"\/\/www.ceramictiles.com\/pdf\/pamesa\/catalogue_pamesa_floor_tile.pdf\" onclick=\"recordOutboundLink(this, 'E-mail', 'Description PDF');return false;\">Pamesa Ceramica Avila<\/a><\/p>\n<p>Da bi naru\u010dili model iz PDF kataloga ove serije, molimo vas, da nas kontaktirate na: <a href=\"mailto:zo_mi@ceramictiles.com\" onclick=\"recordOutboundLink(this, 'E-mail', 'Description mail');return false;\">zo_mi@ceramictiles.com<\/a> ili nas pozovite na: For exact offer, PLS send us quantity and product you need with delivery address..<\/p>\n<p>Technical description: <br \/> F 31,6&#215;31,6 <br \/>\u00c1vila Coto ; \u00c1vila Adz Coto ;<\/p>\n","protected":false},"excerpt":{"rendered":"<p>Dimenzije ovih plo\u010dica su 31,6&#215;31,6 cm. plo\u010dica proizvo\u0111a\u010da Pamesa Ceramica iz \u0160panije. U maloprodaji bi morali za tu plo\u010dicu platiti 1910,15 RSD, online cena je samo 1528,35 RSD. Plo\u010dica je debela 9 mm, \u0161to je ubraja u tvrde plo\u010dice. Plo\u010dice braon boje osvje\u017eit \u0107e svaki prostor. Kliknite na ime serije za sve plo\u010dice u toj [&hellip;]<\/p>\n","protected":false},"featured_media":89637,"template":"","meta":[],"product_cat":[200,230,999107,240,999],"product_tag":[],"_links":{"self":[{"href":"https:\/\/www.keramika.com\/srbija\/wp-json\/wp\/v2\/product\/89636"}],"collection":[{"href":"https:\/\/www.keramika.com\/srbija\/wp-json\/wp\/v2\/product"}],"about":[{"href":"https:\/\/www.keramika.com\/srbija\/wp-json\/wp\/v2\/types\/product"}],"wp:featuredmedia":[{"embeddable":true,"href":"https:\/\/www.keramika.com\/srbija\/wp-json\/wp\/v2\/media\/89637"}],"wp:attachment":[{"href":"https:\/\/www.keramika.com\/srbija\/wp-json\/wp\/v2\/media?parent=89636"}],"wp:term":[{"taxonomy":"product_cat","embeddable":true,"href":"https:\/\/www.keramika.com\/srbija\/wp-json\/wp\/v2\/product_cat?post=89636"},{"taxonomy":"product_tag","embeddable":true,"href":"https:\/\/www.keramika.com\/srbija\/wp-json\/wp\/v2\/product_tag?post=89636"}],"curies":[{"name":"wp","href":"https:\/\/api.w.org\/{rel}","templated":true}]}}