{"id":89604,"date":"2017-07-01T19:12:43","date_gmt":"2017-07-01T19:12:43","guid":{"rendered":"http:\/\/www.ceramictiles.com\/srbija\/product\/podne-porcelanske-plocice-pamesa-sorrento\/"},"modified":"2026-01-01T00:00:47","modified_gmt":"2026-01-01T00:00:47","slug":"podne-porcelanske-plocice-pamesa-sorrento","status":"publish","type":"product","link":"https:\/\/www.keramika.com\/srbija\/podne-porcelanske-plocice-pamesa-sorrento\/","title":{"rendered":"Podne porcelanske plo\u010dice Pamesa Sorrento"},"content":{"rendered":"<p>Online cena je samo 4163 RSD, dok redovna, maloprodajna cena 5202,6 RSD. Ta kolekcija, model plo\u010dice, se prodaje najvi\u0161e crne boje. Proizvodnja \u0160panije ,koja je poznata u svetu, kao jedana od najboljih proizvo\u0111a\u010da kerami\u010dkih plo\u010dica. Veli\u010dina 60&#215;60 cm je odli\u010dna za sve podloge. 9 mm debljina \u0107e zadovoljiti i najzahtevnije kupce.<\/p>\n<p>Kliknite na ime serije za sve plo\u010dice u toj seriji: <a class=\"pdfcatal\" href=\"\/\/www.ceramictiles.com\/pdf\/pamesa\/catalogue_pamesa_compacglass.pdf\" onclick=\"recordOutboundLink(this, 'E-mail', 'Description PDF');return false;\">Pamesa Ceramica Samara Sorrento<\/a><\/p>\n<p>Da bi naru\u010dili model iz PDF kataloga ove serije, molimo vas, da nas kontaktirate na: <a href=\"mailto:zo_mi@ceramictiles.com\" onclick=\"recordOutboundLink(this, 'E-mail', 'Description mail');return false;\">zo_mi@ceramictiles.com<\/a> ili nas pozovite na: For exact offer, PLS send us quantity and product you need with delivery address..<\/p>\n<p>Technical description: <br \/> F 60&#215;60 <br \/>Samara Gris Mate ; Sorrento Gris Brillo ; <br \/>Thickness  10.5 mm &#8211; 60&#215;60 cm.<\/p>\n","protected":false},"excerpt":{"rendered":"<p>Online cena je samo 4163 RSD, dok redovna, maloprodajna cena 5202,6 RSD. Ta kolekcija, model plo\u010dice, se prodaje najvi\u0161e crne boje. Proizvodnja \u0160panije ,koja je poznata u svetu, kao jedana od najboljih proizvo\u0111a\u010da kerami\u010dkih plo\u010dica. Veli\u010dina 60&#215;60 cm je odli\u010dna za sve podloge. 9 mm debljina \u0107e zadovoljiti i najzahtevnije kupce. Kliknite na ime serije [&hellip;]<\/p>\n","protected":false},"featured_media":89605,"template":"","meta":[],"product_cat":[200,999107,240,999,290],"product_tag":[],"_links":{"self":[{"href":"https:\/\/www.keramika.com\/srbija\/wp-json\/wp\/v2\/product\/89604"}],"collection":[{"href":"https:\/\/www.keramika.com\/srbija\/wp-json\/wp\/v2\/product"}],"about":[{"href":"https:\/\/www.keramika.com\/srbija\/wp-json\/wp\/v2\/types\/product"}],"wp:featuredmedia":[{"embeddable":true,"href":"https:\/\/www.keramika.com\/srbija\/wp-json\/wp\/v2\/media\/89605"}],"wp:attachment":[{"href":"https:\/\/www.keramika.com\/srbija\/wp-json\/wp\/v2\/media?parent=89604"}],"wp:term":[{"taxonomy":"product_cat","embeddable":true,"href":"https:\/\/www.keramika.com\/srbija\/wp-json\/wp\/v2\/product_cat?post=89604"},{"taxonomy":"product_tag","embeddable":true,"href":"https:\/\/www.keramika.com\/srbija\/wp-json\/wp\/v2\/product_tag?post=89604"}],"curies":[{"name":"wp","href":"https:\/\/api.w.org\/{rel}","templated":true}]}}