{"id":89586,"date":"2017-09-06T19:09:59","date_gmt":"2017-09-06T19:09:59","guid":{"rendered":"http:\/\/www.ceramictiles.com\/srbija\/product\/podne-i-zidne-plocice-pamesa-agatha-naranja\/"},"modified":"2026-01-01T00:00:45","modified_gmt":"2026-01-01T00:00:45","slug":"podne-i-zidne-plocice-pamesa-agatha-naranja","status":"publish","type":"product","link":"https:\/\/www.keramika.com\/srbija\/podne-i-zidne-plocice-pamesa-agatha-naranja\/","title":{"rendered":"Podne i zidne plo\u010dice Pamesa Agatha Naranja"},"content":{"rendered":"<p>3639,75 RSD je redovna prodajna cena keramike, tu pa samo 2911,8 RSD. 7 mm debljina \u0107e zadovoljiti i najzahtevnije kupce. Veli\u010dina ove plo\u010dice je 25&#215;50 cm. U izboru plo\u010dica narand\u017easte boje, ne mo\u017eete pogre\u0161iti. Pamesa Agatha Naranja je proizvod iz \u0160panije te je izuzetno kvalitetna.<\/p>\n<p>Kliknite na ime serije za sve plo\u010dice u toj seriji: <a class=\"pdfcatal\" href=\"\/\/www.ceramictiles.com\/pdf\/pamesa\/catalogue_pamesa_agatha.pdf\">Pamesa Ceramica Agatha<\/a><\/p>\n<p>Technical description:<br \/>\n<strong>Pamesa Cer\u00e1mica Agatha 30&#215;60 :<\/strong>Malla Agatha Trencad\u00eds Blanco ; Malla Agatha Trencad\u00eds Multicolor ;<br \/>\n<strong>Pamesa Cer\u00e1mica Agatha 25&#215;50 :<\/strong>Agatha Blanco ; Agatha Pistacho ; Agatha Turquesa ; Agatha Amarillo ; Agatha Naranja ; Agatha Carm\u00edn ; Agatha Party Lunares ; Agatha Lunares Pistacho ; Agatha Lunares Turquesa ; Agatha Lunares Amarillo ; Agatha Lunares Naranja ; Agatha Lunares Carm\u00edn ;<br \/>\n<strong>Pamesa Cer\u00e1mica Agatha 25&#215;40 :<\/strong>Agatha Puzle Blanco ; Agatha Puzle Pistacho ; Agatha Puzle Turquesa ; Agatha Puzle Amarillo ; Agatha Puzle Naranja ; Agatha Puzle Carm\u00edn ; Dec. Agatha Alegria ; Dec. Agatha Circus ; Dec. Agatha Joie ;<br \/>\n<strong>Pamesa Cer\u00e1mica Agatha 20&#215;20 :<\/strong>Agatha Blanco ; Agatha Pistacho ; Agatha Turquesa ; Agatha Marino ; Agatha Amarillo ; Agatha Naranja ; Agatha Carm\u00edn ; Agatha Rayas Relieve Blanco ; Agatha Rayas Relieve Pistacho ; Agatha Rayas Relieve Turquesa ; Agatha Cuatro Relieve Blanco ; Agatha Cuatro Relieve Pistacho ;<br \/>\n<strong>Pamesa Cer\u00e1mica Agatha 31.6&#215;31.6 :<\/strong>Arcoiris Blanco ; Arcoiris Pistacho ; Arcoiris Turquesa ; Arcoiris Carm\u00edn ; Arcoiris Amarillo ; Arcoiris Naranja ; Malla Colores ;<br \/>\n[vc_row][vc_column width=&#8220;1\/3&#8243;][vc_single_image source=&#8220;external_link&#8220; onclick=&#8220;link_image&#8220; custom_src=&#8220;https:\/\/www.ceramictiles.com\/images\/pamesa\/agatha_amarillo.jpg&#8220; el_class=&#8220;eheight&#8220;][vc_column_text]<strong>Agatha Amarillo<\/strong><br \/>\n<a class=\"pdfcatal\" href=\"\/\/www.ceramictiles.com\/pdf\/catalogue_pamesa_agatha.pdf\"> PDF Kolekcijski katalog<\/a><br \/>\n25&#215;50<br \/>\n<a href=\"mailto:zo_mi@ceramictiles.com\"> Kontakt za narud\u017ebu<\/a>[\/vc_column_text][vc_separator color=&#8220;black&#8220; border_width=&#8220;2&#8243;]<br \/>\n[\/vc_column][vc_column width=&#8220;1\/3&#8243;][vc_single_image source=&#8220;external_link&#8220; onclick=&#8220;link_image&#8220; custom_src=&#8220;https:\/\/www.ceramictiles.com\/images\/pamesa\/agatha_blanco.jpg&#8220; el_class=&#8220;eheight&#8220;][vc_column_text]<strong>Agatha Blanco<\/strong><br \/>\n<a class=\"pdfcatal\" href=\"\/\/www.ceramictiles.com\/pdf\/catalogue_pamesa_agatha.pdf\"> PDF Kolekcijski katalog<\/a><br \/>\n25&#215;50<br \/>\n<a href=\"mailto:zo_mi@ceramictiles.com\"> Kontakt za narud\u017ebu<\/a>[\/vc_column_text][vc_separator color=&#8220;black&#8220; border_width=&#8220;2&#8243;]<br \/>\n[\/vc_column][vc_column width=&#8220;1\/3&#8243;][vc_single_image source=&#8220;external_link&#8220; onclick=&#8220;link_image&#8220; custom_src=&#8220;https:\/\/www.ceramictiles.com\/images\/pamesa\/agatha_carmin.jpg&#8220; el_class=&#8220;eheight&#8220;][vc_column_text]<strong>Agatha Carmin<\/strong><br \/>\n<a class=\"pdfcatal\" href=\"\/\/www.ceramictiles.com\/pdf\/catalogue_pamesa_agatha.pdf\"> PDF Kolekcijski katalog<\/a><br \/>\n25&#215;50<br \/>\n<a href=\"mailto:zo_mi@ceramictiles.com\"> Kontakt za narud\u017ebu<\/a>[\/vc_column_text][vc_separator color=&#8220;black&#8220; border_width=&#8220;2&#8243;]<br \/>\n[\/vc_column][vc_column width=&#8220;1\/3&#8243;][vc_single_image source=&#8220;external_link&#8220; onclick=&#8220;link_image&#8220; custom_src=&#8220;https:\/\/www.ceramictiles.com\/images\/pamesa\/agatha_naranja.jpg&#8220; el_class=&#8220;eheight&#8220;][vc_column_text]<strong>Agatha Naranja<\/strong><br \/>\n<a class=\"pdfcatal\" href=\"\/\/www.ceramictiles.com\/pdf\/catalogue_pamesa_agatha.pdf\"> PDF Kolekcijski katalog<\/a><br \/>\n25&#215;50<br \/>\n<a href=\"mailto:zo_mi@ceramictiles.com\"> Kontakt za narud\u017ebu<\/a>[\/vc_column_text][vc_separator color=&#8220;black&#8220; border_width=&#8220;2&#8243;]<br \/>\n[\/vc_column][vc_column width=&#8220;1\/3&#8243;][vc_single_image source=&#8220;external_link&#8220; onclick=&#8220;link_image&#8220; custom_src=&#8220;https:\/\/www.ceramictiles.com\/images\/pamesa\/agatha_pistacho.jpg&#8220; el_class=&#8220;eheight&#8220;][vc_column_text]<strong>Agatha Pistacho<\/strong><br \/>\n<a class=\"pdfcatal\" href=\"\/\/www.ceramictiles.com\/pdf\/catalogue_pamesa_agatha.pdf\"> PDF Kolekcijski katalog<\/a><br \/>\n25&#215;50<br \/>\n<a href=\"mailto:zo_mi@ceramictiles.com\"> Kontakt za narud\u017ebu<\/a>[\/vc_column_text][vc_separator color=&#8220;black&#8220; border_width=&#8220;2&#8243;]<br \/>\n[\/vc_column][vc_column width=&#8220;1\/3&#8243;][vc_single_image source=&#8220;external_link&#8220; onclick=&#8220;link_image&#8220; custom_src=&#8220;https:\/\/www.ceramictiles.com\/images\/pamesa\/agatha_turquesa.jpg&#8220; el_class=&#8220;eheight&#8220;][vc_column_text]<strong>Agatha Turquesa<\/strong><br \/>\n<a class=\"pdfcatal\" href=\"\/\/www.ceramictiles.com\/pdf\/catalogue_pamesa_agatha.pdf\"> PDF Kolekcijski katalog<\/a><br \/>\n25&#215;50<br \/>\n<a href=\"mailto:zo_mi@ceramictiles.com\"> Kontakt za narud\u017ebu<\/a>[\/vc_column_text][vc_separator color=&#8220;black&#8220; border_width=&#8220;2&#8243;]<br \/>\n[\/vc_column][vc_column width=&#8220;1\/3&#8243;][vc_single_image source=&#8220;external_link&#8220; onclick=&#8220;link_image&#8220; custom_src=&#8220;https:\/\/www.ceramictiles.com\/images\/pamesa\/agatha_lunares_amarillo.jpg&#8220; el_class=&#8220;eheight&#8220;][vc_column_text]<strong>Agatha Lunares Amarillo<\/strong><br \/>\n<a class=\"pdfcatal\" href=\"\/\/www.ceramictiles.com\/pdf\/catalogue_pamesa_agatha.pdf\"> PDF Kolekcijski katalog<\/a><br \/>\n25&#215;50<br \/>\n<a href=\"mailto:zo_mi@ceramictiles.com\"> Kontakt za narud\u017ebu<\/a>[\/vc_column_text][vc_separator color=&#8220;black&#8220; border_width=&#8220;2&#8243;]<br \/>\n[\/vc_column][vc_column width=&#8220;1\/3&#8243;][vc_single_image source=&#8220;external_link&#8220; onclick=&#8220;link_image&#8220; custom_src=&#8220;https:\/\/www.ceramictiles.com\/images\/pamesa\/agatha_lunares_carmin.jpg&#8220; el_class=&#8220;eheight&#8220;][vc_column_text]<strong>Agatha Lunares Carmin<\/strong><br \/>\n<a class=\"pdfcatal\" href=\"\/\/www.ceramictiles.com\/pdf\/catalogue_pamesa_agatha.pdf\"> PDF Kolekcijski katalog<\/a><br \/>\n25&#215;50<br \/>\n<a href=\"mailto:zo_mi@ceramictiles.com\"> Kontakt za narud\u017ebu<\/a>[\/vc_column_text][vc_separator color=&#8220;black&#8220; border_width=&#8220;2&#8243;]<br \/>\n[\/vc_column][vc_column width=&#8220;1\/3&#8243;][vc_single_image source=&#8220;external_link&#8220; onclick=&#8220;link_image&#8220; custom_src=&#8220;https:\/\/www.ceramictiles.com\/images\/pamesa\/agatha_lunares_naranja.jpg&#8220; el_class=&#8220;eheight&#8220;][vc_column_text]<strong>Agatha Lunares Naranja<\/strong><br \/>\n<a class=\"pdfcatal\" href=\"\/\/www.ceramictiles.com\/pdf\/catalogue_pamesa_agatha.pdf\"> PDF Kolekcijski katalog<\/a><br \/>\n25&#215;50<br \/>\n<a href=\"mailto:zo_mi@ceramictiles.com\"> Kontakt za narud\u017ebu<\/a>[\/vc_column_text][vc_separator color=&#8220;black&#8220; border_width=&#8220;2&#8243;]<br \/>\n[\/vc_column][vc_column width=&#8220;1\/3&#8243;][vc_single_image source=&#8220;external_link&#8220; onclick=&#8220;link_image&#8220; custom_src=&#8220;https:\/\/www.ceramictiles.com\/images\/pamesa\/agatha_lunares_pistacho.jpg&#8220; el_class=&#8220;eheight&#8220;][vc_column_text]<strong>Agatha Lunares Pistacho<\/strong><br \/>\n<a class=\"pdfcatal\" href=\"\/\/www.ceramictiles.com\/pdf\/catalogue_pamesa_agatha.pdf\"> PDF Kolekcijski katalog<\/a><br \/>\n25&#215;50<br \/>\n<a href=\"mailto:zo_mi@ceramictiles.com\"> Kontakt za narud\u017ebu<\/a>[\/vc_column_text][vc_separator color=&#8220;black&#8220; border_width=&#8220;2&#8243;]<br \/>\n[\/vc_column][vc_column width=&#8220;1\/3&#8243;][vc_single_image source=&#8220;external_link&#8220; onclick=&#8220;link_image&#8220; custom_src=&#8220;https:\/\/www.ceramictiles.com\/images\/pamesa\/agatha_lunares_turquesa.jpg&#8220; el_class=&#8220;eheight&#8220;][vc_column_text]<strong>Agatha Lunares Turquesa<\/strong><br \/>\n<a class=\"pdfcatal\" href=\"\/\/www.ceramictiles.com\/pdf\/catalogue_pamesa_agatha.pdf\"> PDF Kolekcijski katalog<\/a><br \/>\n25&#215;50<br \/>\n<a href=\"mailto:zo_mi@ceramictiles.com\"> Kontakt za narud\u017ebu<\/a>[\/vc_column_text][vc_separator color=&#8220;black&#8220; border_width=&#8220;2&#8243;]<br \/>\n[\/vc_column][vc_column width=&#8220;1\/3&#8243;][vc_single_image source=&#8220;external_link&#8220; onclick=&#8220;link_image&#8220; custom_src=&#8220;https:\/\/www.ceramictiles.com\/images\/pamesa\/agatha_1_lineas_amarillo.jpg&#8220; el_class=&#8220;eheight&#8220;][vc_column_text]<strong>Agatha 1 Lineas Amarillo<\/strong><br \/>\n<a class=\"pdfcatal\" href=\"\/\/www.ceramictiles.com\/pdf\/catalogue_pamesa_agatha.pdf\"> PDF Kolekcijski katalog<\/a><br \/>\n25&#215;50<br \/>\n<a href=\"mailto:zo_mi@ceramictiles.com\"> Kontakt za narud\u017ebu<\/a>[\/vc_column_text][vc_separator color=&#8220;black&#8220; border_width=&#8220;2&#8243;]<br \/>\n[\/vc_column][vc_column width=&#8220;1\/3&#8243;][vc_single_image source=&#8220;external_link&#8220; onclick=&#8220;link_image&#8220; custom_src=&#8220;https:\/\/www.ceramictiles.com\/images\/pamesa\/agatha_1_lineas_carmin.jpg&#8220; el_class=&#8220;eheight&#8220;][vc_column_text]<strong>Agatha 1 Lineas Carmin<\/strong><br \/>\n<a class=\"pdfcatal\" href=\"\/\/www.ceramictiles.com\/pdf\/catalogue_pamesa_agatha.pdf\"> PDF Kolekcijski katalog<\/a><br \/>\n25&#215;50<br \/>\n<a href=\"mailto:zo_mi@ceramictiles.com\"> Kontakt za narud\u017ebu<\/a>[\/vc_column_text][vc_separator color=&#8220;black&#8220; border_width=&#8220;2&#8243;]<br \/>\n[\/vc_column][vc_column width=&#8220;1\/3&#8243;][vc_single_image source=&#8220;external_link&#8220; onclick=&#8220;link_image&#8220; custom_src=&#8220;https:\/\/www.ceramictiles.com\/images\/pamesa\/agatha_1_lineas_naranja.jpg&#8220; el_class=&#8220;eheight&#8220;][vc_column_text]<strong>Agatha 1 Lineas Naranja<\/strong><br \/>\n<a class=\"pdfcatal\" href=\"\/\/www.ceramictiles.com\/pdf\/catalogue_pamesa_agatha.pdf\"> PDF Kolekcijski katalog<\/a><br \/>\n25&#215;50<br \/>\n<a href=\"mailto:zo_mi@ceramictiles.com\"> Kontakt za narud\u017ebu<\/a>[\/vc_column_text][vc_separator color=&#8220;black&#8220; border_width=&#8220;2&#8243;]<br \/>\n[\/vc_column][vc_column width=&#8220;1\/3&#8243;][vc_single_image source=&#8220;external_link&#8220; onclick=&#8220;link_image&#8220; custom_src=&#8220;https:\/\/www.ceramictiles.com\/images\/pamesa\/agatha_1_lineas_pistacho.jpg&#8220; el_class=&#8220;eheight&#8220;][vc_column_text]<strong>Agatha 1 Lineas Pistacho<\/strong><br \/>\n<a class=\"pdfcatal\" href=\"\/\/www.ceramictiles.com\/pdf\/catalogue_pamesa_agatha.pdf\"> PDF Kolekcijski katalog<\/a><br \/>\n25&#215;50<br \/>\n<a href=\"mailto:zo_mi@ceramictiles.com\"> Kontakt za narud\u017ebu<\/a>[\/vc_column_text][vc_separator color=&#8220;black&#8220; border_width=&#8220;2&#8243;]<br \/>\n[\/vc_column][vc_column width=&#8220;1\/3&#8243;][vc_single_image source=&#8220;external_link&#8220; onclick=&#8220;link_image&#8220; custom_src=&#8220;https:\/\/www.ceramictiles.com\/images\/pamesa\/agatha_1_lineas_turquesa.jpg&#8220; el_class=&#8220;eheight&#8220;][vc_column_text]<strong>Agatha 1 Lineas Turquesa<\/strong><br \/>\n<a class=\"pdfcatal\" href=\"\/\/www.ceramictiles.com\/pdf\/catalogue_pamesa_agatha.pdf\"> PDF Kolekcijski katalog<\/a><br \/>\n25&#215;50<br \/>\n<a href=\"mailto:zo_mi@ceramictiles.com\"> Kontakt za narud\u017ebu<\/a>[\/vc_column_text][vc_separator color=&#8220;black&#8220; border_width=&#8220;2&#8243;]<br \/>\n[\/vc_column][vc_column width=&#8220;1\/3&#8243;][vc_single_image source=&#8220;external_link&#8220; onclick=&#8220;link_image&#8220; custom_src=&#8220;https:\/\/www.ceramictiles.com\/images\/pamesa\/agatha_2_lineas_amarillo.jpg&#8220; el_class=&#8220;eheight&#8220;][vc_column_text]<strong>Agatha 2 Lineas Amarillo<\/strong><br \/>\n<a class=\"pdfcatal\" href=\"\/\/www.ceramictiles.com\/pdf\/catalogue_pamesa_agatha.pdf\"> PDF Kolekcijski katalog<\/a><br \/>\n25&#215;50<br \/>\n<a href=\"mailto:zo_mi@ceramictiles.com\"> Kontakt za narud\u017ebu<\/a>[\/vc_column_text][vc_separator color=&#8220;black&#8220; border_width=&#8220;2&#8243;]<br \/>\n[\/vc_column][vc_column width=&#8220;1\/3&#8243;][vc_single_image source=&#8220;external_link&#8220; onclick=&#8220;link_image&#8220; custom_src=&#8220;https:\/\/www.ceramictiles.com\/images\/pamesa\/agatha_2_lineas_carmin.jpg&#8220; el_class=&#8220;eheight&#8220;][vc_column_text]<strong>Agatha 2 Lineas Carmin<\/strong><br \/>\n<a class=\"pdfcatal\" href=\"\/\/www.ceramictiles.com\/pdf\/catalogue_pamesa_agatha.pdf\"> PDF Kolekcijski katalog<\/a><br \/>\n25&#215;50<br \/>\n<a href=\"mailto:zo_mi@ceramictiles.com\"> Kontakt za narud\u017ebu<\/a>[\/vc_column_text][vc_separator color=&#8220;black&#8220; border_width=&#8220;2&#8243;]<br \/>\n[\/vc_column][vc_column width=&#8220;1\/3&#8243;][vc_single_image source=&#8220;external_link&#8220; onclick=&#8220;link_image&#8220; custom_src=&#8220;https:\/\/www.ceramictiles.com\/images\/pamesa\/agatha_2_lineas_naranja.jpg&#8220; el_class=&#8220;eheight&#8220;][vc_column_text]<strong>Agatha 2 Lineas Naranja<\/strong><br \/>\n<a class=\"pdfcatal\" href=\"\/\/www.ceramictiles.com\/pdf\/catalogue_pamesa_agatha.pdf\"> PDF Kolekcijski katalog<\/a><br \/>\n25&#215;50<br \/>\n<a href=\"mailto:zo_mi@ceramictiles.com\"> Kontakt za narud\u017ebu<\/a>[\/vc_column_text][vc_separator color=&#8220;black&#8220; border_width=&#8220;2&#8243;]<br \/>\n[\/vc_column][vc_column width=&#8220;1\/3&#8243;][vc_single_image source=&#8220;external_link&#8220; onclick=&#8220;link_image&#8220; custom_src=&#8220;https:\/\/www.ceramictiles.com\/images\/pamesa\/agatha_2_lineas_pistacho.jpg&#8220; el_class=&#8220;eheight&#8220;][vc_column_text]<strong>Agatha 2 Lineas Pistacho<\/strong><br \/>\n<a class=\"pdfcatal\" href=\"\/\/www.ceramictiles.com\/pdf\/catalogue_pamesa_agatha.pdf\"> PDF Kolekcijski katalog<\/a><br \/>\n25&#215;50<br \/>\n<a href=\"mailto:zo_mi@ceramictiles.com\"> Kontakt za narud\u017ebu<\/a>[\/vc_column_text][vc_separator color=&#8220;black&#8220; border_width=&#8220;2&#8243;]<br \/>\n[\/vc_column][vc_column width=&#8220;1\/3&#8243;][vc_single_image source=&#8220;external_link&#8220; onclick=&#8220;link_image&#8220; custom_src=&#8220;https:\/\/www.ceramictiles.com\/images\/pamesa\/agatha_2_lineas_turquesa.jpg&#8220; el_class=&#8220;eheight&#8220;][vc_column_text]<strong>Agatha 2 Lineas Turquesa<\/strong><br \/>\n<a class=\"pdfcatal\" href=\"\/\/www.ceramictiles.com\/pdf\/catalogue_pamesa_agatha.pdf\"> PDF Kolekcijski katalog<\/a><br \/>\n25&#215;50<br \/>\n<a href=\"mailto:zo_mi@ceramictiles.com\"> Kontakt za narud\u017ebu<\/a>[\/vc_column_text][vc_separator color=&#8220;black&#8220; border_width=&#8220;2&#8243;]<br \/>\n[\/vc_column][vc_column width=&#8220;1\/3&#8243;][vc_single_image source=&#8220;external_link&#8220; onclick=&#8220;link_image&#8220; custom_src=&#8220;https:\/\/www.ceramictiles.com\/images\/pamesa\/agatha_partylunares_.jpg&#8220; el_class=&#8220;eheight&#8220;][vc_column_text]<strong>Agatha Party Lunares <\/strong><br \/>\n<a class=\"pdfcatal\" href=\"\/\/www.ceramictiles.com\/pdf\/catalogue_pamesa_agatha.pdf\"> PDF Kolekcijski katalog<\/a><br \/>\n25&#215;50<br \/>\n<a href=\"mailto:zo_mi@ceramictiles.com\"> Kontakt za narud\u017ebu<\/a>[\/vc_column_text][vc_separator color=&#8220;black&#8220; border_width=&#8220;2&#8243;]<br \/>\n[\/vc_column][vc_column width=&#8220;1\/3&#8243;][vc_single_image source=&#8220;external_link&#8220; onclick=&#8220;link_image&#8220; custom_src=&#8220;https:\/\/www.ceramictiles.com\/images\/pamesa\/agatha_party1_lineas_.jpg&#8220; el_class=&#8220;eheight&#8220;][vc_column_text]<strong>Agatha Party1 Lineas <\/strong><br \/>\n<a class=\"pdfcatal\" href=\"\/\/www.ceramictiles.com\/pdf\/catalogue_pamesa_agatha.pdf\"> PDF Kolekcijski katalog<\/a><br \/>\n25&#215;50<br \/>\n<a href=\"mailto:zo_mi@ceramictiles.com\"> Kontakt za narud\u017ebu<\/a>[\/vc_column_text][vc_separator color=&#8220;black&#8220; border_width=&#8220;2&#8243;]<br \/>\n[\/vc_column][vc_column width=&#8220;1\/3&#8243;][vc_single_image source=&#8220;external_link&#8220; onclick=&#8220;link_image&#8220; custom_src=&#8220;https:\/\/www.ceramictiles.com\/images\/pamesa\/agatha_party2_lineas_.jpg&#8220; el_class=&#8220;eheight&#8220;][vc_column_text]<strong>Agatha Party2 Lineas <\/strong><br \/>\n<a class=\"pdfcatal\" href=\"\/\/www.ceramictiles.com\/pdf\/catalogue_pamesa_agatha.pdf\"> PDF Kolekcijski katalog<\/a><br \/>\n25&#215;50<br \/>\n<a href=\"mailto:zo_mi@ceramictiles.com\"> Kontakt za narud\u017ebu<\/a>[\/vc_column_text][vc_separator color=&#8220;black&#8220; border_width=&#8220;2&#8243;]<br \/>\n[\/vc_column][vc_column width=&#8220;1\/3&#8243;][vc_single_image source=&#8220;external_link&#8220; onclick=&#8220;link_image&#8220; custom_src=&#8220;https:\/\/www.ceramictiles.com\/images\/pamesa\/dec_agatha_alegria.jpg&#8220; el_class=&#8220;eheight&#8220;][vc_column_text]<strong>Dec Agatha Alegria<\/strong><br \/>\n<a class=\"pdfcatal\" href=\"\/\/www.ceramictiles.com\/pdf\/catalogue_pamesa_agatha.pdf\"> PDF Kolekcijski katalog<\/a><br \/>\n25&#215;50<br \/>\n<a href=\"mailto:zo_mi@ceramictiles.com\"> Kontakt za narud\u017ebu<\/a>[\/vc_column_text][vc_separator color=&#8220;black&#8220; border_width=&#8220;2&#8243;]<br \/>\n[\/vc_column][vc_column width=&#8220;1\/3&#8243;][vc_single_image source=&#8220;external_link&#8220; onclick=&#8220;link_image&#8220; custom_src=&#8220;https:\/\/www.ceramictiles.com\/images\/pamesa\/dec_agatha_circus.jpg&#8220; el_class=&#8220;eheight&#8220;][vc_column_text]<strong>Dec Agatha Circus<\/strong><br \/>\n<a class=\"pdfcatal\" href=\"\/\/www.ceramictiles.com\/pdf\/catalogue_pamesa_agatha.pdf\"> PDF Kolekcijski katalog<\/a><br \/>\n25&#215;50<br \/>\n<a href=\"mailto:zo_mi@ceramictiles.com\"> Kontakt za narud\u017ebu<\/a>[\/vc_column_text][vc_separator color=&#8220;black&#8220; border_width=&#8220;2&#8243;]<br \/>\n[\/vc_column][vc_column width=&#8220;1\/3&#8243;][vc_single_image source=&#8220;external_link&#8220; onclick=&#8220;link_image&#8220; custom_src=&#8220;https:\/\/www.ceramictiles.com\/images\/pamesa\/dec_agatha_joie.jpg&#8220; el_class=&#8220;eheight&#8220;][vc_column_text]<strong>Dec Agatha Joie<\/strong><br \/>\n<a class=\"pdfcatal\" href=\"\/\/www.ceramictiles.com\/pdf\/catalogue_pamesa_agatha.pdf\"> PDF Kolekcijski katalog<\/a><br \/>\n25&#215;50<br \/>\n<a href=\"mailto:zo_mi@ceramictiles.com\"> Kontakt za narud\u017ebu<\/a>[\/vc_column_text][vc_separator color=&#8220;black&#8220; border_width=&#8220;2&#8243;]<\/p>\n<p>[\/vc_column][\/vc_row]<\/p>\n","protected":false},"excerpt":{"rendered":"<p>Dizajn dekorativnih plo\u010dica Agatha Ruiz de la Prada<\/p>\n","protected":false},"featured_media":89587,"template":"","meta":[],"product_cat":[200,220,999107,999,250],"product_tag":[99950090],"_links":{"self":[{"href":"https:\/\/www.keramika.com\/srbija\/wp-json\/wp\/v2\/product\/89586"}],"collection":[{"href":"https:\/\/www.keramika.com\/srbija\/wp-json\/wp\/v2\/product"}],"about":[{"href":"https:\/\/www.keramika.com\/srbija\/wp-json\/wp\/v2\/types\/product"}],"wp:featuredmedia":[{"embeddable":true,"href":"https:\/\/www.keramika.com\/srbija\/wp-json\/wp\/v2\/media\/89587"}],"wp:attachment":[{"href":"https:\/\/www.keramika.com\/srbija\/wp-json\/wp\/v2\/media?parent=89586"}],"wp:term":[{"taxonomy":"product_cat","embeddable":true,"href":"https:\/\/www.keramika.com\/srbija\/wp-json\/wp\/v2\/product_cat?post=89586"},{"taxonomy":"product_tag","embeddable":true,"href":"https:\/\/www.keramika.com\/srbija\/wp-json\/wp\/v2\/product_tag?post=89586"}],"curies":[{"name":"wp","href":"https:\/\/api.w.org\/{rel}","templated":true}]}}