{"id":89556,"date":"2017-07-01T19:05:50","date_gmt":"2017-07-01T19:05:50","guid":{"rendered":"http:\/\/www.ceramictiles.com\/srbija\/product\/keope-neowood-neo-brown\/"},"modified":"2026-01-01T00:00:41","modified_gmt":"2026-01-01T00:00:41","slug":"keope-neowood-neo-brown","status":"publish","type":"product","link":"https:\/\/www.keramika.com\/srbija\/keope-neowood-neo-brown\/","title":{"rendered":"Keope Neowood Neo Brown"},"content":{"rendered":"<p>Ova plo\u010dica je debela 10 mm i zato je izuzetno izdr\u017eljiva. Online cena je samo 8567.5 RSD, dok redovna, maloprodajna cena 10708.8 RSD. Plo\u010dice dolaze iz Italije, koja je poznata po kvalitetnoj keramiki. Plo\u010dice braon boje, su letos izuzetno tre\u017eene. Veli\u010dina plo\u010dice je 22.5&#215;90 cm i odli\u010dna je za razli\u010dite povr\u0161ine.<\/p>\n<p>Kliknite na ime serije za sve plo\u010dice u toj seriji: <a class=\"pdfcatal\" href=\"\/\/www.ceramictiles.com\/pdf\/keope\/catalogue_ceramichekeope_neowood.pdf\" onclick=\"recordOutboundLink(this, 'E-mail', 'Description PDF');return false;\">Keope Neowood<\/a><\/p>\n<p>Da bi naru\u010dili model iz PDF kataloga ove serije, molimo vas, da nas kontaktirate na: <a href=\"mailto:zo_mi@ceramictiles.com\" onclick=\"recordOutboundLink(this, 'E-mail', 'Description mail');return false;\">zo_mi@ceramictiles.com<\/a> ili nas pozovite na: For exact offer, PLS send us quantity and product you need with delivery address..<\/p>\n<p>Technical description: Ceramiche Keope Neowood<\/p>\n","protected":false},"excerpt":{"rendered":"<p>Ova plo\u010dica je debela 10 mm i zato je izuzetno izdr\u017eljiva. Online cena je samo 8567.5 RSD, dok redovna, maloprodajna cena 10708.8 RSD. Plo\u010dice dolaze iz Italije, koja je poznata po kvalitetnoj keramiki. Plo\u010dice braon boje, su letos izuzetno tre\u017eene. Veli\u010dina plo\u010dice je 22.5&#215;90 cm i odli\u010dna je za razli\u010dite povr\u0161ine. Kliknite na ime serije [&hellip;]<\/p>\n","protected":false},"featured_media":89557,"template":"","meta":[],"product_cat":[999580,200,240,260,999],"product_tag":[],"_links":{"self":[{"href":"https:\/\/www.keramika.com\/srbija\/wp-json\/wp\/v2\/product\/89556"}],"collection":[{"href":"https:\/\/www.keramika.com\/srbija\/wp-json\/wp\/v2\/product"}],"about":[{"href":"https:\/\/www.keramika.com\/srbija\/wp-json\/wp\/v2\/types\/product"}],"wp:featuredmedia":[{"embeddable":true,"href":"https:\/\/www.keramika.com\/srbija\/wp-json\/wp\/v2\/media\/89557"}],"wp:attachment":[{"href":"https:\/\/www.keramika.com\/srbija\/wp-json\/wp\/v2\/media?parent=89556"}],"wp:term":[{"taxonomy":"product_cat","embeddable":true,"href":"https:\/\/www.keramika.com\/srbija\/wp-json\/wp\/v2\/product_cat?post=89556"},{"taxonomy":"product_tag","embeddable":true,"href":"https:\/\/www.keramika.com\/srbija\/wp-json\/wp\/v2\/product_tag?post=89556"}],"curies":[{"name":"wp","href":"https:\/\/api.w.org\/{rel}","templated":true}]}}