{"id":89502,"date":"2017-09-02T18:58:04","date_gmt":"2017-09-02T18:58:04","guid":{"rendered":"http:\/\/www.ceramictiles.com\/srbija\/product\/porcelanske-plocice-tau-corten\/"},"modified":"2026-01-01T00:00:34","modified_gmt":"2026-01-01T00:00:34","slug":"porcelanske-plocice-tau-corten","status":"publish","type":"product","link":"https:\/\/www.keramika.com\/srbija\/porcelanske-plocice-tau-corten\/","title":{"rendered":"Porcelanske plo\u010dice  Tau Corten"},"content":{"rendered":"<p>Redovna cena, ovih plo\u010dica u maloprodaji je 7148,4 RSD. U na\u0161oj online trgovini, je mo\u017eete kupiti za 5717,8 RSD. 10 mm debljine je dovoljno za zahtevnije kupce. Plo\u010dica na sliki je 45&#215;45 cm. Ove braon kerami\u010dke plo\u010dice, obogatit \u0107e svaki prostor. plo\u010dica proizvo\u0111a\u010da Tau Ceramica iz \u0160panije.<\/p>\n<p>Kliknite na ime serije za sve plo\u010dice u toj seriji: <a class=\"pdfcatal\" href=\"\/\/www.ceramictiles.com\/pdf\/tau\/catalogue_tau_corten.pdf\">Tau Ceramica Corten<\/a><\/p>\n<p>Veli\u010dina plo\u010dice : 10&#215;10 : 30&#215;30 : 30&#215;60 : 45&#215;45 : 60&#215;60 : 45&#215;90 : 60&#215;120 cm<br \/>\nTau ceramica Corten Night : Corten Blanco : Corten Beige : Corten A : Corten B :<br \/>\nDebljina plo\u010dice 9.5 mm &#8211; 45&#215;45 cm : 30&#215;60 cm<br \/>\nDebljina plo\u010dice 10.5<\/p>\n<p>[vc_row][vc_column width=&#8220;1\/3&#8243;][vc_single_image source=&#8220;external_link&#8220; onclick=&#8220;link_image&#8220; custom_src=&#8220;https:\/\/www.ceramictiles.com\/images\/tau\/corten_a.jpg&#8220; el_class=&#8220;eheight&#8220;]<br \/>\n[vc_column_text]<strong><br \/>\nCorten A<\/strong><br \/>\n<a class=\"pdfcatal\" href=\"\/\/www.ceramictiles.com\/pdf\/catalogue_tau.pdf\"> PDF Kolekcijski katalog<\/a><br \/>\nTau ceramica<br \/>\n<a href=\"mailto:zo_mi@ceramictiles.com\"> Kontakt za narud\u017ebu<\/a>[\/vc_column_text][vc_separator color=&#8220;black&#8220; border_width=&#8220;2&#8243;]<br \/>\n[\/vc_column][vc_column width=&#8220;1\/3&#8243;][vc_single_image source=&#8220;external_link&#8220; onclick=&#8220;link_image&#8220; custom_src=&#8220;https:\/\/www.ceramictiles.com\/images\/tau\/corten_b.jpg&#8220; el_class=&#8220;eheight&#8220;]<br \/>\n[vc_column_text]<strong><br \/>\nCorten B<\/strong><br \/>\n<a class=\"pdfcatal\" href=\"\/\/www.ceramictiles.com\/pdf\/catalogue_tau.pdf\"> PDF Kolekcijski katalog<\/a><br \/>\nTau ceramica<br \/>\n<a href=\"mailto:zo_mi@ceramictiles.com\"> Kontakt za narud\u017ebu<\/a>[\/vc_column_text][vc_separator color=&#8220;black&#8220; border_width=&#8220;2&#8243;]<br \/>\n[\/vc_column][vc_column width=&#8220;1\/3&#8243;][vc_single_image source=&#8220;external_link&#8220; onclick=&#8220;link_image&#8220; custom_src=&#8220;https:\/\/www.ceramictiles.com\/images\/tau\/corten_beige.jpg&#8220; el_class=&#8220;eheight&#8220;]<br \/>\n[vc_column_text]<strong><br \/>\nCorten Beige<\/strong><br \/>\n<a class=\"pdfcatal\" href=\"\/\/www.ceramictiles.com\/pdf\/catalogue_tau.pdf\"> PDF Kolekcijski katalog<\/a><br \/>\nTau ceramica<br \/>\n<a href=\"mailto:zo_mi@ceramictiles.com\"> Kontakt za narud\u017ebu<\/a>[\/vc_column_text][vc_separator color=&#8220;black&#8220; border_width=&#8220;2&#8243;]<br \/>\n[\/vc_column][vc_column width=&#8220;1\/3&#8243;][vc_single_image source=&#8220;external_link&#8220; onclick=&#8220;link_image&#8220; custom_src=&#8220;https:\/\/www.ceramictiles.com\/images\/tau\/corten_blanco.jpg&#8220; el_class=&#8220;eheight&#8220;]<br \/>\n[vc_column_text]<strong><br \/>\nCorten Blanco<\/strong><br \/>\n<a class=\"pdfcatal\" href=\"\/\/www.ceramictiles.com\/pdf\/catalogue_tau.pdf\"> PDF Kolekcijski katalog<\/a><br \/>\nTau ceramica<br \/>\n<a href=\"mailto:zo_mi@ceramictiles.com\"> Kontakt za narud\u017ebu<\/a>[\/vc_column_text][vc_separator color=&#8220;black&#8220; border_width=&#8220;2&#8243;]<br \/>\n[\/vc_column][vc_column width=&#8220;1\/3&#8243;][vc_single_image source=&#8220;external_link&#8220; onclick=&#8220;link_image&#8220; custom_src=&#8220;https:\/\/www.ceramictiles.com\/images\/tau\/corten_mosaic.jpg&#8220; el_class=&#8220;eheight&#8220;]<br \/>\n[vc_column_text]<strong><br \/>\nCorten Mosaic<\/strong><br \/>\n<a class=\"pdfcatal\" href=\"\/\/www.ceramictiles.com\/pdf\/catalogue_tau.pdf\"> PDF Kolekcijski katalog<\/a><br \/>\nTau ceramica<br \/>\n<a href=\"mailto:zo_mi@ceramictiles.com\"> Kontakt za narud\u017ebu<\/a>[\/vc_column_text][vc_separator color=&#8220;black&#8220; border_width=&#8220;2&#8243;]<br \/>\n[\/vc_column][vc_column width=&#8220;1\/3&#8243;][vc_single_image source=&#8220;external_link&#8220; onclick=&#8220;link_image&#8220; custom_src=&#8220;https:\/\/www.ceramictiles.com\/images\/tau\/corten_mosaic_a.jpg&#8220; el_class=&#8220;eheight&#8220;]<br \/>\n[vc_column_text]<strong><br \/>\nCorten Mosaic A<\/strong><br \/>\n<a class=\"pdfcatal\" href=\"\/\/www.ceramictiles.com\/pdf\/catalogue_tau.pdf\"> PDF Kolekcijski katalog<\/a><br \/>\nTau ceramica<br \/>\n<a href=\"mailto:zo_mi@ceramictiles.com\"> Kontakt za narud\u017ebu<\/a>[\/vc_column_text][vc_separator color=&#8220;black&#8220; border_width=&#8220;2&#8243;]<br \/>\n[\/vc_column][vc_column width=&#8220;1\/3&#8243;][vc_single_image source=&#8220;external_link&#8220; onclick=&#8220;link_image&#8220; custom_src=&#8220;https:\/\/www.ceramictiles.com\/images\/tau\/corten_mosaic_b.jpg&#8220; el_class=&#8220;eheight&#8220;]<br \/>\n[vc_column_text]<strong><br \/>\nCorten Mosaic B<\/strong><br \/>\n<a class=\"pdfcatal\" href=\"\/\/www.ceramictiles.com\/pdf\/catalogue_tau.pdf\"> PDF Kolekcijski katalog<\/a><br \/>\nTau ceramica<br \/>\n<a href=\"mailto:zo_mi@ceramictiles.com\"> Kontakt za narud\u017ebu<\/a>[\/vc_column_text][vc_separator color=&#8220;black&#8220; border_width=&#8220;2&#8243;]<br \/>\n[\/vc_column][vc_column width=&#8220;1\/3&#8243;][vc_single_image source=&#8220;external_link&#8220; onclick=&#8220;link_image&#8220; custom_src=&#8220;https:\/\/www.ceramictiles.com\/images\/tau\/corten_night.jpg&#8220; el_class=&#8220;eheight&#8220;]<br \/>\n[vc_column_text]<strong><br \/>\nCorten Night<\/strong><br \/>\n<a class=\"pdfcatal\" href=\"\/\/www.ceramictiles.com\/pdf\/catalogue_tau.pdf\"> PDF Kolekcijski katalog<\/a><br \/>\nTau ceramica<br \/>\n<a href=\"mailto:zo_mi@ceramictiles.com\"> Kontakt za narud\u017ebu<\/a>[\/vc_column_text][vc_separator color=&#8220;black&#8220; border_width=&#8220;2&#8243;]<\/p>\n<p>[\/vc_column][\/vc_row]<\/p>\n","protected":false},"excerpt":{"rendered":"<p>Metalni izgled podnih i zidnih plo\u010dica<\/p>\n","protected":false},"featured_media":89503,"template":"","meta":[],"product_cat":[210,200,280,220,230,240,260,999,290,270,999125,250],"product_tag":[99950100,99950098,99950099,999500883,99950090,99950097,99950091],"_links":{"self":[{"href":"https:\/\/www.keramika.com\/srbija\/wp-json\/wp\/v2\/product\/89502"}],"collection":[{"href":"https:\/\/www.keramika.com\/srbija\/wp-json\/wp\/v2\/product"}],"about":[{"href":"https:\/\/www.keramika.com\/srbija\/wp-json\/wp\/v2\/types\/product"}],"wp:featuredmedia":[{"embeddable":true,"href":"https:\/\/www.keramika.com\/srbija\/wp-json\/wp\/v2\/media\/89503"}],"wp:attachment":[{"href":"https:\/\/www.keramika.com\/srbija\/wp-json\/wp\/v2\/media?parent=89502"}],"wp:term":[{"taxonomy":"product_cat","embeddable":true,"href":"https:\/\/www.keramika.com\/srbija\/wp-json\/wp\/v2\/product_cat?post=89502"},{"taxonomy":"product_tag","embeddable":true,"href":"https:\/\/www.keramika.com\/srbija\/wp-json\/wp\/v2\/product_tag?post=89502"}],"curies":[{"name":"wp","href":"https:\/\/api.w.org\/{rel}","templated":true}]}}