{"id":89096,"date":"2017-07-01T17:52:46","date_gmt":"2017-07-01T17:52:46","guid":{"rendered":"http:\/\/www.ceramictiles.com\/srbija\/product\/vidrepur-mozaik-amarillo-12x12\/"},"modified":"2025-12-31T00:03:10","modified_gmt":"2025-12-31T00:03:10","slug":"vidrepur-mozaik-amarillo-12x12","status":"publish","type":"product","link":"https:\/\/www.keramika.com\/srbija\/vidrepur-mozaik-amarillo-12x12\/","title":{"rendered":"Vidrepur mozaik Amarillo 12&#215;12"},"content":{"rendered":"<p>Plo\u010dice \u017eute boje osvje\u017eit \u0107e svaki prostor. Mozaik je pritvr\u0111en na mre\u017eu, \u0161to olak\u0161ava njegovu ugradnju. Veli\u010dina mre\u017ee je 30,3&#215;30,3 cm , te je pogodan je za razli\u010dite povr\u0161ine. Vidrepur mosaico Amarillo 12&#215;12 dolazi iz \u0160panije, koja je poznata po vrlo visokoj kvaliteta keramike u svetu. Redovna cena tog mozaika u maloprodaji je 26953,7 RSD, a u na\u0161oj online trgovini, ga mo\u017eete dobiti za 21562,5 RSD. 4 mm debljina \u0107e zadovoljiti i najzahtevnije kupce.<\/p>\n<p>Kliknite na ime serije za sve plo\u010dice u toj seriji: <a class=\"pdfcatal\" href=\"\/\/www.ceramictiles.com\/pdf\/vidrepur\/catalogue_vidrepur_colors.pdf\" onclick=\"recordOutboundLink(this, 'E-mail', 'Description PDF');return false;\">Vidrepur Colors<\/a><\/p>\n<p>Da bi naru\u010dili model iz PDF kataloga ove serije, molimo vas, da nas kontaktirate na: <a href=\"mailto:zo_mi@ceramictiles.com\" onclick=\"recordOutboundLink(this, 'E-mail', 'Description mail');return false;\">zo_mi@ceramictiles.com<\/a> ili nas pozovite na: For exact offer, PLS send us quantity and product you need with delivery address..<\/p>\n<p>Technical description: <\/p>\n<p>Min. 1 box &#8211; Delivery 30 Euro\/box in EU<\/p>\n","protected":false},"excerpt":{"rendered":"<p>Plo\u010dice \u017eute boje osvje\u017eit \u0107e svaki prostor. Mozaik je pritvr\u0111en na mre\u017eu, \u0161to olak\u0161ava njegovu ugradnju. Veli\u010dina mre\u017ee je 30,3&#215;30,3 cm , te je pogodan je za razli\u010dite povr\u0161ine. Vidrepur mosaico Amarillo 12&#215;12 dolazi iz \u0160panije, koja je poznata po vrlo visokoj kvaliteta keramike u svetu. Redovna cena tog mozaika u maloprodaji je 26953,7 RSD, [&hellip;]<\/p>\n","protected":false},"featured_media":89097,"template":"","meta":[],"product_cat":[400,999,410,9991712],"product_tag":[],"_links":{"self":[{"href":"https:\/\/www.keramika.com\/srbija\/wp-json\/wp\/v2\/product\/89096"}],"collection":[{"href":"https:\/\/www.keramika.com\/srbija\/wp-json\/wp\/v2\/product"}],"about":[{"href":"https:\/\/www.keramika.com\/srbija\/wp-json\/wp\/v2\/types\/product"}],"wp:featuredmedia":[{"embeddable":true,"href":"https:\/\/www.keramika.com\/srbija\/wp-json\/wp\/v2\/media\/89097"}],"wp:attachment":[{"href":"https:\/\/www.keramika.com\/srbija\/wp-json\/wp\/v2\/media?parent=89096"}],"wp:term":[{"taxonomy":"product_cat","embeddable":true,"href":"https:\/\/www.keramika.com\/srbija\/wp-json\/wp\/v2\/product_cat?post=89096"},{"taxonomy":"product_tag","embeddable":true,"href":"https:\/\/www.keramika.com\/srbija\/wp-json\/wp\/v2\/product_tag?post=89096"}],"curies":[{"name":"wp","href":"https:\/\/api.w.org\/{rel}","templated":true}]}}