{"id":88508,"date":"2017-07-01T16:04:47","date_gmt":"2017-07-01T16:04:47","guid":{"rendered":"http:\/\/www.ceramictiles.com\/srbija\/product\/keramika-10x20-ivory\/"},"modified":"2025-12-31T00:02:01","modified_gmt":"2025-12-31T00:02:01","slug":"keramika-10x20-ivory","status":"publish","type":"product","link":"https:\/\/www.keramika.com\/srbija\/keramika-10x20-ivory\/","title":{"rendered":"Keramika 10&#215;20 ivory"},"content":{"rendered":"<p>Keramika je prekrasne be\u017e boje. U koliko \u017eelite neku drugu boju, pozovite nas i mi \u0107emo proveriti kod proizvo\u0111a\u010da. Plo\u010dica 10&#215;20 cm je dobra za ve\u0107 razli\u010ditih namena. 2812,5 RSD je redovna prodajna cena keramike, tu pa samo 2250 RSD. 9 mm debljine je dovoljno za zahtevnije kupce. Plo\u010dice dolaze iz \u0160panije, koja je poznata po kvalitetnoj keramiki.<\/p>\n<p>Technical description: Product ID: Ivory<br \/><a class=\"pdfcatal\" href=\"\/\/www.keramika.com\/pdf\/e-ceramica\/catalogue_of_kitchen_tiles.pdf\"> Kitchen tiles catalogue  <\/a><\/p>\n","protected":false},"excerpt":{"rendered":"<p>Keramika je prekrasne be\u017e boje. U koliko \u017eelite neku drugu boju, pozovite nas i mi \u0107emo proveriti kod proizvo\u0111a\u010da. Plo\u010dica 10&#215;20 cm je dobra za ve\u0107 razli\u010ditih namena. 2812,5 RSD je redovna prodajna cena keramike, tu pa samo 2250 RSD. 9 mm debljine je dovoljno za zahtevnije kupce. Plo\u010dice dolaze iz \u0160panije, koja je poznata [&hellip;]<\/p>\n","protected":false},"featured_media":88509,"template":"","meta":[],"product_cat":[210,99921414,200,230,999,250],"product_tag":[],"_links":{"self":[{"href":"https:\/\/www.keramika.com\/srbija\/wp-json\/wp\/v2\/product\/88508"}],"collection":[{"href":"https:\/\/www.keramika.com\/srbija\/wp-json\/wp\/v2\/product"}],"about":[{"href":"https:\/\/www.keramika.com\/srbija\/wp-json\/wp\/v2\/types\/product"}],"wp:featuredmedia":[{"embeddable":true,"href":"https:\/\/www.keramika.com\/srbija\/wp-json\/wp\/v2\/media\/88509"}],"wp:attachment":[{"href":"https:\/\/www.keramika.com\/srbija\/wp-json\/wp\/v2\/media?parent=88508"}],"wp:term":[{"taxonomy":"product_cat","embeddable":true,"href":"https:\/\/www.keramika.com\/srbija\/wp-json\/wp\/v2\/product_cat?post=88508"},{"taxonomy":"product_tag","embeddable":true,"href":"https:\/\/www.keramika.com\/srbija\/wp-json\/wp\/v2\/product_tag?post=88508"}],"curies":[{"name":"wp","href":"https:\/\/api.w.org\/{rel}","templated":true}]}}