{"id":88478,"date":"2017-07-01T16:00:37","date_gmt":"2017-07-01T16:00:37","guid":{"rendered":"http:\/\/www.ceramictiles.com\/srbija\/product\/3d-plocice-emigres-numancia\/"},"modified":"2025-12-31T00:01:57","modified_gmt":"2025-12-31T00:01:57","slug":"3d-plocice-emigres-numancia","status":"publish","type":"product","link":"https:\/\/www.keramika.com\/srbija\/3d-plocice-emigres-numancia\/","title":{"rendered":"3D plo\u010dice Emigres Numancia"},"content":{"rendered":"<p>Ove plo\u010dice dolaze od proizvo\u0111a\u010da Emigres, iz \u0160panije. Plo\u010dice braon boje, su letos izuzetno tre\u017eene. U maloprodaji bi morali za tu plo\u010dicu platiti 2562,2 RSD, online cena je samo 2049,3 RSD. Debljina plo\u010dice, je vrlo va\u017ena 9 mm i ubraja tu plo\u010dicu me\u0111u najkvalitetnije. Veli\u010dina plo\u010dice je 15&#215;50 cm i odli\u010dna je za razli\u010dite povr\u0161ine.<\/p>\n<p>Kliknite na ime serije za sve plo\u010dice u toj seriji: <a class=\"pdfcatal\" href=\"\/\/www.ceramictiles.com\/pdf\/emigres\/catalogue_emigres_numancia.pdf\" onclick=\"recordOutboundLink(this, 'E-mail', 'Description PDF');return false;\">Emigres Numancia<\/a><\/p>\n<p>Da bi naru\u010dili model iz PDF kataloga ove serije, molimo vas, da nas kontaktirate na: <a href=\"mailto:zo_mi@ceramictiles.com\" onclick=\"recordOutboundLink(this, 'E-mail', 'Description mail');return false;\">zo_mi@ceramictiles.com<\/a> ili nas pozovite na: For exact offer, PLS send us quantity and product you need with delivery address..<\/p>\n<p>Technical description: <br \/> W 15&#215;50 <br \/>Numancia Blanco ; Numancia Negro ; Numancia Beige ; Numancia Ocre ;<\/p>\n","protected":false},"excerpt":{"rendered":"<p>Ove plo\u010dice dolaze od proizvo\u0111a\u010da Emigres, iz \u0160panije. Plo\u010dice braon boje, su letos izuzetno tre\u017eene. U maloprodaji bi morali za tu plo\u010dicu platiti 2562,2 RSD, online cena je samo 2049,3 RSD. Debljina plo\u010dice, je vrlo va\u017ena 9 mm i ubraja tu plo\u010dicu me\u0111u najkvalitetnije. Veli\u010dina plo\u010dice je 15&#215;50 cm i odli\u010dna je za razli\u010dite povr\u0161ine. [&hellip;]<\/p>\n","protected":false},"featured_media":88479,"template":"","meta":[],"product_cat":[210,9991089,200,220,999,250],"product_tag":[99950088],"_links":{"self":[{"href":"https:\/\/www.keramika.com\/srbija\/wp-json\/wp\/v2\/product\/88478"}],"collection":[{"href":"https:\/\/www.keramika.com\/srbija\/wp-json\/wp\/v2\/product"}],"about":[{"href":"https:\/\/www.keramika.com\/srbija\/wp-json\/wp\/v2\/types\/product"}],"wp:featuredmedia":[{"embeddable":true,"href":"https:\/\/www.keramika.com\/srbija\/wp-json\/wp\/v2\/media\/88479"}],"wp:attachment":[{"href":"https:\/\/www.keramika.com\/srbija\/wp-json\/wp\/v2\/media?parent=88478"}],"wp:term":[{"taxonomy":"product_cat","embeddable":true,"href":"https:\/\/www.keramika.com\/srbija\/wp-json\/wp\/v2\/product_cat?post=88478"},{"taxonomy":"product_tag","embeddable":true,"href":"https:\/\/www.keramika.com\/srbija\/wp-json\/wp\/v2\/product_tag?post=88478"}],"curies":[{"name":"wp","href":"https:\/\/api.w.org\/{rel}","templated":true}]}}