{"id":88410,"date":"2017-07-01T15:51:30","date_gmt":"2017-07-01T15:51:30","guid":{"rendered":"http:\/\/www.ceramictiles.com\/srbija\/product\/plocice-zirconio-dolmen-gold\/"},"modified":"2025-12-31T00:01:47","modified_gmt":"2025-12-31T00:01:47","slug":"plocice-zirconio-dolmen-gold","status":"publish","type":"product","link":"https:\/\/www.keramika.com\/srbija\/plocice-zirconio-dolmen-gold\/","title":{"rendered":"Plo\u010dice Zirconio Dolmen Gold"},"content":{"rendered":"<p>U maloprodaji bi morali za tu plo\u010dicu platiti 3898,5 RSD, online cena je samo 3118,8 RSD. Plo\u010dica 33,3&#215;67,1 cm je dobra za ve\u0107 razli\u010ditih namena. Debljina plo\u010dice, je vrlo va\u017ena 9 mm i ubraja tu plo\u010dicu me\u0111u najkvalitetnije. Plo\u010dice braon boje, su letos izuzetno tre\u017eene. Plo\u010dice dolaze iz \u0160panije, koja je poznata po kvalitetnoj keramiki.<\/p>\n<p>Kliknite na ime serije za sve plo\u010dice u toj seriji: <a class=\"pdfcatal\" href=\"\/\/www.ceramictiles.com\/pdf\/zirconio\/catalogue_zirconio_dolmen.pdf\">Zirconio Dolmen<\/a><\/p>\n<p>Da bi naru\u010dili model iz PDF kataloga ove serije, molimo vas, da nas kontaktirate na: <a href=\"mailto:zo_mi@ceramictiles.com\">zo_mi@ceramictiles.com<\/a> ili nas pozovite na: For exact offer, PLS send us quantity and product you need with delivery address..<\/p>\n<p>Technical description:<br \/>\nW &amp; F 33,3&#215;67,1 ; 45&#215;45 ; 33,3&#215;33,3 ; 20&#215;24<br \/>\nDolmen Grey ; Dolmen Gold ; Dolmen Ivory ;<\/p>\n","protected":false},"excerpt":{"rendered":"<p>U maloprodaji bi morali za tu plo\u010dicu platiti 3898,5 RSD, online cena je samo 3118,8 RSD. Plo\u010dica 33,3&#215;67,1 cm je dobra za ve\u0107 razli\u010ditih namena. Debljina plo\u010dice, je vrlo va\u017ena 9 mm i ubraja tu plo\u010dicu me\u0111u najkvalitetnije. Plo\u010dice braon boje, su letos izuzetno tre\u017eene. Plo\u010dice dolaze iz \u0160panije, koja je poznata po kvalitetnoj keramiki. [&hellip;]<\/p>\n","protected":false},"featured_media":88411,"template":"","meta":[],"product_cat":[200,240,999,270,250,999137],"product_tag":[],"_links":{"self":[{"href":"https:\/\/www.keramika.com\/srbija\/wp-json\/wp\/v2\/product\/88410"}],"collection":[{"href":"https:\/\/www.keramika.com\/srbija\/wp-json\/wp\/v2\/product"}],"about":[{"href":"https:\/\/www.keramika.com\/srbija\/wp-json\/wp\/v2\/types\/product"}],"wp:featuredmedia":[{"embeddable":true,"href":"https:\/\/www.keramika.com\/srbija\/wp-json\/wp\/v2\/media\/88411"}],"wp:attachment":[{"href":"https:\/\/www.keramika.com\/srbija\/wp-json\/wp\/v2\/media?parent=88410"}],"wp:term":[{"taxonomy":"product_cat","embeddable":true,"href":"https:\/\/www.keramika.com\/srbija\/wp-json\/wp\/v2\/product_cat?post=88410"},{"taxonomy":"product_tag","embeddable":true,"href":"https:\/\/www.keramika.com\/srbija\/wp-json\/wp\/v2\/product_tag?post=88410"}],"curies":[{"name":"wp","href":"https:\/\/api.w.org\/{rel}","templated":true}]}}