{"id":88408,"date":"2017-07-01T15:51:19","date_gmt":"2017-07-01T15:51:19","guid":{"rendered":"http:\/\/www.ceramictiles.com\/srbija\/product\/plocice-zirconio-delhi-nature\/"},"modified":"2025-12-31T00:01:47","modified_gmt":"2025-12-31T00:01:47","slug":"plocice-zirconio-delhi-nature","status":"publish","type":"product","link":"https:\/\/www.keramika.com\/srbija\/plocice-zirconio-delhi-nature\/","title":{"rendered":"Plo\u010dice Zirconio Delhi Nature"},"content":{"rendered":"<p>Ova plo\u010dica je debela 12 mm i zato je izuzetno izdr\u017eljiva. Zbog ni\u017eih tro\u0161kova, online prodaje, Vi \u0107e te na na\u0161oj strani ove plo\u010de platiti samo 8305,3 RSD. Ceramica Zirconio Delhi Nature dolazi iz \u0160panije, koja je poznata po vrlo visokoj kvaliteta keramike u svetu. Ta kolekcija, model plo\u010dice, se prodaje najvi\u0161e be\u017e boje. Veli\u010dina 60&#215;120 cm je odli\u010dna za sve podloge.<\/p>\n<p>Kliknite na ime serije za sve plo\u010dice u toj seriji: <a class=\"pdfcatal\" href=\"\/\/www.ceramictiles.com\/pdf\/zirconio\/catalogue_zirconio_delhi.pdf\">Zirconio Delhi<\/a><\/p>\n<p>Da bi naru\u010dili model iz PDF kataloga ove serije, molimo vas, da nas kontaktirate na: <a href=\"mailto:zo_mi@ceramictiles.com\">zo_mi@ceramictiles.com<\/a> ili nas pozovite na: For exact offer, PLS send us quantity and product you need with delivery address..<\/p>\n<p>Technical description:<br \/>\nW &amp; F 60&#215;120 ; 59,6&#215;119,2 ; 60&#215;60 ; 33,3&#215;33,3 ; 45&#215;45 ; 45&#215;67,5<br \/>\nDelhi Gold ; Delhi Luxe Gold ; Delhi Nature ; Delhi Luxe Nature ; Delhi Grip Nature ; Delhi Grey ; Delhi Grip Grey<\/p>\n","protected":false},"excerpt":{"rendered":"<p>Ova plo\u010dica je debela 12 mm i zato je izuzetno izdr\u017eljiva. Zbog ni\u017eih tro\u0161kova, online prodaje, Vi \u0107e te na na\u0161oj strani ove plo\u010de platiti samo 8305,3 RSD. Ceramica Zirconio Delhi Nature dolazi iz \u0160panije, koja je poznata po vrlo visokoj kvaliteta keramike u svetu. Ta kolekcija, model plo\u010dice, se prodaje najvi\u0161e be\u017e boje. Veli\u010dina [&hellip;]<\/p>\n","protected":false},"featured_media":88409,"template":"","meta":[],"product_cat":[200,240,999,270,250,999137],"product_tag":[],"_links":{"self":[{"href":"https:\/\/www.keramika.com\/srbija\/wp-json\/wp\/v2\/product\/88408"}],"collection":[{"href":"https:\/\/www.keramika.com\/srbija\/wp-json\/wp\/v2\/product"}],"about":[{"href":"https:\/\/www.keramika.com\/srbija\/wp-json\/wp\/v2\/types\/product"}],"wp:featuredmedia":[{"embeddable":true,"href":"https:\/\/www.keramika.com\/srbija\/wp-json\/wp\/v2\/media\/88409"}],"wp:attachment":[{"href":"https:\/\/www.keramika.com\/srbija\/wp-json\/wp\/v2\/media?parent=88408"}],"wp:term":[{"taxonomy":"product_cat","embeddable":true,"href":"https:\/\/www.keramika.com\/srbija\/wp-json\/wp\/v2\/product_cat?post=88408"},{"taxonomy":"product_tag","embeddable":true,"href":"https:\/\/www.keramika.com\/srbija\/wp-json\/wp\/v2\/product_tag?post=88408"}],"curies":[{"name":"wp","href":"https:\/\/api.w.org\/{rel}","templated":true}]}}