{"id":88406,"date":"2017-07-01T15:51:07","date_gmt":"2017-07-01T15:51:07","guid":{"rendered":"http:\/\/www.ceramictiles.com\/srbija\/product\/plocice-zirconio-brezo-gris\/"},"modified":"2025-12-31T00:01:46","modified_gmt":"2025-12-31T00:01:46","slug":"plocice-zirconio-brezo-gris","status":"publish","type":"product","link":"https:\/\/www.keramika.com\/srbija\/plocice-zirconio-brezo-gris\/","title":{"rendered":"Plo\u010dice Zirconio Brezo Gris"},"content":{"rendered":"<p>Dimenzije ovih plo\u010dica su 45&#215;67,5 cm. Proizvodnja \u0160panije ,koja je poznata u svetu, kao jedana od najboljih proizvo\u0111a\u010da kerami\u010dkih plo\u010dica. Debljina 10 mm \u010dini plo\u010dicu vrlo izdr\u017eljivom i prijatnom na dodir. Izuzetno moderne plo\u010dice sive boje, osve\u017eit \u0107e svaki prostor. Redovna cena, ovih plo\u010dica u maloprodaji je 4260,75 RSD. U na\u0161oj online trgovini, je mo\u017eete kupiti za 3408,6 RSD.<\/p>\n<p>Kliknite na ime serije za sve plo\u010dice u toj seriji: <a class=\"pdfcatal\" href=\"\/\/www.ceramictiles.com\/pdf\/zirconio\/catalogue_zirconio_brezo.pdf\">Zirconio Brezo<\/a><\/p>\n<p>Da bi naru\u010dili model iz PDF kataloga ove serije, molimo vas, da nas kontaktirate na: <a href=\"mailto:zo_mi@ceramictiles.com\">zo_mi@ceramictiles.com<\/a> ili nas pozovite na: For exact offer, PLS send us quantity and product you need with delivery address..<\/p>\n<p>Technical description:<br \/>\nF 45&#215;67,5 ; 45&#215;45 ; 33,3&#215;33,3<br \/>\nBrezo Ocre ; Brezo Grip Ocre ; Brezo Beige ; Brezo Grip Beige ; Brezo Gris ; Brezo Grip Gris ;<\/p>\n","protected":false},"excerpt":{"rendered":"<p>Dimenzije ovih plo\u010dica su 45&#215;67,5 cm. Proizvodnja \u0160panije ,koja je poznata u svetu, kao jedana od najboljih proizvo\u0111a\u010da kerami\u010dkih plo\u010dica. Debljina 10 mm \u010dini plo\u010dicu vrlo izdr\u017eljivom i prijatnom na dodir. Izuzetno moderne plo\u010dice sive boje, osve\u017eit \u0107e svaki prostor. Redovna cena, ovih plo\u010dica u maloprodaji je 4260,75 RSD. U na\u0161oj online trgovini, je mo\u017eete [&hellip;]<\/p>\n","protected":false},"featured_media":88407,"template":"","meta":[],"product_cat":[200,240,999,270,250,999137],"product_tag":[],"_links":{"self":[{"href":"https:\/\/www.keramika.com\/srbija\/wp-json\/wp\/v2\/product\/88406"}],"collection":[{"href":"https:\/\/www.keramika.com\/srbija\/wp-json\/wp\/v2\/product"}],"about":[{"href":"https:\/\/www.keramika.com\/srbija\/wp-json\/wp\/v2\/types\/product"}],"wp:featuredmedia":[{"embeddable":true,"href":"https:\/\/www.keramika.com\/srbija\/wp-json\/wp\/v2\/media\/88407"}],"wp:attachment":[{"href":"https:\/\/www.keramika.com\/srbija\/wp-json\/wp\/v2\/media?parent=88406"}],"wp:term":[{"taxonomy":"product_cat","embeddable":true,"href":"https:\/\/www.keramika.com\/srbija\/wp-json\/wp\/v2\/product_cat?post=88406"},{"taxonomy":"product_tag","embeddable":true,"href":"https:\/\/www.keramika.com\/srbija\/wp-json\/wp\/v2\/product_tag?post=88406"}],"curies":[{"name":"wp","href":"https:\/\/api.w.org\/{rel}","templated":true}]}}