{"id":88350,"date":"2017-07-01T15:43:01","date_gmt":"2017-07-01T15:43:01","guid":{"rendered":"http:\/\/www.ceramictiles.com\/srbija\/product\/keramika-aparici-tirreno-crema\/"},"modified":"2017-07-01T15:43:01","modified_gmt":"2017-07-01T15:43:01","slug":"keramika-aparici-tirreno-crema","status":"publish","type":"product","link":"https:\/\/www.keramika.com\/srbija\/keramika-aparici-tirreno-crema\/","title":{"rendered":"Keramika Aparici Tirreno Crema"},"content":{"rendered":"<p>Plo\u010dica je debela 9 mm, \u0161to je ubraja u tvrde plo\u010dice. Plo\u010dice dolaze iz \u0160panije, koja je poznata po kvalitetnoj keramiki. Plo\u010dica na sliki je 20&#215;20 cm. Ta kolekcija, model plo\u010dice, se prodaje najvi\u0161e bele boje.<\/p>\n<p>Technical description: <br \/> W 20&#215;20 <br \/>Tirreno Crema ; Tirreno Crema Cuadro 1 ; Tirreno Crema Capitel ; Tirreno Crema Capitel Inglete ; Tirreno Crema Columna Inglete ; Tirreno Crema Columna ;<\/p>\n","protected":false},"excerpt":{"rendered":"<p>Plo\u010dica je debela 9 mm, \u0161to je ubraja u tvrde plo\u010dice. Plo\u010dice dolaze iz \u0160panije, koja je poznata po kvalitetnoj keramiki. Plo\u010dica na sliki je 20&#215;20 cm. Ta kolekcija, model plo\u010dice, se prodaje najvi\u0161e bele boje. Technical description: W 20&#215;20 Tirreno Crema ; Tirreno Crema Cuadro 1 ; Tirreno Crema Capitel ; Tirreno Crema Capitel [&hellip;]<\/p>\n","protected":false},"featured_media":88351,"template":"","meta":[],"product_cat":[999773,200,220,230,240,999,250],"product_tag":[],"_links":{"self":[{"href":"https:\/\/www.keramika.com\/srbija\/wp-json\/wp\/v2\/product\/88350"}],"collection":[{"href":"https:\/\/www.keramika.com\/srbija\/wp-json\/wp\/v2\/product"}],"about":[{"href":"https:\/\/www.keramika.com\/srbija\/wp-json\/wp\/v2\/types\/product"}],"wp:featuredmedia":[{"embeddable":true,"href":"https:\/\/www.keramika.com\/srbija\/wp-json\/wp\/v2\/media\/88351"}],"wp:attachment":[{"href":"https:\/\/www.keramika.com\/srbija\/wp-json\/wp\/v2\/media?parent=88350"}],"wp:term":[{"taxonomy":"product_cat","embeddable":true,"href":"https:\/\/www.keramika.com\/srbija\/wp-json\/wp\/v2\/product_cat?post=88350"},{"taxonomy":"product_tag","embeddable":true,"href":"https:\/\/www.keramika.com\/srbija\/wp-json\/wp\/v2\/product_tag?post=88350"}],"curies":[{"name":"wp","href":"https:\/\/api.w.org\/{rel}","templated":true}]}}